{"id":324,"date":"2018-12-06T18:03:22","date_gmt":"2018-12-06T17:03:22","guid":{"rendered":"https:\/\/site.uit.no\/academiaborealis\/?page_id=324"},"modified":"2018-12-06T18:03:22","modified_gmt":"2018-12-06T17:03:22","slug":"arrangementer-2018","status":"publish","type":"page","link":"https:\/\/site.uit.no\/academiaborealis\/arrangementer\/arrangementer-2018\/","title":{"rendered":"Arrangementer 2018"},"content":{"rendered":"<div>\n<div>\n<h2 style=\"text-align: left\"><strong style=\"font-size: 16px\">Onsdag 12. desember 2018, kl. 1900<\/strong><\/h2>\n<\/div>\n<\/div>\n<div>\n<p><em>Troms\u00f8 Museum Universitetsmuseum, Rotunden. <\/em>Lars Th\u00f8ringsvei 10<\/p>\n<h4><strong><span style=\"color: #0000ff\">Prof. Bernt Hagtvet<\/span><br \/>\n<\/strong><em>Tidligere: Institutt for statsvitenskap,\u00a0 Universitetet i Oslo<\/em><\/h4>\n<h3 style=\"text-align: left\"><span style=\"color: #0000ff\"><strong>\u2018Intellektuell og moralsk dannelse &#8211; den\u00a0fors\u00f8mte arven ved norske universiteter.\u00a0<\/strong><strong>Hvordan m\u00f8te en verden hvor religion og politikk fanatiseres og hvor vi oversv\u00f8mmes av fake news?\u2019<\/strong><\/span><\/h3>\n<p>Internasjonaliseringen av universitetene reiser en rekke sp\u00f8rsm\u00e5l av vidtrekkende betydning: Hva er forholdet mellom nasjonal arv og internasjonal kunnskapss\u00f8ken?\u00a0Hva er forholdet\u00a0intellektuell dannelse\/yrkesforberedelse? Hva er forholdet mellom universitetenes autonomi og press fra politikk og n\u00e6ringsliv om &laquo;nytte&raquo; og &laquo;impact&raquo;?<\/p>\n<p>Hva menes med disse vimplene? Hvorfor skal flest\u00a0mulig g\u00e5 p\u00e5 universitetene? Hva skal til for \u00e5 hjelpe de som kommer til kort?\u00a0 Hvorfor st\u00e5r det s\u00e5 d\u00e5rlig til med gjennomstr\u00f8mmingen etter 15 \u00e5r med &laquo;kvalitetsreform&raquo;? Hva kan universitetene gj\u00f8re i en tidsalder preget av fundamentalisering\u00a0av politikk og\u00a0religion? Hvorfor beh\u00f8ver universitetene byr\u00e5kratiseres\u00a0s\u00e5 voldsomt?<\/p>\n<p>Dette er en del av de sp\u00f8rsm\u00e5l Bernt Hagtvet vil ber\u00f8re i sitt foredrag den 12. desember. Hagtvet var professor i\u00a0statsvitenskap ved UiO inntil han ble fratatt stillingen fordi han fylte 70 \u00e5r. Etter det har han v\u00e6rt gjesteprofessor ved Yale, mottatt Eilert Sundts forskningspris og er n\u00e5 tilknyttet som professor II ved\u00a0Bj\u00f8rknes H\u00f8yskole i Oslo. Til\u00a0v\u00e5ren kommer en bok om den spanske borgerkrigen. Han er fast skribent i Dag og Tid og spaltist\u00a0i Aftenposten.<\/p>\n<p>I 2011 var han medredakt\u00f8r for\u00a0samleverket <em>Dannelse: Tenkning, modning, refleksjon<\/em> p\u00e5 Dreyers forlag i Oslo, en antologi p\u00e5 800 sider som ved hjelp\u00a0av bidrag fra mange fag fors\u00f8kte \u00e5 reise en del grunnleggende sp\u00f8rsm\u00e5l om universitetenes framtid. Han var ogs\u00e5 med i Dannelsesutvalget som avga sin innstilling i 2012.<\/p>\n<\/div>\n<hr \/>\n<div>\n<h3><strong>Onsdag 7. november 2018, kl. 1900<br \/>\n<\/strong><strong>Harangforedrag<\/strong>:<\/h3>\n<\/div>\n<p><em>Troms\u00f8 Museum Universitetsmuseum, Rotunden.\u00a0<\/em>Lars Th\u00f8ringsvei 10<\/p>\n<h4><span style=\"color: #0000ff\"><strong>Prof. Marit Reigstad og\u00a0<\/strong><strong>Prof. J\u00f8rgen Berge<br \/>\n<\/strong><\/span><strong><em>Arktisk og marin biologi,\u00a0\u00a0<\/em><\/strong><em><strong>Norges Fiskerih\u00f8gskole<br \/>\n<\/strong><\/em><strong><em>Universitetet i Troms\u00f8, Norges arktiske universit<\/em>et<\/strong><\/h4>\n<h3><span style=\"color: #0000ff\">\u2018<strong>Hav i nord og m\u00f8rke\u2019<\/strong><\/span><\/h3>\n<p>Havet i nord er i endring. Vi ser p\u00e5 mange m\u00e5ter konturene av et nytt Arktis, og behovet for kunnskap om dette nye Arktis i rask endring er \u00f8kende. Forskningsprosjektene\u00a0<strong><em>Arven etter Nansen<\/em><\/strong>\u00a0og\u00a0<strong><em>Polarnatt-<\/em><\/strong>prosjektet viser p\u00e5 hver sin m\u00e5te hvordan vi gjennom nytenkning og ny teknologi kan snu opp ned p\u00e5 etablerte forestillinger og angripe komplekse forskningsutfordringer i nord.<\/p>\n<hr \/>\n<div>\n<h3><strong>Torsdag 3. mai 2018, kl. 1900<\/strong><\/h3>\n<h4 style=\"text-align: left\"><span style=\"color: #0000ff\"><strong>Prof. emerita Gerd Bj\u00f8rhovde<br \/>\n<\/strong><\/span><em>Institutt for spr\u00e5k og kultur, UiT Norges arktiske universitet<\/em><\/h4>\n<h4 style=\"text-align: left\">og\u00a0 <span style=\"color: #0000ff\"><strong>prof. Terje Traavik<br \/>\n<\/strong><\/span><em>fhv. prof. ved UiT Norges arktiske universitet <\/em><br \/>\n<em>og forskningssjef ved Gen\u00d8k, Senter for biosikkerhet<\/em><\/h4>\n<p style=\"text-align: left\">samtaler om:<\/p>\n<h3 style=\"text-align: left\"><span style=\"color: #0000ff\">\u201cTilh\u00f8righet, uavhengighet, visjoner:<\/span><br \/>\n<span style=\"color: #0000ff\">Er 2018-versjonen det universitetet i nord\u00a0vi dr\u00f8mte om og strebet mot?\u201d<\/span><\/h3>\n<hr \/>\n<\/div>\n<div style=\"text-align: center\">\n<h3 style=\"text-align: left\"><span style=\"color: #003300\"><strong>Mandag 12.mars 2018,\u00a0<\/strong><\/span><\/h3>\n<h2 style=\"text-align: left\"><span style=\"color: #0000ff\"><strong>\u00c5rsm\u00f8teforedrag <span style=\"color: #0000ff\">2018<\/span><\/strong><\/span><\/h2>\n<h4 style=\"text-align: left\"><strong><span style=\"color: #0000ff\">Prof. Dr.polit. Jon-H\u00e5kon Schultz<\/span><br \/>\n<\/strong><em><strong>Ved Institutt for l\u00e6rerutdanning og pedagogikk<br \/>\n<\/strong><\/em><em><strong>UiT, Norges arktiske universitet<\/strong><\/em><\/h4>\n<h3 style=\"text-align: left\"><span style=\"color: #0000ff\">\u2018<strong>Kriser og traumer <\/strong><strong>\u2013 skoleelevers opplevelser av traumatisk stress etter 22. juli og fra tre kriger i Gaza.<\/strong>\u2019<\/span><\/h3>\n<p style=\"text-align: left\"><strong>Sammenfatning<\/strong>.<br \/>\n<em>Forskning fra de siste 30 \u00e5r har gitt oss god forst\u00e5else av traumer og traumereaksjoner. Det vi har mindre kunnskap om er hvordan traumereaksjoner oppleves for ulike aldersgrupper p\u00e5 ulike sosiale arenaer. Professor Schultz gir oss innblikk fra to forskningsprosjekter om traumeeksponerte elever i Norge og i Gaza.<\/em><\/p>\n<p style=\"text-align: left\">Diskusjonen ble ledet av Prof. Dr. polit. Astrid Strandbu, Institutt for l\u00e6rerutdanning og pedagogikk<\/p>\n<\/div>\n<iframe src=\"http:\/\/www.facebook.com\/plugins\/like.php?href=https%3A%2F%2Fsite.uit.no%2Facademiaborealis%2Farrangementer%2Farrangementer-2018%2F&amp;layout=standard&amp;show_faces=true&amp;width=450&amp;action=like&amp;colorscheme=light&amp;height=80\" scrolling=\"no\" frameborder=\"0\" style=\"border:none; overflow:hidden; width:450px; height:80px;\" allowTransparency=\"true\"><\/iframe>","protected":false},"excerpt":{"rendered":"<p>Onsdag 12. desember 2018, kl. 1900 Troms\u00f8 Museum Universitetsmuseum, Rotunden. Lars Th\u00f8ringsvei 10 Prof. Bernt Hagtvet Tidligere: Institutt for statsvitenskap,\u00a0 Universitetet i Oslo \u2018Intellektuell og moralsk dannelse &#8211; den\u00a0fors\u00f8mte arven ved norske universiteter.\u00a0Hvordan m\u00f8te en verden hvor religion og politikk fanatiseres og hvor vi oversv\u00f8mmes av fake news?\u2019 Internasjonaliseringen av universitetene reiser en rekke sp\u00f8rsm\u00e5l [&hellip;]<\/p>\n","protected":false},"author":602,"featured_media":0,"parent":56,"menu_order":0,"comment_status":"closed","ping_status":"closed","template":"","meta":{"footnotes":""},"class_list":["post-324","page","type-page","status-publish","hentry"],"_links":{"self":[{"href":"https:\/\/site.uit.no\/academiaborealis\/wp-json\/wp\/v2\/pages\/324","targetHints":{"allow":["GET"]}}],"collection":[{"href":"https:\/\/site.uit.no\/academiaborealis\/wp-json\/wp\/v2\/pages"}],"about":[{"href":"https:\/\/site.uit.no\/academiaborealis\/wp-json\/wp\/v2\/types\/page"}],"author":[{"embeddable":true,"href":"https:\/\/site.uit.no\/academiaborealis\/wp-json\/wp\/v2\/users\/602"}],"replies":[{"embeddable":true,"href":"https:\/\/site.uit.no\/academiaborealis\/wp-json\/wp\/v2\/comments?post=324"}],"version-history":[{"count":6,"href":"https:\/\/site.uit.no\/academiaborealis\/wp-json\/wp\/v2\/pages\/324\/revisions"}],"predecessor-version":[{"id":330,"href":"https:\/\/site.uit.no\/academiaborealis\/wp-json\/wp\/v2\/pages\/324\/revisions\/330"}],"up":[{"embeddable":true,"href":"https:\/\/site.uit.no\/academiaborealis\/wp-json\/wp\/v2\/pages\/56"}],"wp:attachment":[{"href":"https:\/\/site.uit.no\/academiaborealis\/wp-json\/wp\/v2\/media?parent=324"}],"curies":[{"name":"wp","href":"https:\/\/api.w.org\/{rel}","templated":true}]}}

<div>
<div>
<h2 style="text-align: left"><strong style="font-size: 16px">Onsdag 12. desember 2018, kl. 1900</strong></h2>
</div>
</div>
<div>
<p><em>Tromsø Museum Universitetsmuseum, Rotunden. </em>Lars Thøringsvei 10</p>
<h4><strong><span style="color: #0000ff">Prof. Bernt Hagtvet</span><br />
</strong><em>Tidligere: Institutt for statsvitenskap,  Universitetet i Oslo</em></h4>
<h3 style="text-align: left"><span style="color: #0000ff"><strong>‘Intellektuell og moralsk dannelse &#8211; den forsømte arven ved norske universiteter. </strong><strong>Hvordan møte en verden hvor religion og politikk fanatiseres og hvor vi oversvømmes av fake news?’</strong></span></h3>
<p>Internasjonaliseringen av universitetene reiser en rekke spørsmål av vidtrekkende betydning: Hva er forholdet mellom nasjonal arv og internasjonal kunnskapssøken? Hva er forholdet intellektuell dannelse/yrkesforberedelse? Hva er forholdet mellom universitetenes autonomi og press fra politikk og næringsliv om &laquo;nytte&raquo; og &laquo;impact&raquo;?</p>
<p>Hva menes med disse vimplene? Hvorfor skal flest mulig gå på universitetene? Hva skal til for å hjelpe de som kommer til kort?  Hvorfor står det så dårlig til med gjennomstrømmingen etter 15 år med &laquo;kvalitetsreform&raquo;? Hva kan universitetene gjøre i en tidsalder preget av fundamentalisering av politikk og religion? Hvorfor behøver universitetene byråkratiseres så voldsomt?</p>
<p>Dette er en del av de spørsmål Bernt Hagtvet vil berøre i sitt foredrag den 12. desember. Hagtvet var professor i statsvitenskap ved UiO inntil han ble fratatt stillingen fordi han fylte 70 år. Etter det har han vært gjesteprofessor ved Yale, mottatt Eilert Sundts forskningspris og er nå tilknyttet som professor II ved Bjørknes Høyskole i Oslo. Til våren kommer en bok om den spanske borgerkrigen. Han er fast skribent i Dag og Tid og spaltist i Aftenposten.</p>
<p>I 2011 var han medredaktør for samleverket <em>Dannelse: Tenkning, modning, refleksjon</em> på Dreyers forlag i Oslo, en antologi på 800 sider som ved hjelp av bidrag fra mange fag forsøkte å reise en del grunnleggende spørsmål om universitetenes framtid. Han var også med i Dannelsesutvalget som avga sin innstilling i 2012.</p>
</div>
<hr />
<div>
<h3><strong>Onsdag 7. november 2018, kl. 1900<br />
</strong><strong>Harangforedrag</strong>:</h3>
</div>
<p><em>Tromsø Museum Universitetsmuseum, Rotunden. </em>Lars Thøringsvei 10</p>
<h4><span style="color: #0000ff"><strong>Prof. Marit Reigstad og </strong><strong>Prof. Jørgen Berge<br />
</strong></span><strong><em>Arktisk og marin biologi,  </em></strong><em><strong>Norges Fiskerihøgskole<br />
</strong></em><strong><em>Universitetet i Tromsø, Norges arktiske universit</em>et</strong></h4>
<h3><span style="color: #0000ff">‘<strong>Hav i nord og mørke’</strong></span></h3>
<p>Havet i nord er i endring. Vi ser på mange måter konturene av et nytt Arktis, og behovet for kunnskap om dette nye Arktis i rask endring er økende. Forskningsprosjektene <strong><em>Arven etter Nansen</em></strong> og <strong><em>Polarnatt-</em></strong>prosjektet viser på hver sin måte hvordan vi gjennom nytenkning og ny teknologi kan snu opp ned på etablerte forestillinger og angripe komplekse forskningsutfordringer i nord.</p>
<hr />
<div>
<h3><strong>Torsdag 3. mai 2018, kl. 1900</strong></h3>
<h4 style="text-align: left"><span style="color: #0000ff"><strong>Prof. emerita Gerd Bjørhovde<br />
</strong></span><em>Institutt for språk og kultur, UiT Norges arktiske universitet</em></h4>
<h4 style="text-align: left">og  <span style="color: #0000ff"><strong>prof. Terje Traavik<br />
</strong></span><em>fhv. prof. ved UiT Norges arktiske universitet </em><br />
<em>og forskningssjef ved GenØk, Senter for biosikkerhet</em></h4>
<p style="text-align: left">samtaler om:</p>
<h3 style="text-align: left"><span style="color: #0000ff">“Tilhørighet, uavhengighet, visjoner:</span><br />
<span style="color: #0000ff">Er 2018-versjonen det universitetet i nord vi drømte om og strebet mot?”</span></h3>
<hr />
</div>
<div style="text-align: center">
<h3 style="text-align: left"><span style="color: #003300"><strong>Mandag 12.mars 2018, </strong></span></h3>
<h2 style="text-align: left"><span style="color: #0000ff"><strong>Årsmøteforedrag <span style="color: #0000ff">2018</span></strong></span></h2>
<h4 style="text-align: left"><strong><span style="color: #0000ff">Prof. Dr.polit. Jon-Håkon Schultz</span><br />
</strong><em><strong>Ved Institutt for lærerutdanning og pedagogikk<br />
</strong></em><em><strong>UiT, Norges arktiske universitet</strong></em></h4>
<h3 style="text-align: left"><span style="color: #0000ff">‘<strong>Kriser og traumer </strong><strong>– skoleelevers opplevelser av traumatisk stress etter 22. juli og fra tre kriger i Gaza.</strong>’</span></h3>
<p style="text-align: left"><strong>Sammenfatning</strong>.<br />
<em>Forskning fra de siste 30 år har gitt oss god forståelse av traumer og traumereaksjoner. Det vi har mindre kunnskap om er hvordan traumereaksjoner oppleves for ulike aldersgrupper på ulike sosiale arenaer. Professor Schultz gir oss innblikk fra to forskningsprosjekter om traumeeksponerte elever i Norge og i Gaza.</em></p>
<p style="text-align: left">Diskusjonen ble ledet av Prof. Dr. polit. Astrid Strandbu, Institutt for lærerutdanning og pedagogikk</p>
</div>
<iframe src="http://www.facebook.com/plugins/like.php?href=https%3A%2F%2Fsite.uit.no%2Facademiaborealis%2Farrangementer%2Farrangementer-2018%2F&amp;layout=standard&amp;show_faces=true&amp;width=450&amp;action=like&amp;colorscheme=light&amp;height=80" scrolling="no" frameborder="0" style="border:none; overflow:hidden; width:450px; height:80px;" allowTransparency="true"></iframe>

<p>Onsdag 12. desember 2018, kl. 1900 Tromsø Museum Universitetsmuseum, Rotunden. Lars Thøringsvei 10 Prof. Bernt Hagtvet Tidligere: Institutt for statsvitenskap,  Universitetet i Oslo ‘Intellektuell og moralsk dannelse &#8211; den forsømte arven ved norske universiteter. Hvordan møte en verden hvor religion og politikk fanatiseres og hvor vi oversvømmes av fake news?’ Internasjonaliseringen av universitetene reiser en rekke spørsmål [&hellip;]</p>
