{"id":332,"date":"2019-02-10T17:28:25","date_gmt":"2019-02-10T16:28:25","guid":{"rendered":"https:\/\/site.uit.no\/academiaborealis\/?page_id=332"},"modified":"2019-11-13T17:01:45","modified_gmt":"2019-11-13T16:01:45","slug":"arrangementer-2019","status":"publish","type":"page","link":"https:\/\/site.uit.no\/academiaborealis\/arrangementer\/arrangementer-2019\/","title":{"rendered":"Arrangementer 2019"},"content":{"rendered":"<p><img decoding=\"async\" class=\"wp-image-126 alignright\" src=\"https:\/\/site.uit.no\/academiaborealis\/wp-content\/uploads\/sites\/257\/2016\/11\/logo20academia20borealis-1-e1518994366646-235x300.png\" alt=\"\" width=\"100\" height=\"128\" srcset=\"https:\/\/site.uit.no\/academiaborealis\/wp-content\/uploads\/sites\/257\/2016\/11\/logo20academia20borealis-1-e1518994366646-235x300.png 235w, https:\/\/site.uit.no\/academiaborealis\/wp-content\/uploads\/sites\/257\/2016\/11\/logo20academia20borealis-1-e1518994366646.png 495w\" sizes=\"(max-width: 100px) 100vw, 100px\" \/><\/p>\n<h3>ACADEMIA BOREALIS,<br \/>\nNord-Norges Vitenskapsakademi<\/h3>\n<p>&nbsp;<\/p>\n<p style=\"text-align: left\"><strong>Harang-forelesning tirsdag 26.november 2019, kl. 1900<br \/>\n<\/strong><em>Norges arktiske universitetsmuseum<\/em><em>, Rotunden. <\/em>Lars Th\u00f8ringsvei 10<\/p>\n<h3><span style=\"color: #0000ff\"><strong>Prof. Rolf A. Ims<\/strong><\/span><\/h3>\n<h3 style=\"text-align: left\"><em>Ved Institutt for arktisk og marin biologi<\/em><br \/>\n<em><strong>Universitetet i Troms\u00f8, Norges arktiske universitet<\/strong><\/em><\/h3>\n<h3 style=\"text-align: left\"><span style=\"color: #0000ff\">\u2018Klimaoppvarmingen av nordomr\u00e5dene: <\/span><br \/>\n<span style=\"color: #0000ff\">Hva skjer med naturen?\u2019<\/span><\/h3>\n<p>Naturen i nordomr\u00e5dene p\u00e5virkes av klimaoppvarmingen. Eksempler p\u00e5 hva som allerede har skjedd, og hva dette betyr for artene og \u00f8kosystemene i skog, p\u00e5 fjell og arktisk tundra vil bli demonstrert. P\u00e5virkningene p\u00e5 naturen s\u00e5 langt er imidlertid sm\u00e5 i forhold til de som kan forventes i l\u00f8pet av dette \u00e5rhundre. Dette fremtidsperspektivet reiser viktige, men vanskelig sp\u00f8rsm\u00e5l, b\u00e5de til forskning og \u00f8kosystemforvaltning.\u00a0 Kan de fremtidige naturendringer forutsies? Hvordan kan de best takles?<\/p>\n<p>Rolf A. Ims mottok i 2016 Forskningsr\u00e5dets pris for fremragende forskning, sammen med sin kollega Nigel Yoccoz.<\/p>\n<hr \/>\n<p><strong>Foredrag onsdag 25. september 2019, kl. 1900<br \/>\n<\/strong><em>Norges arktiske universitetsmuseum<\/em><em>, Rotunden. <\/em>Lars Th\u00f8ringsvei 10<\/p>\n<h3><span style=\"color: #0000ff\"><strong>Prof.em. Jens Petter Nielsen<\/strong><\/span><\/h3>\n<h4><strong><em>Institutt for arkeologi, historie, religionsvitenskap og teologi,\u00a0<\/em><\/strong><em><strong>UiT Norges arktiske universitet<\/strong><\/em><\/h4>\n<h3><span style=\"color: #0000ff\">&#8216;Nord\u00f8stpassasjens \/ Den nordlige sj\u00f8rutes historie: Rapport fra et internasjonalt prosjek<\/span>t&#8217;<\/h3>\n<p>Foredraget vil legge s\u00e6rlig vekt p\u00e5 norsk og svensk deltakelse i utforskningen og tidlig bruk av Den nordlige sj\u00f8rute<\/p>\n<p><strong>\u00a0<\/strong><strong>og<\/strong><\/p>\n<h3><span style=\"color: #0000ff\"><strong>\u00a0<\/strong><strong>postdr. Jan Jakub Solski<\/strong><\/span><\/h3>\n<h4><em><strong>Norsk Senter for havrett, Juridisk fakulte<\/strong>t,\u00a0UiT Norges arktiske universitet<\/em><\/h4>\n<h3><span style=\"color: #0000ff\">&#8216;The regulation of the Northern Sea Route, status, trends and international law&#8217;<\/span><\/h3>\n<p>The presentation will discuss Russian historical and current practice in the regulation of navigation in Northern Sea Route in light of the relevant international law.<\/p>\n<hr \/>\n<p style=\"text-align: left\"><strong>Medlemsm\u00f8te torsdag 23. mai 2019, kl. 1400-1530<br \/>\n<\/strong><em>UiT Norges arktiske universitet, Breivika SVHUM auditorium E-0101<\/em><\/p>\n<h3 style=\"text-align: left\"><span style=\"color: #0000ff\"><strong>prof. Turid Molden\u00e6s\u00a0 og\u00a0<\/strong><strong>f\u00f8rsteaman. Hilde Marie Pettersen<\/strong><\/span><\/h3>\n<h4 style=\"text-align: left\"><em><strong>Institutt for samfunnsvitenskap,\u00a0\u00a0<\/strong><strong>UiT Norges arktiske universitet<\/strong><\/em><\/h4>\n<h3><span style=\"color: #0000ff\">&#8216;Universitetene \u2013 fra kulturinstitusjoner til (formelle) organisasjoner&#8217;<\/span><\/h3>\n<p>V\u00e5rt utgangspunkt er organisasjonsfaget og forskningen p\u00e5 de endringene som har skjedd med universitetene siden midten av 1980-tallet. Disse endringene har f\u00f8rt til at universitetene er blitt mer og mer lik en hvilken som helst annen organisasjon (og den generiske kategorien formell organisasjon). De er g\u00e5tt fra \u00e5 v\u00e6re kulturinstitusjoner som bygger p\u00e5 bestemte verdier, til \u00e5 bli organisasjoner. P\u00e5 den m\u00e5ten kan man si at man har \u2018tuklet\u2019 med universitetenes DNA eller arvestoff. I dette foredraget \u00f8nsker vi \u00e5 illustrere noen av de paradoksale konsekvensene en slik \u2018tukling\u2019 har hatt, men ogs\u00e5 de muligheter vi ser for \u00e5 gjenopprette noe av universitetenes DNA.<\/p>\n<hr \/>\n<h4>Medlemsm\u00f8te onsdag 24. april 2019, kl. 1900<\/h4>\n<p><em>Troms\u00f8 Museum Universitetsmuseum, Rotunden. <\/em>Lars Th\u00f8ringsvei 10<\/p>\n<h3><span style=\"color: #0000ff\"><strong>Prof. dr. juris Jens Edvin A. Skogh\u00f8y<\/strong><\/span><\/h3>\n<p><em><strong>Det juridiske fakultet<br \/>\n<\/strong><\/em><em><strong>UiT Norges arktiske universitet<\/strong><\/em><\/p>\n<h3><span style=\"color: #0000ff\">\u2018Avgj\u00f8relser av H\u00f8yesterett om samiske rettssp\u00f8rsm\u00e5l\u2019<\/span><\/h3>\n<p><span style=\"color: #0000ff\">De viktigste avgj\u00f8relser av H\u00f8yesterett om samiske rett<\/span>ssp\u00f8rsm\u00e5l etter tusen\u00e5rsskiftet vil bli presentert. Det blir redegjort for hvordan sakene ble avgjort, og det blir reist sp\u00f8rsm\u00e5l om det er grunnlag for kritikk.<\/p>\n<p><em>Sp\u00f8rsm\u00e5l og debatt. M\u00f8tet er \u00e5pent for alle interesserte<\/em><\/p>\n<p>V e l k o m m e n!<\/p>\n<p>Synn\u00f8ve des Bouvrie,<br \/>\nPreses<\/p>\n<p>Video av foredraget kan ses <a href=\"https:\/\/mediasite.uit.no\/Mediasite\/Play\/697b6330a57a4a38a9f9372876fcdd771d\"><strong>HER<\/strong><\/a><\/p>\n<hr \/>\n<h4 style=\"text-align: left\"><span style=\"color: #0000ff\"><strong>\u00c5rsm\u00f8teforedrag\u00a0<\/strong><\/span><em>onsdag 20. februar 2019, kl.\u00a0<\/em><em>1900<\/em><\/h4>\n<hr \/>\n<h4><span style=\"color: #0000ff\"><strong>\u00c5rsm\u00f8teforedrag<br \/>\n<\/strong><\/span><em>onsdag 20. februar 2019, kl.\u00a0<\/em><em>1900<\/em><\/h4>\n<h4><em>Sted: Den gamle observatorebygningen i Prestvannveien 36.<\/em><\/h4>\n<h3><strong><span style=\"color: #0000ff\">Prof. Rune Graversen,<\/span><br \/>\n<\/strong><em>Institutt for fysikk og teknologi<\/em><\/h3>\n<h3><span style=\"color: #0000ff\"><strong>\u00a0<\/strong><\/span><strong><span style=\"color: #0000ff\">Professor Kr<\/span><\/strong><strong><span style=\"color: #0000ff\">istoffer Rypdal<\/span><br \/>\n<\/strong><em>Institutt for matematikk og statistikk<\/em><\/h3>\n<h3><em><strong>UiT, Norges arktiske universitet<\/strong><\/em><\/h3>\n<h3><span style=\"color: #0000ff\">\u2018Er et klima i endring\u00a0<\/span><span style=\"color: #0000ff\">en utfordring vi kan h\u00e5ndtere?\u2019<\/span><\/h3>\n<p>Klimaendringene har blitt en av v\u00e5r tids st\u00f8rste globale utfordringer. Temperaturen stiger, is p\u00e5 land og hav smelter og ekstremv\u00e6r blir mer og mer vanlig. Vi vet ogs\u00e5 at med stor sannsynlighet er disse forandringene en konsekvens av menneskelig aktivitet p\u00e5 jorden. Hvordan kan vi forvente oss at klimaet endrer seg i fremtiden og hvilke muligheter har vi for \u00e5 p\u00e5virke utviklingen?<\/p>\n<p><em>Sp\u00f8rsm\u00e5l og debatt. M\u00f8tet er \u00e5pent for alle interesserte<\/em><\/p>\n<p><strong><span style=\"color: #0000ff\">Velkommen!<\/span><\/strong><\/p>\n<p>Synn\u00f8ve des Bouvrie,\u00a0 Preses<\/p>\n<h4><img fetchpriority=\"high\" decoding=\"async\" class=\"aligncenter wp-image-334 size-medium\" title=\"Det gamle Nordlysobservatoriet sett fra s\u00f8r.\" src=\"https:\/\/site.uit.no\/academiaborealis\/wp-content\/uploads\/sites\/257\/2019\/02\/GamleNobs-300x169.jpg\" alt=\"\" width=\"300\" height=\"169\" srcset=\"https:\/\/site.uit.no\/academiaborealis\/wp-content\/uploads\/sites\/257\/2019\/02\/GamleNobs-300x169.jpg 300w, https:\/\/site.uit.no\/academiaborealis\/wp-content\/uploads\/sites\/257\/2019\/02\/GamleNobs-768x432.jpg 768w, https:\/\/site.uit.no\/academiaborealis\/wp-content\/uploads\/sites\/257\/2019\/02\/GamleNobs.jpg 980w\" sizes=\"(max-width: 300px) 100vw, 300px\" \/><\/h4>\n<p>\u2018Nordlysobservatoriet av 1928\u2019: det lysegule bygget (her t.v.) vis \u00e0 vis den brune\u00a0 \u2018funksjon\u00e6rboligen\u2019 nr 36 i Prestvannvegen. Innkj\u00f8ring ved det bl\u00e5-r\u00f8de \u2018Kongsberg\u2019-skiltet.<br \/>\nParkering ved mursteinsbygget p\u00e5 enden av Prestvannvegen (det gamle Nordlysobservatoriet)<br \/>\nHuset er gjenkjennelig ved det bl\u00e5 skiltet med navnet og historien. Se etter v\u00e5rt symbol!<\/p>\n<p><a href=\"https:\/\/www.regjeringen.no\/contentassets\/134e6009f0b64f74bbe1647d4b7e005b\/99340601_uit_nordlysobservatoriet.pdf\">https:\/\/www.regjeringen.no\/contentassets\/134e6009f0b64f74bbe1647d4b7e005b\/99340601_uit_nordlysobservatoriet.pdf<\/a><\/p>\n<p>&nbsp;<\/p>\n<p>&nbsp;<\/p>\n<p>&nbsp;<\/p>\n<iframe src=\"http:\/\/www.facebook.com\/plugins\/like.php?href=https%3A%2F%2Fsite.uit.no%2Facademiaborealis%2Farrangementer%2Farrangementer-2019%2F&amp;layout=standard&amp;show_faces=true&amp;width=450&amp;action=like&amp;colorscheme=light&amp;height=80\" scrolling=\"no\" frameborder=\"0\" style=\"border:none; overflow:hidden; width:450px; height:80px;\" allowTransparency=\"true\"><\/iframe>","protected":false},"excerpt":{"rendered":"<p>ACADEMIA BOREALIS, Nord-Norges Vitenskapsakademi &nbsp; Harang-forelesning tirsdag 26.november 2019, kl. 1900 Norges arktiske universitetsmuseum, Rotunden. Lars Th\u00f8ringsvei 10 Prof. Rolf A. Ims Ved Institutt for arktisk og marin biologi Universitetet i Troms\u00f8, Norges arktiske universitet \u2018Klimaoppvarmingen av nordomr\u00e5dene: Hva skjer med naturen?\u2019 Naturen i nordomr\u00e5dene p\u00e5virkes av klimaoppvarmingen. Eksempler p\u00e5 hva som allerede har skjedd, [&hellip;]<\/p>\n","protected":false},"author":602,"featured_media":0,"parent":56,"menu_order":0,"comment_status":"closed","ping_status":"closed","template":"","meta":{"footnotes":""},"class_list":["post-332","page","type-page","status-publish","hentry"],"_links":{"self":[{"href":"https:\/\/site.uit.no\/academiaborealis\/wp-json\/wp\/v2\/pages\/332","targetHints":{"allow":["GET"]}}],"collection":[{"href":"https:\/\/site.uit.no\/academiaborealis\/wp-json\/wp\/v2\/pages"}],"about":[{"href":"https:\/\/site.uit.no\/academiaborealis\/wp-json\/wp\/v2\/types\/page"}],"author":[{"embeddable":true,"href":"https:\/\/site.uit.no\/academiaborealis\/wp-json\/wp\/v2\/users\/602"}],"replies":[{"embeddable":true,"href":"https:\/\/site.uit.no\/academiaborealis\/wp-json\/wp\/v2\/comments?post=332"}],"version-history":[{"count":16,"href":"https:\/\/site.uit.no\/academiaborealis\/wp-json\/wp\/v2\/pages\/332\/revisions"}],"predecessor-version":[{"id":411,"href":"https:\/\/site.uit.no\/academiaborealis\/wp-json\/wp\/v2\/pages\/332\/revisions\/411"}],"up":[{"embeddable":true,"href":"https:\/\/site.uit.no\/academiaborealis\/wp-json\/wp\/v2\/pages\/56"}],"wp:attachment":[{"href":"https:\/\/site.uit.no\/academiaborealis\/wp-json\/wp\/v2\/media?parent=332"}],"curies":[{"name":"wp","href":"https:\/\/api.w.org\/{rel}","templated":true}]}}

<p><img decoding="async" class="wp-image-126 alignright" src="https://site.uit.no/academiaborealis/wp-content/uploads/sites/257/2016/11/logo20academia20borealis-1-e1518994366646-235x300.png" alt="" width="100" height="128" srcset="https://site.uit.no/academiaborealis/wp-content/uploads/sites/257/2016/11/logo20academia20borealis-1-e1518994366646-235x300.png 235w, https://site.uit.no/academiaborealis/wp-content/uploads/sites/257/2016/11/logo20academia20borealis-1-e1518994366646.png 495w" sizes="(max-width: 100px) 100vw, 100px" /></p>
<h3>ACADEMIA BOREALIS,<br />
Nord-Norges Vitenskapsakademi</h3>
<p>&nbsp;</p>
<p style="text-align: left"><strong>Harang-forelesning tirsdag 26.november 2019, kl. 1900<br />
</strong><em>Norges arktiske universitetsmuseum</em><em>, Rotunden. </em>Lars Thøringsvei 10</p>
<h3><span style="color: #0000ff"><strong>Prof. Rolf A. Ims</strong></span></h3>
<h3 style="text-align: left"><em>Ved Institutt for arktisk og marin biologi</em><br />
<em><strong>Universitetet i Tromsø, Norges arktiske universitet</strong></em></h3>
<h3 style="text-align: left"><span style="color: #0000ff">‘Klimaoppvarmingen av nordområdene: </span><br />
<span style="color: #0000ff">Hva skjer med naturen?’</span></h3>
<p>Naturen i nordområdene påvirkes av klimaoppvarmingen. Eksempler på hva som allerede har skjedd, og hva dette betyr for artene og økosystemene i skog, på fjell og arktisk tundra vil bli demonstrert. Påvirkningene på naturen så langt er imidlertid små i forhold til de som kan forventes i løpet av dette århundre. Dette fremtidsperspektivet reiser viktige, men vanskelig spørsmål, både til forskning og økosystemforvaltning.  Kan de fremtidige naturendringer forutsies? Hvordan kan de best takles?</p>
<p>Rolf A. Ims mottok i 2016 Forskningsrådets pris for fremragende forskning, sammen med sin kollega Nigel Yoccoz.</p>
<hr />
<p><strong>Foredrag onsdag 25. september 2019, kl. 1900<br />
</strong><em>Norges arktiske universitetsmuseum</em><em>, Rotunden. </em>Lars Thøringsvei 10</p>
<h3><span style="color: #0000ff"><strong>Prof.em. Jens Petter Nielsen</strong></span></h3>
<h4><strong><em>Institutt for arkeologi, historie, religionsvitenskap og teologi, </em></strong><em><strong>UiT Norges arktiske universitet</strong></em></h4>
<h3><span style="color: #0000ff">&#8216;Nordøstpassasjens / Den nordlige sjørutes historie: Rapport fra et internasjonalt prosjek</span>t&#8217;</h3>
<p>Foredraget vil legge særlig vekt på norsk og svensk deltakelse i utforskningen og tidlig bruk av Den nordlige sjørute</p>
<p><strong> </strong><strong>og</strong></p>
<h3><span style="color: #0000ff"><strong> </strong><strong>postdr. Jan Jakub Solski</strong></span></h3>
<h4><em><strong>Norsk Senter for havrett, Juridisk fakulte</strong>t, UiT Norges arktiske universitet</em></h4>
<h3><span style="color: #0000ff">&#8216;The regulation of the Northern Sea Route, status, trends and international law&#8217;</span></h3>
<p>The presentation will discuss Russian historical and current practice in the regulation of navigation in Northern Sea Route in light of the relevant international law.</p>
<hr />
<p style="text-align: left"><strong>Medlemsmøte torsdag 23. mai 2019, kl. 1400-1530<br />
</strong><em>UiT Norges arktiske universitet, Breivika SVHUM auditorium E-0101</em></p>
<h3 style="text-align: left"><span style="color: #0000ff"><strong>prof. Turid Moldenæs  og </strong><strong>førsteaman. Hilde Marie Pettersen</strong></span></h3>
<h4 style="text-align: left"><em><strong>Institutt for samfunnsvitenskap,  </strong><strong>UiT Norges arktiske universitet</strong></em></h4>
<h3><span style="color: #0000ff">&#8216;Universitetene – fra kulturinstitusjoner til (formelle) organisasjoner&#8217;</span></h3>
<p>Vårt utgangspunkt er organisasjonsfaget og forskningen på de endringene som har skjedd med universitetene siden midten av 1980-tallet. Disse endringene har ført til at universitetene er blitt mer og mer lik en hvilken som helst annen organisasjon (og den generiske kategorien formell organisasjon). De er gått fra å være kulturinstitusjoner som bygger på bestemte verdier, til å bli organisasjoner. På den måten kan man si at man har ‘tuklet’ med universitetenes DNA eller arvestoff. I dette foredraget ønsker vi å illustrere noen av de paradoksale konsekvensene en slik ‘tukling’ har hatt, men også de muligheter vi ser for å gjenopprette noe av universitetenes DNA.</p>
<hr />
<h4>Medlemsmøte onsdag 24. april 2019, kl. 1900</h4>
<p><em>Tromsø Museum Universitetsmuseum, Rotunden. </em>Lars Thøringsvei 10</p>
<h3><span style="color: #0000ff"><strong>Prof. dr. juris Jens Edvin A. Skoghøy</strong></span></h3>
<p><em><strong>Det juridiske fakultet<br />
</strong></em><em><strong>UiT Norges arktiske universitet</strong></em></p>
<h3><span style="color: #0000ff">‘Avgjørelser av Høyesterett om samiske rettsspørsmål’</span></h3>
<p><span style="color: #0000ff">De viktigste avgjørelser av Høyesterett om samiske rett</span>sspørsmål etter tusenårsskiftet vil bli presentert. Det blir redegjort for hvordan sakene ble avgjort, og det blir reist spørsmål om det er grunnlag for kritikk.</p>
<p><em>Spørsmål og debatt. Møtet er åpent for alle interesserte</em></p>
<p>V e l k o m m e n!</p>
<p>Synnøve des Bouvrie,<br />
Preses</p>
<p>Video av foredraget kan ses <a href="https://mediasite.uit.no/Mediasite/Play/697b6330a57a4a38a9f9372876fcdd771d"><strong>HER</strong></a></p>
<hr />
<h4 style="text-align: left"><span style="color: #0000ff"><strong>Årsmøteforedrag </strong></span><em>onsdag 20. februar 2019, kl. </em><em>1900</em></h4>
<hr />
<h4><span style="color: #0000ff"><strong>Årsmøteforedrag<br />
</strong></span><em>onsdag 20. februar 2019, kl. </em><em>1900</em></h4>
<h4><em>Sted: Den gamle observatorebygningen i Prestvannveien 36.</em></h4>
<h3><strong><span style="color: #0000ff">Prof. Rune Graversen,</span><br />
</strong><em>Institutt for fysikk og teknologi</em></h3>
<h3><span style="color: #0000ff"><strong> </strong></span><strong><span style="color: #0000ff">Professor Kr</span></strong><strong><span style="color: #0000ff">istoffer Rypdal</span><br />
</strong><em>Institutt for matematikk og statistikk</em></h3>
<h3><em><strong>UiT, Norges arktiske universitet</strong></em></h3>
<h3><span style="color: #0000ff">‘Er et klima i endring </span><span style="color: #0000ff">en utfordring vi kan håndtere?’</span></h3>
<p>Klimaendringene har blitt en av vår tids største globale utfordringer. Temperaturen stiger, is på land og hav smelter og ekstremvær blir mer og mer vanlig. Vi vet også at med stor sannsynlighet er disse forandringene en konsekvens av menneskelig aktivitet på jorden. Hvordan kan vi forvente oss at klimaet endrer seg i fremtiden og hvilke muligheter har vi for å påvirke utviklingen?</p>
<p><em>Spørsmål og debatt. Møtet er åpent for alle interesserte</em></p>
<p><strong><span style="color: #0000ff">Velkommen!</span></strong></p>
<p>Synnøve des Bouvrie,  Preses</p>
<h4><img fetchpriority="high" decoding="async" class="aligncenter wp-image-334 size-medium" title="Det gamle Nordlysobservatoriet sett fra sør." src="https://site.uit.no/academiaborealis/wp-content/uploads/sites/257/2019/02/GamleNobs-300x169.jpg" alt="" width="300" height="169" srcset="https://site.uit.no/academiaborealis/wp-content/uploads/sites/257/2019/02/GamleNobs-300x169.jpg 300w, https://site.uit.no/academiaborealis/wp-content/uploads/sites/257/2019/02/GamleNobs-768x432.jpg 768w, https://site.uit.no/academiaborealis/wp-content/uploads/sites/257/2019/02/GamleNobs.jpg 980w" sizes="(max-width: 300px) 100vw, 300px" /></h4>
<p>‘Nordlysobservatoriet av 1928’: det lysegule bygget (her t.v.) vis à vis den brune  ‘funksjonærboligen’ nr 36 i Prestvannvegen. Innkjøring ved det blå-røde ‘Kongsberg’-skiltet.<br />
Parkering ved mursteinsbygget på enden av Prestvannvegen (det gamle Nordlysobservatoriet)<br />
Huset er gjenkjennelig ved det blå skiltet med navnet og historien. Se etter vårt symbol!</p>
<p><a href="https://www.regjeringen.no/contentassets/134e6009f0b64f74bbe1647d4b7e005b/99340601_uit_nordlysobservatoriet.pdf">https://www.regjeringen.no/contentassets/134e6009f0b64f74bbe1647d4b7e005b/99340601_uit_nordlysobservatoriet.pdf</a></p>
<p>&nbsp;</p>
<p>&nbsp;</p>
<p>&nbsp;</p>
<iframe src="http://www.facebook.com/plugins/like.php?href=https%3A%2F%2Fsite.uit.no%2Facademiaborealis%2Farrangementer%2Farrangementer-2019%2F&amp;layout=standard&amp;show_faces=true&amp;width=450&amp;action=like&amp;colorscheme=light&amp;height=80" scrolling="no" frameborder="0" style="border:none; overflow:hidden; width:450px; height:80px;" allowTransparency="true"></iframe>

<p>ACADEMIA BOREALIS, Nord-Norges Vitenskapsakademi &nbsp; Harang-forelesning tirsdag 26.november 2019, kl. 1900 Norges arktiske universitetsmuseum, Rotunden. Lars Thøringsvei 10 Prof. Rolf A. Ims Ved Institutt for arktisk og marin biologi Universitetet i Tromsø, Norges arktiske universitet ‘Klimaoppvarmingen av nordområdene: Hva skjer med naturen?’ Naturen i nordområdene påvirkes av klimaoppvarmingen. Eksempler på hva som allerede har skjedd, [&hellip;]</p>
