{"id":351,"date":"2019-03-29T16:32:30","date_gmt":"2019-03-29T15:32:30","guid":{"rendered":"https:\/\/site.uit.no\/academiaborealis\/?page_id=351"},"modified":"2019-03-29T16:32:30","modified_gmt":"2019-03-29T15:32:30","slug":"aeresmedlem-erik-haakon-egeberg","status":"publish","type":"page","link":"https:\/\/site.uit.no\/academiaborealis\/sample-page\/aeresmedlem-erik-haakon-egeberg\/","title":{"rendered":"\u00c6resmedlem Erik Haakon Egeberg"},"content":{"rendered":"<p><img fetchpriority=\"high\" decoding=\"async\" class=\"size-medium wp-image-350 aligncenter\" src=\"https:\/\/site.uit.no\/academiaborealis\/wp-content\/uploads\/sites\/257\/2019\/03\/Erik-300x199.jpg\" alt=\"\" width=\"300\" height=\"199\" srcset=\"https:\/\/site.uit.no\/academiaborealis\/wp-content\/uploads\/sites\/257\/2019\/03\/Erik-300x199.jpg 300w, https:\/\/site.uit.no\/academiaborealis\/wp-content\/uploads\/sites\/257\/2019\/03\/Erik-768x510.jpg 768w, https:\/\/site.uit.no\/academiaborealis\/wp-content\/uploads\/sites\/257\/2019\/03\/Erik.jpg 800w\" sizes=\"(max-width: 300px) 100vw, 300px\" \/><\/p>\n<p style=\"padding-left: 30px\">Prof. Emeritus Erik Haakon Egeberg ble\u00a0 p\u00e5 \u00e5rsm\u00f8tet i Academia Borealis 20. februar 2019 utnevnt til v\u00e5rt f\u00f8rste \u00e6resmedlem i Academia Borealis som en av grunnleggerne og i erkjennelse av hans mange\u00e5rige innsats i styret til Akademiets beste.<\/p>\n<p style=\"padding-left: 30px\">I den fullstendige begrunnelsen heter det:<\/p>\n<p style=\"padding-left: 30px\">Academia Borealis, Nord-Norges Vitenskaps-Akademi (NNVA) ble formelt stiftet i januar 2001. P\u00e5 det tidspunktet hadde Erik Egeberg og Jan-Erik Solheim en stund diskutert hvorvidt tradisjonen fra \u2018Komit\u00e9en for de vitenskapelige institusjoner i Troms\u00f8\u2019 burde f\u00f8res videre (kortnavn \u2018Kometen\u2019; statuttene formulert i m\u00f8tet 30.juni 1928, og godkjent av KUD 17. april 1929). Det opprinnelige \u2018Kometen\u2019 hadde ligget i dvale noen \u00e5r ettersom Universitetet i sin oppbyggingsfase krevde all tid av de vitenskapelige ansatte.<\/p>\n<p style=\"padding-left: 30px\">I \u00e5r 2000 modnet tanken om \u00e5 nystarte et nettverk av vitenskapelig ansatte og 25. januar 2001 ble Nord-Norges vitenskapsakademi formelt stiftet. Initiativtakerne var Erik Egeberg, Toril Swan, Jan Erik Solheim og Helge Salvesen. \u00c5ret etter ble navnet Academia Borealis valgt, med Nord-Norges vitenskapsakademi som undertittel.<\/p>\n<p style=\"padding-left: 30px\">P\u00e5 stiftelsesm\u00f8tet ble Erik valgt som f\u00f8rste preses. Toril Swan var den f\u00f8rste generalsekret\u00e6r. Tove Bull som den gang var rektor s\u00f8rget for at Universitetet for\u00e6rte Akademiet dets hammer, og Toril Swan og Leiv Erik Breivik dets protokoll. Asgeir Brekke holdt det f\u00f8rste foredraget.<\/p>\n<p style=\"padding-left: 30px\">Erik er alts\u00e5 en av initiativtakerne, og alts\u00e5 en av Akademiets <em>founding fathers<\/em>. Han utformet Akademiets statutter og har v\u00e5ket over dens vel og ve i alle \u00e5r. Han har v\u00e6rt en p\u00e5driver for Akademiets arbeide og etter noen avl\u00f8sninger v\u00e6rt mange\u00e5rig medlem i styret, frem til \u00e5rsm\u00f8tet 12. mars 2018.<\/p>\n<p style=\"padding-left: 30px\">Den vitenskapsakademiske virksomheten i Nord-Norge har alts\u00e5 en lang og nesten uavbrutt tradisjon. Det har v\u00e6rt mye Eriks fortjeneste at denne tradisjonen har blitt holdt i hevd og at Academia Borealis har kunnet utvikle seg til et etterhvert omfattende nettverk av renommerte forskere som forsvarer Akademiets form\u00e5l, iflg. Statuttenes \u00a7 2, \u2018\u00e5 fremme vitenskap og forst\u00e5else for vitenskapens betydning i samfunnet\u2019.<\/p>\n<p style=\"padding-left: 30px\">Styrem\u00f8tet fremmet 30. januar forslag p\u00e5 grunnlag av statuttenes \u00a7 5, og \u00c5rsm\u00f8tet fattet vedtaket i m\u00f8tet 20. februar 2019 i Troms\u00f8.<\/p>\n<iframe src=\"http:\/\/www.facebook.com\/plugins\/like.php?href=https%3A%2F%2Fsite.uit.no%2Facademiaborealis%2Fsample-page%2Faeresmedlem-erik-haakon-egeberg%2F&amp;layout=standard&amp;show_faces=true&amp;width=450&amp;action=like&amp;colorscheme=light&amp;height=80\" scrolling=\"no\" frameborder=\"0\" style=\"border:none; overflow:hidden; width:450px; height:80px;\" allowTransparency=\"true\"><\/iframe>","protected":false},"excerpt":{"rendered":"<p>Prof. Emeritus Erik Haakon Egeberg ble\u00a0 p\u00e5 \u00e5rsm\u00f8tet i Academia Borealis 20. februar 2019 utnevnt til v\u00e5rt f\u00f8rste \u00e6resmedlem i Academia Borealis som en av grunnleggerne og i erkjennelse av hans mange\u00e5rige innsats i styret til Akademiets beste. I den fullstendige begrunnelsen heter det: Academia Borealis, Nord-Norges Vitenskaps-Akademi (NNVA) ble formelt stiftet i januar 2001. [&hellip;]<\/p>\n","protected":false},"author":602,"featured_media":0,"parent":2,"menu_order":0,"comment_status":"closed","ping_status":"closed","template":"","meta":{"footnotes":""},"class_list":["post-351","page","type-page","status-publish","hentry"],"_links":{"self":[{"href":"https:\/\/site.uit.no\/academiaborealis\/wp-json\/wp\/v2\/pages\/351","targetHints":{"allow":["GET"]}}],"collection":[{"href":"https:\/\/site.uit.no\/academiaborealis\/wp-json\/wp\/v2\/pages"}],"about":[{"href":"https:\/\/site.uit.no\/academiaborealis\/wp-json\/wp\/v2\/types\/page"}],"author":[{"embeddable":true,"href":"https:\/\/site.uit.no\/academiaborealis\/wp-json\/wp\/v2\/users\/602"}],"replies":[{"embeddable":true,"href":"https:\/\/site.uit.no\/academiaborealis\/wp-json\/wp\/v2\/comments?post=351"}],"version-history":[{"count":7,"href":"https:\/\/site.uit.no\/academiaborealis\/wp-json\/wp\/v2\/pages\/351\/revisions"}],"predecessor-version":[{"id":358,"href":"https:\/\/site.uit.no\/academiaborealis\/wp-json\/wp\/v2\/pages\/351\/revisions\/358"}],"up":[{"embeddable":true,"href":"https:\/\/site.uit.no\/academiaborealis\/wp-json\/wp\/v2\/pages\/2"}],"wp:attachment":[{"href":"https:\/\/site.uit.no\/academiaborealis\/wp-json\/wp\/v2\/media?parent=351"}],"curies":[{"name":"wp","href":"https:\/\/api.w.org\/{rel}","templated":true}]}}