{"id":428,"date":"2020-01-19T18:07:10","date_gmt":"2020-01-19T17:07:10","guid":{"rendered":"https:\/\/site.uit.no\/academiaborealis\/?page_id=428"},"modified":"2020-11-27T15:06:26","modified_gmt":"2020-11-27T14:06:26","slug":"arrangementer-2020","status":"publish","type":"page","link":"https:\/\/site.uit.no\/academiaborealis\/arrangementer\/arrangementer-2020\/","title":{"rendered":"Arrangementer 2020"},"content":{"rendered":"<p style=\"text-align: left\"><em>M<strong>edlemsm\u00f8te<\/strong>:\u00a0\u00a0<\/em><strong>Onsdag, 12. februar 2020, kl. 1900<\/strong><br \/>\n<strong><em><span style=\"color: #0000ff\">Norges arktiske universitetsmuseum<\/span>, Rotunden. Lars Th\u00f8ringsvei 10<\/em><\/strong><\/p>\n<h4 style=\"text-align: left\"><span style=\"color: #0000ff\">Prof. Tore Henriksen<\/span>,<em> Norges senter for havrett, Juridisk fakultet<\/em><br \/>\n<span style=\"color: #0000ff\">Prof. Stian Bones<\/span>,<em> Institutt for arkeologi, historie, religionsvitenskap og teologi<\/em><br \/>\n<span style=\"color: #0000ff\">Prof. Andrei Rogatchevski<\/span>, <em>Institutt for spr\u00e5k og kultur<\/em><br \/>\n<em>Universitetet i Troms\u00f8, Norges arktiske universitet<br \/>\n<\/em>\u00a0<span style=\"color: #0000ff\">Dr Jacek Szymala<\/span>, <em>University of Wroclaw<\/em><\/h4>\n<h2 style=\"text-align: left\"><span style=\"color: #0000ff\">\u2018Svalbardtraktaten 100 \u00e5r\u2019<\/span><br \/>\n<span style=\"color: #0000ff\">med temaene:<\/span><br \/>\n<span style=\"color: #0000ff\">&#8216;Svalbard og havet. <\/span><br \/>\n<span style=\"color: #0000ff\">Om utfordringer knyttet til Svalbardtraktaten og havretten&#8217;<\/span><br \/>\n<span style=\"color: #0000ff\">&#8216;Ressurser, milj\u00f8 og sikkerhet. <\/span><br \/>\n<span style=\"color: #0000ff\">Internasjonal politikk og Svalbardtrakten etter 1970&#8242;<\/span><\/h2>\n<h4 style=\"text-align: left\"><em>Kort pause<\/em><\/h4>\n<h3 style=\"text-align: left\"><span style=\"color: #0000ff\"><strong><span style=\"color: #000000\">Film: <\/span>3 short documentaries from the 1930-50s about Svalbard,<br \/>\nwith an introduction by Szymala and Rogatchevski<\/strong><\/span><\/h3>\n<hr \/>\n<p><strong>\u00c5rsm\u00f8teforedrag onsdag 14. oktober 2020, kl. 1900<br \/>\n<\/strong><strong><em>Norges arktiske universitetsmuseum<\/em><\/strong><em>, Rotunden.<br \/>\n<\/em>Lars Th\u00f8ringsvei 10<\/p>\n<h4><span style=\"color: #0000ff\"><strong>Prof. dr. juris Hans Petter Graver<\/strong><\/span><\/h4>\n<p><em><strong>Institutt for privatrett, UiO<br \/>\n<\/strong><\/em><em><strong>og preses i Det Norske Videnskaps-Akademi<\/strong><\/em><\/p>\n<p><strong>og<\/strong><\/p>\n<h4><span style=\"color: #0000ff\"><strong>Prof. dr. philos. \u00d8rjan Olsvik<\/strong><\/span><\/h4>\n<p><em><strong>Institutt for medisinsk biologi, UiT<\/strong><\/em><\/p>\n<h2><span style=\"color: #0000ff\"><strong>Hvordan kontrollere en pandemi, og<\/strong><\/span><br \/>\n<span style=\"color: #0000ff\"><strong>hvilke tiltak er innenfor Smittevernloven?<\/strong><\/span><\/h2>\n<h4><span style=\"color: #0000ff\">Hvordan de f\u00f8rste 90 dagene utfordret etablerte rettsstatsprinsipper og noen refleksjoner om hvor vi st\u00e5r n\u00e5 (Graver).<\/span><\/h4>\n<h4><span style=\"color: #0000ff\">Om Covid og konspirasjonsteorier\u00a0 (Olsvik).<\/span><\/h4>\n<hr \/>\n<h4 style=\"text-align: left\"><strong>Foredrag<\/strong><\/h4>\n<h4 style=\"text-align: center\"><strong>onsdag 2. desember kl. 19.00<\/strong><\/h4>\n<h4 style=\"text-align: left\"><em>Norges arktiske universitetsmuseum,i Rotunden. Lars Th\u00f8ringsvei 10.<\/em><\/h4>\n<h4 style=\"text-align: left\">P\u00c5MELDING: <a href=\"https:\/\/uit.no\/tavla\/artikkel\/708452\/presentasjon_av_boka_tvangsevakueringa\">https:\/\/uit.no\/tavla\/artikkel\/708452\/presentasjon_av_boka_tvangsevakueringa<\/a><\/h4>\n<p style=\"text-align: left\"><em>Foredraget str\u00f8mmes p\u00e5:<\/em><\/p>\n<p><a href=\"https:\/\/mediasite.uit.no\/Mediasite\/Play\/e7bd66eb76ea4772b27edd0fa444cf661d\">https:\/\/mediasite.uit.no\/Mediasite\/Play\/e7bd66eb76ea4772b27edd0fa444cf661d<\/a><\/p>\n<h2 style=\"text-align: left\"><span style=\"color: #0000ff\">Presentasjon av boka &laquo;<em>Tvangsevakueringa&raquo;<\/em><\/span><\/h2>\n<h3 style=\"text-align: left\">av <span style=\"color: #0000ff\">prof. em\u00e9rita Ingunn Elstad<\/span><br \/>\n<em>UiT Norges arktiske universitet<\/em><\/h3>\n<p style=\"text-align: left\">Tvangsevakueringa og brenninga av Finnmark og Nord-Troms hausten 1944 var ikkje f\u00f8rst og fremst milit\u00e6r taktikk. M\u00e5let var \u00e5 fjerne dei sivile. Det er hovudtr\u00e5den i boka, som er kommen p\u00e5 Orkana Akademisk forlag. Dette er den mest fullstendige framstillinga til no av tvangsevakueringa hausten 1944, d\u00e5 Finnmark og Nord-Troms fekk ei anna historie enn resten av landet.<\/p>\n<h3 style=\"text-align: left\">Kommentar ved <span style=\"color: #0000ff\">prof. Stian Bones<\/span><br \/>\n<em>Institutt for arkeologi, historie, religionsvitenskap og teologi<\/em><br \/>\n<em>UiT Norges arktiske universitet<\/em><\/h3>\n<h4 style=\"text-align: left\"><span style=\"color: #0000ff\"><em>Sp\u00f8rsm\u00e5l og debatt. M\u00f8tet er \u00e5pent for alle interesserte<\/em><\/span><\/h4>\n<p style=\"text-align: left\"><span style=\"color: #0000ff\"><strong>V e l k o m m e n!<\/strong><\/span><\/p>\n<p style=\"text-align: left\">Synn\u00f8ve des Bouvrie,<\/p>\n<p style=\"text-align: left\">Preses<\/p>\n<iframe src=\"http:\/\/www.facebook.com\/plugins\/like.php?href=https%3A%2F%2Fsite.uit.no%2Facademiaborealis%2Farrangementer%2Farrangementer-2020%2F&amp;layout=standard&amp;show_faces=true&amp;width=450&amp;action=like&amp;colorscheme=light&amp;height=80\" scrolling=\"no\" frameborder=\"0\" style=\"border:none; overflow:hidden; width:450px; height:80px;\" allowTransparency=\"true\"><\/iframe>","protected":false},"excerpt":{"rendered":"<p>Medlemsm\u00f8te:\u00a0\u00a0Onsdag, 12. februar 2020, kl. 1900 Norges arktiske universitetsmuseum, Rotunden. Lars Th\u00f8ringsvei 10 Prof. Tore Henriksen, Norges senter for havrett, Juridisk fakultet Prof. Stian Bones, Institutt for arkeologi, historie, religionsvitenskap og teologi Prof. Andrei Rogatchevski, Institutt for spr\u00e5k og kultur Universitetet i Troms\u00f8, Norges arktiske universitet \u00a0Dr Jacek Szymala, University of Wroclaw \u2018Svalbardtraktaten 100 \u00e5r\u2019 [&hellip;]<\/p>\n","protected":false},"author":602,"featured_media":0,"parent":56,"menu_order":0,"comment_status":"closed","ping_status":"closed","template":"","meta":{"footnotes":""},"class_list":["post-428","page","type-page","status-publish","hentry"],"_links":{"self":[{"href":"https:\/\/site.uit.no\/academiaborealis\/wp-json\/wp\/v2\/pages\/428","targetHints":{"allow":["GET"]}}],"collection":[{"href":"https:\/\/site.uit.no\/academiaborealis\/wp-json\/wp\/v2\/pages"}],"about":[{"href":"https:\/\/site.uit.no\/academiaborealis\/wp-json\/wp\/v2\/types\/page"}],"author":[{"embeddable":true,"href":"https:\/\/site.uit.no\/academiaborealis\/wp-json\/wp\/v2\/users\/602"}],"replies":[{"embeddable":true,"href":"https:\/\/site.uit.no\/academiaborealis\/wp-json\/wp\/v2\/comments?post=428"}],"version-history":[{"count":8,"href":"https:\/\/site.uit.no\/academiaborealis\/wp-json\/wp\/v2\/pages\/428\/revisions"}],"predecessor-version":[{"id":514,"href":"https:\/\/site.uit.no\/academiaborealis\/wp-json\/wp\/v2\/pages\/428\/revisions\/514"}],"up":[{"embeddable":true,"href":"https:\/\/site.uit.no\/academiaborealis\/wp-json\/wp\/v2\/pages\/56"}],"wp:attachment":[{"href":"https:\/\/site.uit.no\/academiaborealis\/wp-json\/wp\/v2\/media?parent=428"}],"curies":[{"name":"wp","href":"https:\/\/api.w.org\/{rel}","templated":true}]}}