{"id":445,"date":"2020-02-09T17:46:32","date_gmt":"2020-02-09T16:46:32","guid":{"rendered":"https:\/\/site.uit.no\/academiaborealis\/?page_id=445"},"modified":"2022-03-29T13:15:07","modified_gmt":"2022-03-29T11:15:07","slug":"mohn-prisen-2020-til-professor-dorthe-dahl-jensen","status":"publish","type":"page","link":"https:\/\/site.uit.no\/academiaborealis\/sample-page\/the-mohn-prize\/mohn-prisen-2020-til-professor-dorthe-dahl-jensen\/","title":{"rendered":"Mohn-prisen 2020 til professor Dorthe Dahl-Jensen"},"content":{"rendered":"<p><img fetchpriority=\"high\" decoding=\"async\" class=\"size-medium wp-image-449 alignnone\" src=\"https:\/\/site.uit.no\/academiaborealis\/wp-content\/uploads\/sites\/257\/2020\/02\/MedAnneH-under-utdeling-300x225.jpg\" alt=\"\" width=\"300\" height=\"225\" srcset=\"https:\/\/site.uit.no\/academiaborealis\/wp-content\/uploads\/sites\/257\/2020\/02\/MedAnneH-under-utdeling-300x225.jpg 300w, https:\/\/site.uit.no\/academiaborealis\/wp-content\/uploads\/sites\/257\/2020\/02\/MedAnneH-under-utdeling-768x576.jpg 768w, https:\/\/site.uit.no\/academiaborealis\/wp-content\/uploads\/sites\/257\/2020\/02\/MedAnneH-under-utdeling.jpg 1008w\" sizes=\"(max-width: 300px) 100vw, 300px\" \/>\u00a0 \u00a0<img decoding=\"async\" class=\"alignnone size-medium wp-image-448\" src=\"https:\/\/site.uit.no\/academiaborealis\/wp-content\/uploads\/sites\/257\/2020\/02\/DortheMedDiplom-229x300.jpg\" alt=\"\" width=\"229\" height=\"300\" srcset=\"https:\/\/site.uit.no\/academiaborealis\/wp-content\/uploads\/sites\/257\/2020\/02\/DortheMedDiplom-229x300.jpg 229w, https:\/\/site.uit.no\/academiaborealis\/wp-content\/uploads\/sites\/257\/2020\/02\/DortheMedDiplom-768x1008.jpg 768w, https:\/\/site.uit.no\/academiaborealis\/wp-content\/uploads\/sites\/257\/2020\/02\/DortheMedDiplom-780x1024.jpg 780w, https:\/\/site.uit.no\/academiaborealis\/wp-content\/uploads\/sites\/257\/2020\/02\/DortheMedDiplom.jpg 1432w\" sizes=\"(max-width: 229px) 100vw, 229px\" \/><\/p>\n<p><img decoding=\"async\" class=\"wp-image-224 alignleft\" src=\"https:\/\/site.uit.no\/academiaborealis\/wp-content\/uploads\/sites\/257\/2018\/01\/Mohn-300x199.png\" alt=\"\" width=\"140\" height=\"93\" srcset=\"https:\/\/site.uit.no\/academiaborealis\/wp-content\/uploads\/sites\/257\/2018\/01\/Mohn-300x199.png 300w, https:\/\/site.uit.no\/academiaborealis\/wp-content\/uploads\/sites\/257\/2018\/01\/Mohn.png 482w\" sizes=\"(max-width: 140px) 100vw, 140px\" \/><\/p>\n<p>S\u00e5\u00a0er det overst\u00e5tt, b\u00e5de Mohnpris-utdelingen mandag 27. januar og Mohnpris-seminaret p\u00e5 tirsdag 28. januar.<\/p>\n<p>Professor Dorthe Dahl-Jensen deltok i en paneldebatt om Arktisk forvaltning under Arctic Froniers-konferansen mandag formiddag. Prisutdelingen ble foretatt like f\u00f8r slutten av konferanse-dagen. Sjefen Ole \u00d8vretveit deretter rektor Anne Husebekk holdt innlegg.\u00a0 Rektor leste opp begrunnelsen for tildelingen.<\/p>\n<p>V\u00e5r preses holdt deretter hilsningstale til prisvinner,\u00a0 der hun ogs\u00e5 presenterte sentrale avsnitt fra prisens m\u00e5lsetting, pluss noen ord om forskningstradisjonen i Nord-Norge og prisens opphav. Til slutt holdt Dorthe Dahl-Jensen sin takketale.<\/p>\n<p>Tirsdag 28.1 ble Mohnpris-seminaret avholdt i TEO-byggets Auditorium 2. Her var det stappfullt av spente tilh\u00f8rere. Innledningsvis spilte Julie Alapnes p\u00e5 sin feiende fiolin, akkompagnert av en av <span style=\"color: #993300\">Rundhaugene, Halvard (?).\u00a0<\/span>\u00a0Etter Anne Husebekks velkomsthilsen overtok prof. i marinbiologi og medlem i Academia Borealis, J\u00f8rgen Bakke, som ledet seminaret.<\/p>\n<p>S\u00e5 fikk vi Steinars flotte presentasjon av Henrik Mohns liv og virke, forsynt med interessante og oppsiktsvekkende bilder: bl.a. et vakkert maleri av Jan Mayen, tegnet av vitenskapsmannen personlig og foreviget p\u00e5 et frimerke i anledning det internasjonale geofysiske \u00e5r 1957.<\/p>\n<p>Prisvinner fremla sitt prosjekt i en flott presentasjon med flotte bilder og filmklipp om fra et stort prosjekt p\u00e5 Gr\u00f8nlands tak og kyster. Deretter kom flere foredrag ved UiT forskere pluss \u00e9n av prisvinnerens kolleger ved Universitetet i Manitoba der hun er \u00e6res-professor. Seminaret ble avsluttet kl. 1400.<\/p>\n<div id=\"attachment_451\" style=\"width: 408px\" class=\"wp-caption aligncenter\"><img loading=\"lazy\" decoding=\"async\" aria-describedby=\"caption-attachment-451\" class=\"wp-image-451\" src=\"https:\/\/site.uit.no\/academiaborealis\/wp-content\/uploads\/sites\/257\/2020\/02\/MedMohnpris-vinner2020JIN-300x202.jpg\" alt=\"\" width=\"398\" height=\"268\" srcset=\"https:\/\/site.uit.no\/academiaborealis\/wp-content\/uploads\/sites\/257\/2020\/02\/MedMohnpris-vinner2020JIN-300x202.jpg 300w, https:\/\/site.uit.no\/academiaborealis\/wp-content\/uploads\/sites\/257\/2020\/02\/MedMohnpris-vinner2020JIN.jpg 585w\" sizes=\"(max-width: 398px) 100vw, 398px\" \/><p id=\"caption-attachment-451\" class=\"wp-caption-text\"><em>Dorthe Dahl-Jensen sammen med medlemmer av styret fra venstre \u00c5shild Fredriksen, Jens Ivar Nerg\u00e5rd, preses Synn\u00f8ve des Bouvrie og Steinar Thorvaldsen.<\/em><\/p><\/div>\n<p>&nbsp;<\/p>\n<p>&nbsp;<\/p>\n<iframe src=\"http:\/\/www.facebook.com\/plugins\/like.php?href=https%3A%2F%2Fsite.uit.no%2Facademiaborealis%2Fsample-page%2Fthe-mohn-prize%2Fmohn-prisen-2020-til-professor-dorthe-dahl-jensen%2F&amp;layout=standard&amp;show_faces=true&amp;width=450&amp;action=like&amp;colorscheme=light&amp;height=80\" scrolling=\"no\" frameborder=\"0\" style=\"border:none; overflow:hidden; width:450px; height:80px;\" allowTransparency=\"true\"><\/iframe>","protected":false},"excerpt":{"rendered":"<p>\u00a0 \u00a0 S\u00e5\u00a0er det overst\u00e5tt, b\u00e5de Mohnpris-utdelingen mandag 27. januar og Mohnpris-seminaret p\u00e5 tirsdag 28. januar. Professor Dorthe Dahl-Jensen deltok i en paneldebatt om Arktisk forvaltning under Arctic Froniers-konferansen mandag formiddag. Prisutdelingen ble foretatt like f\u00f8r slutten av konferanse-dagen. Sjefen Ole \u00d8vretveit deretter rektor Anne Husebekk holdt innlegg.\u00a0 Rektor leste opp begrunnelsen for tildelingen. V\u00e5r [&hellip;]<\/p>\n","protected":false},"author":602,"featured_media":0,"parent":234,"menu_order":0,"comment_status":"closed","ping_status":"closed","template":"","meta":{"footnotes":""},"class_list":["post-445","page","type-page","status-publish","hentry"],"_links":{"self":[{"href":"https:\/\/site.uit.no\/academiaborealis\/wp-json\/wp\/v2\/pages\/445","targetHints":{"allow":["GET"]}}],"collection":[{"href":"https:\/\/site.uit.no\/academiaborealis\/wp-json\/wp\/v2\/pages"}],"about":[{"href":"https:\/\/site.uit.no\/academiaborealis\/wp-json\/wp\/v2\/types\/page"}],"author":[{"embeddable":true,"href":"https:\/\/site.uit.no\/academiaborealis\/wp-json\/wp\/v2\/users\/602"}],"replies":[{"embeddable":true,"href":"https:\/\/site.uit.no\/academiaborealis\/wp-json\/wp\/v2\/comments?post=445"}],"version-history":[{"count":9,"href":"https:\/\/site.uit.no\/academiaborealis\/wp-json\/wp\/v2\/pages\/445\/revisions"}],"predecessor-version":[{"id":461,"href":"https:\/\/site.uit.no\/academiaborealis\/wp-json\/wp\/v2\/pages\/445\/revisions\/461"}],"up":[{"embeddable":true,"href":"https:\/\/site.uit.no\/academiaborealis\/wp-json\/wp\/v2\/pages\/234"}],"wp:attachment":[{"href":"https:\/\/site.uit.no\/academiaborealis\/wp-json\/wp\/v2\/media?parent=445"}],"curies":[{"name":"wp","href":"https:\/\/api.w.org\/{rel}","templated":true}]}}