{"id":523,"date":"2021-02-23T15:59:13","date_gmt":"2021-02-23T14:59:13","guid":{"rendered":"https:\/\/site.uit.no\/academiaborealis\/?page_id=523"},"modified":"2021-11-29T12:06:21","modified_gmt":"2021-11-29T11:06:21","slug":"arrangementer-2021","status":"publish","type":"page","link":"https:\/\/site.uit.no\/academiaborealis\/arrangementer\/arrangementer-2021\/","title":{"rendered":"Arrangementer 2021"},"content":{"rendered":"<h3><span style=\"color: #0000ff\">Foredrag:<\/span><\/h3>\n<h3><span style=\"color: #0000ff\"><strong>onsdag 1. des. 2021, kl. 1900<\/strong><\/span><\/h3>\n<p><strong>Norges arktiske universitetsmuseum, Rotunden<\/strong><\/p>\n<h2><span style=\"color: #0000ff\"><strong>prof. Kari Aga Myklebost<\/strong><\/span><\/h2>\n<p><strong>Barents Chair in Russian Studies<\/strong><\/p>\n<p><strong>Institutt for Arkeologi, historie, religionsvitenskap og teologi,<br \/>\n<\/strong><strong>UiT, Norges arktiske universitet<\/strong><\/p>\n<h2><span style=\"color: #0000ff\">\u2018Norsk-russisk forskningssamarbeid\u00a0<\/span><span style=\"color: #0000ff\">i et langtidsperspektiv\u2019<\/span><\/h2>\n<p><strong>Sammenfatning.<\/strong><\/p>\n<p>Russland er Norges st\u00f8rste naboland, og det geografiske naboskapet og en felles nordlig orientering har dannet bakgrunn for forskningssamarbeid siden slutten av 1800-tallet. I dag er UiT en ledende institusjon i Norge n\u00e5r det gjelder russlandssamarbeid. Hva har norsk-russisk vitenskapelig samarbeid betydd for akt\u00f8rer som Fridtjof Nansen, Roald Amundsen og de seinere bredere hav- og polarforskningsmilj\u00f8ene i Norge? Hvordan skriver UiT seg inn i den lange historien om norsk-russisk forskningssamarbeid, og hvilken verdi har dette samarbeidet i dag?<\/p>\n<p><img fetchpriority=\"high\" decoding=\"async\" class=\"wp-image-581 aligncenter\" src=\"https:\/\/site.uit.no\/academiaborealis\/wp-content\/uploads\/sites\/257\/2021\/11\/Kari-Aga-Myklebost.jpg\" alt=\"\" width=\"362\" height=\"287\" srcset=\"https:\/\/site.uit.no\/academiaborealis\/wp-content\/uploads\/sites\/257\/2021\/11\/Kari-Aga-Myklebost.jpg 1417w, https:\/\/site.uit.no\/academiaborealis\/wp-content\/uploads\/sites\/257\/2021\/11\/Kari-Aga-Myklebost-300x238.jpg 300w, https:\/\/site.uit.no\/academiaborealis\/wp-content\/uploads\/sites\/257\/2021\/11\/Kari-Aga-Myklebost-768x609.jpg 768w, https:\/\/site.uit.no\/academiaborealis\/wp-content\/uploads\/sites\/257\/2021\/11\/Kari-Aga-Myklebost-1024x812.jpg 1024w\" sizes=\"(max-width: 362px) 100vw, 362px\" \/><\/p>\n<p>&nbsp;<\/p>\n<hr \/>\n<h3><span style=\"color: #0000ff\"><strong>\u00c5pen Harang-forelesning:<\/strong><\/span><\/h3>\n<p><span style=\"color: #0000ff\"><strong>onsdag 13. oktober 2021, kl. 1900<br \/>\n<\/strong><\/span><em>Norges arktiske universitetsmuseum, Lars Th\u00f8ringsvei 10<\/em>,<\/p>\n<h2><span style=\"color: #0000ff\"><strong>Prof.em. Asgeir Brekke<\/strong><\/span><\/h2>\n<h4>Institutt for fysikk og teknologi og\u00a0og Troms\u00f8 Geofysiske Observatorium, UiT Norges arktiske universitet<\/h4>\n<h2 style=\"text-align: center\"><span style=\"color: #0000ff\"><strong>\u2018Arven fr\u00e5 Haldde\u2019 <\/strong><\/span><\/h2>\n<p>Da kong Louis Philippe sat i land ei gruppe nordlysforskarar i Bossekop fr\u00e5 skipet La Recherche i 1838, s\u00e5dde han eit fr\u00f8 i det akademiske milj\u00f8 i Nord-Norge som skulle bere frukta \u2013 Universitetet i Troms\u00f8.<\/p>\n<div id=\"attachment_566\" style=\"width: 240px\" class=\"wp-caption alignright\"><img decoding=\"async\" aria-describedby=\"caption-attachment-566\" class=\"wp-image-566\" src=\"https:\/\/site.uit.no\/academiaborealis\/wp-content\/uploads\/sites\/257\/2021\/10\/Nordlysobservatorium-i-Troms\u00f8.jpg\" alt=\"\" width=\"230\" height=\"173\" srcset=\"https:\/\/site.uit.no\/academiaborealis\/wp-content\/uploads\/sites\/257\/2021\/10\/Nordlysobservatorium-i-Troms\u00f8.jpg 1024w, https:\/\/site.uit.no\/academiaborealis\/wp-content\/uploads\/sites\/257\/2021\/10\/Nordlysobservatorium-i-Troms\u00f8-300x225.jpg 300w, https:\/\/site.uit.no\/academiaborealis\/wp-content\/uploads\/sites\/257\/2021\/10\/Nordlysobservatorium-i-Troms\u00f8-768x576.jpg 768w\" sizes=\"(max-width: 230px) 100vw, 230px\" \/><p id=\"caption-attachment-566\" class=\"wp-caption-text\">Nordlysobservatorium i Troms\u00f8 av 1928<\/p><\/div>\n<div id=\"attachment_567\" style=\"width: 287px\" class=\"wp-caption alignleft\"><img decoding=\"async\" aria-describedby=\"caption-attachment-567\" class=\"wp-image-567\" src=\"https:\/\/site.uit.no\/academiaborealis\/wp-content\/uploads\/sites\/257\/2021\/10\/Haldde-observatorium.jpg\" alt=\"\" width=\"277\" height=\"170\" srcset=\"https:\/\/site.uit.no\/academiaborealis\/wp-content\/uploads\/sites\/257\/2021\/10\/Haldde-observatorium.jpg 1357w, https:\/\/site.uit.no\/academiaborealis\/wp-content\/uploads\/sites\/257\/2021\/10\/Haldde-observatorium-300x185.jpg 300w, https:\/\/site.uit.no\/academiaborealis\/wp-content\/uploads\/sites\/257\/2021\/10\/Haldde-observatorium-768x474.jpg 768w, https:\/\/site.uit.no\/academiaborealis\/wp-content\/uploads\/sites\/257\/2021\/10\/Haldde-observatorium-1024x632.jpg 1024w\" sizes=\"(max-width: 277px) 100vw, 277px\" \/><p id=\"caption-attachment-567\" class=\"wp-caption-text\">H\u00e1ldde-observatoriet i Alta<\/p><\/div>\n<p>&nbsp;<\/p>\n<p><img loading=\"lazy\" decoding=\"async\" class=\"wp-image-565 size-full\" src=\"https:\/\/site.uit.no\/academiaborealis\/wp-content\/uploads\/sites\/257\/2021\/10\/OlavHolt.jpg\" alt=\"\" width=\"92\" height=\"128\" \/><\/p>\n<p>Olav Holt, nordlysforsker og f\u00f8rste rektor ved Universitetet i Troms\u00f8<\/p>\n<hr \/>\n<h3><span style=\"color: #0000ff\"><strong>Qvigstadforelesning:<\/strong><\/span><\/h3>\n<p><strong>onsdag 21. april, 2021, kl. 1900<\/strong><\/p>\n<p>Lenke til opptak av <a href=\"https:\/\/mediasite.uit.no\/Mediasite\/Play\/5d6ccb290e7549569a970acfc3d9128e1d\">foredraget finner du her<\/a>.<\/p>\n<p><em>Norges arktiske universitetsmuseum, Lars Th\u00f8ringsvei 10<\/em>,<\/p>\n<h3><strong><span style=\"color: #0000ff\">F\u00f8rstelektor Linda Hel\u00e9n Haukland<\/span><br \/>\n<\/strong><em>Fakultet for l\u00e6rerutdanning, kunst og kultur, Nord universitet<\/em><\/h3>\n<h3><span style=\"color: #0000ff\">\u00abHans Nielsen Hauges nordnorgesreise i 1803\u00bb<\/span><\/h3>\n<h3><span style=\"color: #0000ff\">250-\u00e5r etter hans f\u00f8dsel 1771-1824<\/span><\/h3>\n<p>I 1803 dro Hans Nielsen Hauge til fots, p\u00e5 ski og i egen jakt helt nord til Troms\u00f8. Han var da kjent langt ut over landets grenser for sin lekmannsforkynnelse, sitt forfatterskap, entrepren\u00f8rskap og som kj\u00f8pmann i Bergen. Hva skjedde p\u00e5 reisen og hvilke impulser ga Hauge til den videre utviklingen nordp\u00e5?<\/p>\n<p>&nbsp;<\/p>\n<h3><strong><span style=\"color: #0000ff\">F\u00f8rsteamanuensis PhD Rolf Inge Larsen<\/span>,<br \/>\n<\/strong><em>Institutt for l\u00e6rerutdanning, UiT, Norges arktiske universitet<\/em><\/h3>\n<h3>Kommentar:<br \/>\n<span style=\"color: #0000ff\"><strong>\u00a0Hauge som norske vekkelsers foregangsmann og motpol<\/strong><\/span><\/h3>\n<p><img loading=\"lazy\" decoding=\"async\" class=\"wp-image-554 aligncenter\" src=\"https:\/\/site.uit.no\/academiaborealis\/wp-content\/uploads\/sites\/257\/2021\/03\/Hauge.jpg\" alt=\"\" width=\"340\" height=\"222\" srcset=\"https:\/\/site.uit.no\/academiaborealis\/wp-content\/uploads\/sites\/257\/2021\/03\/Hauge.jpg 903w, https:\/\/site.uit.no\/academiaborealis\/wp-content\/uploads\/sites\/257\/2021\/03\/Hauge-300x196.jpg 300w, https:\/\/site.uit.no\/academiaborealis\/wp-content\/uploads\/sites\/257\/2021\/03\/Hauge-768x501.jpg 768w\" sizes=\"(max-width: 340px) 100vw, 340px\" \/><\/p>\n<p>Sp\u00f8rsm\u00e5l og debatt. M\u00f8tet er \u00e5pent for alle interesserte<\/p>\n<hr \/>\n<h3><span style=\"color: #0000ff\"><strong>\u00c5rsm\u00f8teforedrag<\/strong><\/span><\/h3>\n<p><strong>onsdag 3. mars 2021, kl. 1900<\/strong><br \/>\n<em>Norges arktiske universitetsmuseum,<\/em> Lars Th\u00f8ringsvei 10<\/p>\n<p><img loading=\"lazy\" decoding=\"async\" class=\"wp-image-526 alignright\" src=\"https:\/\/site.uit.no\/academiaborealis\/wp-content\/uploads\/sites\/257\/2021\/02\/HernesVignett.jpg\" alt=\"\" width=\"270\" height=\"180\" srcset=\"https:\/\/site.uit.no\/academiaborealis\/wp-content\/uploads\/sites\/257\/2021\/02\/HernesVignett.jpg 500w, https:\/\/site.uit.no\/academiaborealis\/wp-content\/uploads\/sites\/257\/2021\/02\/HernesVignett-300x200.jpg 300w\" sizes=\"(max-width: 270px) 100vw, 270px\" \/><\/p>\n<h3><strong>Prof. Gudmund Hernes,<br \/>\n<\/strong><strong>BI, FaFo<\/strong><\/h3>\n<h3><span style=\"color: #0000ff\"><strong>\u2018Den kognitive samfunnspakten:<\/strong><\/span><br \/>\n<span style=\"color: #0000ff\"><strong>Vil universitetene overleve det 21. \u00e5rhundre?\u2019<\/strong><\/span><\/h3>\n<p>Universitetene har aldri hatt en s\u00e5 sterk stilling som i dag &#8211; m\u00e5lt ved utbredelse, staber, studenter og innvirkning. N\u00e5r nye farer skal m\u00f8tes eller nye muligheter skal gripes, s\u00f8ker politiske myndigheter til universitetene for \u00e5 utvide sin kontroll over det som skjer.\u00a0Men universitetene er ogs\u00e5 urosentra, som myndigheter ogs\u00e5 gjerne vil kontrollere. S\u00e5 aldri har universitetene v\u00e6rt s\u00e5 utsatt som n\u00e5. Det betyr at universitetenes autonomi og integritet anfektes, ikke bare ved ytre trusler, men ogs\u00e5 ved indre.\u00a0Under det hele ligger det man kan kalle \u201cden kognitive samfunnspakten\u201d &#8211; normer som styrer hvordan saksforhold skal presenteres, diskuteres og utfordres. Her er sterke krefter i sving, ogs\u00e5 internt, som undergraver de h\u00f8yere l\u00e6resteder og den offentlige debatt. Er det noen grunner til optimisme?<\/p>\n<p>&nbsp;<\/p>\n<iframe src=\"http:\/\/www.facebook.com\/plugins\/like.php?href=https%3A%2F%2Fsite.uit.no%2Facademiaborealis%2Farrangementer%2Farrangementer-2021%2F&amp;layout=standard&amp;show_faces=true&amp;width=450&amp;action=like&amp;colorscheme=light&amp;height=80\" scrolling=\"no\" frameborder=\"0\" style=\"border:none; overflow:hidden; width:450px; height:80px;\" allowTransparency=\"true\"><\/iframe>","protected":false},"excerpt":{"rendered":"<p>Foredrag: onsdag 1. des. 2021, kl. 1900 Norges arktiske universitetsmuseum, Rotunden prof. Kari Aga Myklebost Barents Chair in Russian Studies Institutt for Arkeologi, historie, religionsvitenskap og teologi, UiT, Norges arktiske universitet \u2018Norsk-russisk forskningssamarbeid\u00a0i et langtidsperspektiv\u2019 Sammenfatning. Russland er Norges st\u00f8rste naboland, og det geografiske naboskapet og en felles nordlig orientering har dannet bakgrunn for forskningssamarbeid [&hellip;]<\/p>\n","protected":false},"author":602,"featured_media":0,"parent":56,"menu_order":0,"comment_status":"closed","ping_status":"closed","template":"","meta":{"footnotes":""},"class_list":["post-523","page","type-page","status-publish","hentry"],"_links":{"self":[{"href":"https:\/\/site.uit.no\/academiaborealis\/wp-json\/wp\/v2\/pages\/523","targetHints":{"allow":["GET"]}}],"collection":[{"href":"https:\/\/site.uit.no\/academiaborealis\/wp-json\/wp\/v2\/pages"}],"about":[{"href":"https:\/\/site.uit.no\/academiaborealis\/wp-json\/wp\/v2\/types\/page"}],"author":[{"embeddable":true,"href":"https:\/\/site.uit.no\/academiaborealis\/wp-json\/wp\/v2\/users\/602"}],"replies":[{"embeddable":true,"href":"https:\/\/site.uit.no\/academiaborealis\/wp-json\/wp\/v2\/comments?post=523"}],"version-history":[{"count":12,"href":"https:\/\/site.uit.no\/academiaborealis\/wp-json\/wp\/v2\/pages\/523\/revisions"}],"predecessor-version":[{"id":590,"href":"https:\/\/site.uit.no\/academiaborealis\/wp-json\/wp\/v2\/pages\/523\/revisions\/590"}],"up":[{"embeddable":true,"href":"https:\/\/site.uit.no\/academiaborealis\/wp-json\/wp\/v2\/pages\/56"}],"wp:attachment":[{"href":"https:\/\/site.uit.no\/academiaborealis\/wp-json\/wp\/v2\/media?parent=523"}],"curies":[{"name":"wp","href":"https:\/\/api.w.org\/{rel}","templated":true}]}}