{"id":595,"date":"2022-03-16T13:54:56","date_gmt":"2022-03-16T12:54:56","guid":{"rendered":"https:\/\/site.uit.no\/academiaborealis\/?page_id=595"},"modified":"2023-02-28T14:50:08","modified_gmt":"2023-02-28T13:50:08","slug":"arrangementer-2022","status":"publish","type":"page","link":"https:\/\/site.uit.no\/academiaborealis\/arrangementer\/arrangementer-2022\/","title":{"rendered":"Arrangementer 2022"},"content":{"rendered":"<h3>ACADEMIA BOREALIS,<img decoding=\"async\" class=\"wp-image-28 alignright\" src=\"https:\/\/site.uit.no\/academiaborealis\/wp-content\/uploads\/sites\/257\/2016\/11\/logo20academia20borealis-235x300.png\" alt=\"\" width=\"94\" height=\"120\" srcset=\"https:\/\/site.uit.no\/academiaborealis\/wp-content\/uploads\/sites\/257\/2016\/11\/logo20academia20borealis-235x300.png 235w, https:\/\/site.uit.no\/academiaborealis\/wp-content\/uploads\/sites\/257\/2016\/11\/logo20academia20borealis.png 495w\" sizes=\"(max-width: 94px) 100vw, 94px\" \/><br \/>\nNord-Norges Vitenskapsakademi<\/h3>\n<h3><span style=\"color: #0000ff\"><em>Mandag 28. mars 2022, kl. 1900<\/em><\/span><\/h3>\n<p><strong>Norges arktiske universitetsmuseum<\/strong>,\u00a0<strong>Museumsalen.<\/strong>\u00a0Lars Th\u00f8ringsvei 10<\/p>\n<h3><span style=\"color: #0000ff\"><strong>Lagmann Dr. juris Hanne Sophie Greve<\/strong><\/span><\/h3>\n<h3><em><strong>Gulating Lagmannsrett, Bergen<\/strong><\/em><\/h3>\n<p><strong>1998-2004 \u00a0dommer ved Den europeiske menneskerettighetsdomstolen i Strasbourg<br \/>\n<\/strong>Hun har etterforsket krigsforbrytelser i Det tidligere Jugoslavia, og blant annet v\u00e6rt assisterende beskyttelsesoffiser hos FNs H\u00f8ykommiss\u00e6r for Flyktninger for flyktninger fra Myanmar. Hun har tatt sin dr.grad p\u00e5 en avhandling om kambodsjanske flyktninger.<\/p>\n<h2><span style=\"color: #0000ff\"><strong>\u2018Konflikten\u00a0i Ukraina\u2019<\/strong><\/span><\/h2>\n<h3>Det grunnleggende og dype skillet mellom rett og galt i et st\u00f8rre perspektiv herunder akademisk etterrettelighet og sannhetss\u00f8ken<\/h3>\n<p><img fetchpriority=\"high\" decoding=\"async\" class=\"wp-image-600 alignnone\" src=\"https:\/\/site.uit.no\/academiaborealis\/wp-content\/uploads\/sites\/257\/2022\/03\/Hanne-Greve.jpg\" alt=\"Foto: Linn Maria Larsen\/ARKIVET\" width=\"489\" height=\"326\" srcset=\"https:\/\/site.uit.no\/academiaborealis\/wp-content\/uploads\/sites\/257\/2022\/03\/Hanne-Greve.jpg 1100w, https:\/\/site.uit.no\/academiaborealis\/wp-content\/uploads\/sites\/257\/2022\/03\/Hanne-Greve-300x200.jpg 300w, https:\/\/site.uit.no\/academiaborealis\/wp-content\/uploads\/sites\/257\/2022\/03\/Hanne-Greve-768x512.jpg 768w, https:\/\/site.uit.no\/academiaborealis\/wp-content\/uploads\/sites\/257\/2022\/03\/Hanne-Greve-1024x682.jpg 1024w\" sizes=\"(max-width: 489px) 100vw, 489px\" \/><br \/>\n<em>Foto: Linn Maria Larsen\/ARKIVET<\/em><\/p>\n<p>Opptak av foredraget kan ses her:<br \/>\n<a href=\"https:\/\/vimeo.com\/693892386\">https:\/\/vimeo.com\/693892386<\/a><\/p>\n<hr \/>\n<p><span style=\"color: #0000ff\"><strong>Tuesday 22 March 2022, at 19 p.m.<\/strong><\/span><\/p>\n<p><em>Norges arktiske universitetsmuseum<\/em><em>, Rotunden,<br \/>\n<\/em>Lars Th\u00f8ringsvei 10<\/p>\n<h3><span style=\"color: #0000ff\"><strong>Sophie Duveau<\/strong><\/span><\/h3>\n<p><em>PhD student at the \u00a0Ecole des Hautes Etudes en Sciences Sociales,<br \/>\n<\/em><em>Centre Alexandre Koyr\u00e9, Paris<\/em><\/p>\n<h2><span style=\"color: #0000ff\"><strong>\u2018The rise of a summer field camp on Svalbard,<br \/>\nor\u00a0\u00a0<\/strong><\/span><span style=\"color: #0000ff\"><strong>How technicians contribute to science\u2019<\/strong><\/span><\/h2>\n<p>Have you ever wondered how the oldest still active scientific base on the southern shore of Kongsfjord came into existence? In the 1960s, a growing number of foreign expeditions departed to the Norwegian archipelago of Svalbard in the name of science, bringing with them diverse equipment, instruments and transportable infrastructures. As these expeditions occurred in summertime and could be renewed or extended from one year to another, most such objects would be left on site and serve several research groups before being removed or abandoned in the field. Although the French expeditions of the second half of XX century have so far never caught the attention of historians, they led to the construction of a field camp in 1963 and facilitated the pursuit of French (and other) polar research in Kongsfjord up to the present date. Given by the anthropologist and historian of science Sophie Duveau this talk will take you to the past to explore how researchers, students and technicians in particular succeeded in setting up the wooden structure now known as the French base. Drawing on both archival and contemporary visual material, it will shed light on the contribution of non-academics to science, not only at the logistical level but also in conducting research itself.<\/p>\n<p>Questions and discussion. The meeting is open to all<\/p>\n<p><em>Welcome!<br \/>\n<\/em>Synn\u00f8ve des Bouvrie,<br \/>\nPreses<\/p>\n<hr \/>\n<h3>ACADEMIA BOREALIS,<img decoding=\"async\" class=\"wp-image-28 alignright\" src=\"https:\/\/site.uit.no\/academiaborealis\/wp-content\/uploads\/sites\/257\/2016\/11\/logo20academia20borealis-235x300.png\" alt=\"\" width=\"94\" height=\"120\" srcset=\"https:\/\/site.uit.no\/academiaborealis\/wp-content\/uploads\/sites\/257\/2016\/11\/logo20academia20borealis-235x300.png 235w, https:\/\/site.uit.no\/academiaborealis\/wp-content\/uploads\/sites\/257\/2016\/11\/logo20academia20borealis.png 495w\" sizes=\"(max-width: 94px) 100vw, 94px\" \/><br \/>\nNord-Norges Vitenskapsakademi<\/h3>\n<h3><\/h3>\n<h3>Invitasjon til Harangforelesning:<\/h3>\n<h3><span style=\"color: #0000ff\"><em>Onsdag 30. november 2022, kl. 1900<\/em><\/span><\/h3>\n<p><strong>Norges arktiske universitetsmuseum<\/strong>,\u00a0<strong>Rotunden.\u00a0Lars Th\u00f8ringsvei 10<\/strong><\/p>\n<p style=\"font-weight: 400\"><img class=\"aligncenter\" \/><\/p>\n<p style=\"font-weight: 400\"><img class=\"aligncenter\" \/><\/p>\n<p><img class=\"aligncenter\" \/><\/p>\n<p><img decoding=\"async\" class=\"img-responsive aligncenter\" src=\"https:\/\/uit.no\/Content\/553550\/cache=20222601170805\/transformation=kompJpgHighUtlistingLowComp\/G__ForskningOgFormidling-TG_Bilder_Bilder%20ansatte%202017_transfer_16749_files_ab5a0712_IFT%20ansattebilder_Odd%20Erik%20Garcia.jpg\" alt=\"Bilde av Garcia, Odd Erik\" width=\"340\" height=\"453\" \/><\/p>\n<p style=\"font-weight: 400;text-align: center\">Professor Odd Erik Garcia. Foto: UiT<\/p>\n<p style=\"font-weight: 400\">\n<h2 style=\"font-weight: 400;text-align: center\"><strong>Professor Odd Erik Garcia<\/strong><\/h2>\n<p style=\"font-weight: 400;text-align: center\"><strong>UiT Aurora Center DYNAMO,<br \/>\n<\/strong><strong>Institutt for fysikk og teknologi,\u00a0<\/strong><strong>Universitetet i Troms\u00f8 &#8211; Norges arktiske universitet<\/strong><\/p>\n<p style=\"font-weight: 400\">\n<h1 style=\"text-align: center\"><strong><span style=\"color: #0000ff\">\u2018Fusjonsenergi \u2013 status og utsikter\u2019<\/span><\/strong><\/h1>\n<p style=\"font-weight: 400\">\n<p style=\"font-weight: 400\">Sola v\u00e5r og alle andre stjerner i universet f\u00e5r sin energi ved fusjon av hydrogen. Det foreg\u00e5r et storstilt forskningsprosjekt for \u00e5 utnytte slike kjernereaksjoner til b\u00e6rekraftig produksjon av elektrisk energi i s\u00e5 store mengder at den vil komme menneskeheten til gode i flere \u00e5rtusen fremover. Dette foredraget gir en presentasjon av den internasjonale forskningen p\u00e5 fusjonsenergi med utsikter for nye testreaktorer under konstruksjon.<\/p>\n<p style=\"font-weight: 400;text-align: center\">\n<p style=\"font-weight: 400\"><em>Sp\u00f8rsm\u00e5l og debatt. M\u00f8tet er \u00e5pent for alle interesserte<\/em><\/p>\n<p style=\"font-weight: 400\">\n<p style=\"font-weight: 400\">V e l k o m m e n!<\/p>\n<p style=\"font-weight: 400\">Synn\u00f8ve des Bouvrie,<\/p>\n<p style=\"font-weight: 400\">Preses<\/p>\n<iframe src=\"http:\/\/www.facebook.com\/plugins\/like.php?href=https%3A%2F%2Fsite.uit.no%2Facademiaborealis%2Farrangementer%2Farrangementer-2022%2F&amp;layout=standard&amp;show_faces=true&amp;width=450&amp;action=like&amp;colorscheme=light&amp;height=80\" scrolling=\"no\" frameborder=\"0\" style=\"border:none; overflow:hidden; width:450px; height:80px;\" allowTransparency=\"true\"><\/iframe>","protected":false},"excerpt":{"rendered":"<p>ACADEMIA BOREALIS, Nord-Norges Vitenskapsakademi Mandag 28. mars 2022, kl. 1900 Norges arktiske universitetsmuseum,\u00a0Museumsalen.\u00a0Lars Th\u00f8ringsvei 10 Lagmann Dr. juris Hanne Sophie Greve Gulating Lagmannsrett, Bergen 1998-2004 \u00a0dommer ved Den europeiske menneskerettighetsdomstolen i Strasbourg Hun har etterforsket krigsforbrytelser i Det tidligere Jugoslavia, og blant annet v\u00e6rt assisterende beskyttelsesoffiser hos FNs H\u00f8ykommiss\u00e6r for Flyktninger for flyktninger fra Myanmar. [&hellip;]<\/p>\n","protected":false},"author":602,"featured_media":0,"parent":56,"menu_order":0,"comment_status":"closed","ping_status":"closed","template":"","meta":{"footnotes":""},"class_list":["post-595","page","type-page","status-publish","hentry"],"_links":{"self":[{"href":"https:\/\/site.uit.no\/academiaborealis\/wp-json\/wp\/v2\/pages\/595","targetHints":{"allow":["GET"]}}],"collection":[{"href":"https:\/\/site.uit.no\/academiaborealis\/wp-json\/wp\/v2\/pages"}],"about":[{"href":"https:\/\/site.uit.no\/academiaborealis\/wp-json\/wp\/v2\/types\/page"}],"author":[{"embeddable":true,"href":"https:\/\/site.uit.no\/academiaborealis\/wp-json\/wp\/v2\/users\/602"}],"replies":[{"embeddable":true,"href":"https:\/\/site.uit.no\/academiaborealis\/wp-json\/wp\/v2\/comments?post=595"}],"version-history":[{"count":10,"href":"https:\/\/site.uit.no\/academiaborealis\/wp-json\/wp\/v2\/pages\/595\/revisions"}],"predecessor-version":[{"id":660,"href":"https:\/\/site.uit.no\/academiaborealis\/wp-json\/wp\/v2\/pages\/595\/revisions\/660"}],"up":[{"embeddable":true,"href":"https:\/\/site.uit.no\/academiaborealis\/wp-json\/wp\/v2\/pages\/56"}],"wp:attachment":[{"href":"https:\/\/site.uit.no\/academiaborealis\/wp-json\/wp\/v2\/media?parent=595"}],"curies":[{"name":"wp","href":"https:\/\/api.w.org\/{rel}","templated":true}]}}

<h3>ACADEMIA BOREALIS,<img decoding="async" class="wp-image-28 alignright" src="https://site.uit.no/academiaborealis/wp-content/uploads/sites/257/2016/11/logo20academia20borealis-235x300.png" alt="" width="94" height="120" srcset="https://site.uit.no/academiaborealis/wp-content/uploads/sites/257/2016/11/logo20academia20borealis-235x300.png 235w, https://site.uit.no/academiaborealis/wp-content/uploads/sites/257/2016/11/logo20academia20borealis.png 495w" sizes="(max-width: 94px) 100vw, 94px" /><br />
Nord-Norges Vitenskapsakademi</h3>
<h3><span style="color: #0000ff"><em>Mandag 28. mars 2022, kl. 1900</em></span></h3>
<p><strong>Norges arktiske universitetsmuseum</strong>, <strong>Museumsalen.</strong> Lars Thøringsvei 10</p>
<h3><span style="color: #0000ff"><strong>Lagmann Dr. juris Hanne Sophie Greve</strong></span></h3>
<h3><em><strong>Gulating Lagmannsrett, Bergen</strong></em></h3>
<p><strong>1998-2004  dommer ved Den europeiske menneskerettighetsdomstolen i Strasbourg<br />
</strong>Hun har etterforsket krigsforbrytelser i Det tidligere Jugoslavia, og blant annet vært assisterende beskyttelsesoffiser hos FNs Høykommissær for Flyktninger for flyktninger fra Myanmar. Hun har tatt sin dr.grad på en avhandling om kambodsjanske flyktninger.</p>
<h2><span style="color: #0000ff"><strong>‘Konflikten i Ukraina’</strong></span></h2>
<h3>Det grunnleggende og dype skillet mellom rett og galt i et større perspektiv herunder akademisk etterrettelighet og sannhetssøken</h3>
<p><img fetchpriority="high" decoding="async" class="wp-image-600 alignnone" src="https://site.uit.no/academiaborealis/wp-content/uploads/sites/257/2022/03/Hanne-Greve.jpg" alt="Foto: Linn Maria Larsen/ARKIVET" width="489" height="326" srcset="https://site.uit.no/academiaborealis/wp-content/uploads/sites/257/2022/03/Hanne-Greve.jpg 1100w, https://site.uit.no/academiaborealis/wp-content/uploads/sites/257/2022/03/Hanne-Greve-300x200.jpg 300w, https://site.uit.no/academiaborealis/wp-content/uploads/sites/257/2022/03/Hanne-Greve-768x512.jpg 768w, https://site.uit.no/academiaborealis/wp-content/uploads/sites/257/2022/03/Hanne-Greve-1024x682.jpg 1024w" sizes="(max-width: 489px) 100vw, 489px" /><br />
<em>Foto: Linn Maria Larsen/ARKIVET</em></p>
<p>Opptak av foredraget kan ses her:<br />
<a href="https://vimeo.com/693892386">https://vimeo.com/693892386</a></p>
<hr />
<p><span style="color: #0000ff"><strong>Tuesday 22 March 2022, at 19 p.m.</strong></span></p>
<p><em>Norges arktiske universitetsmuseum</em><em>, Rotunden,<br />
</em>Lars Thøringsvei 10</p>
<h3><span style="color: #0000ff"><strong>Sophie Duveau</strong></span></h3>
<p><em>PhD student at the  Ecole des Hautes Etudes en Sciences Sociales,<br />
</em><em>Centre Alexandre Koyré, Paris</em></p>
<h2><span style="color: #0000ff"><strong>‘The rise of a summer field camp on Svalbard,<br />
or  </strong></span><span style="color: #0000ff"><strong>How technicians contribute to science’</strong></span></h2>
<p>Have you ever wondered how the oldest still active scientific base on the southern shore of Kongsfjord came into existence? In the 1960s, a growing number of foreign expeditions departed to the Norwegian archipelago of Svalbard in the name of science, bringing with them diverse equipment, instruments and transportable infrastructures. As these expeditions occurred in summertime and could be renewed or extended from one year to another, most such objects would be left on site and serve several research groups before being removed or abandoned in the field. Although the French expeditions of the second half of XX century have so far never caught the attention of historians, they led to the construction of a field camp in 1963 and facilitated the pursuit of French (and other) polar research in Kongsfjord up to the present date. Given by the anthropologist and historian of science Sophie Duveau this talk will take you to the past to explore how researchers, students and technicians in particular succeeded in setting up the wooden structure now known as the French base. Drawing on both archival and contemporary visual material, it will shed light on the contribution of non-academics to science, not only at the logistical level but also in conducting research itself.</p>
<p>Questions and discussion. The meeting is open to all</p>
<p><em>Welcome!<br />
</em>Synnøve des Bouvrie,<br />
Preses</p>
<hr />
<h3>ACADEMIA BOREALIS,<img decoding="async" class="wp-image-28 alignright" src="https://site.uit.no/academiaborealis/wp-content/uploads/sites/257/2016/11/logo20academia20borealis-235x300.png" alt="" width="94" height="120" srcset="https://site.uit.no/academiaborealis/wp-content/uploads/sites/257/2016/11/logo20academia20borealis-235x300.png 235w, https://site.uit.no/academiaborealis/wp-content/uploads/sites/257/2016/11/logo20academia20borealis.png 495w" sizes="(max-width: 94px) 100vw, 94px" /><br />
Nord-Norges Vitenskapsakademi</h3>
<h3></h3>
<h3>Invitasjon til Harangforelesning:</h3>
<h3><span style="color: #0000ff"><em>Onsdag 30. november 2022, kl. 1900</em></span></h3>
<p><strong>Norges arktiske universitetsmuseum</strong>, <strong>Rotunden. Lars Thøringsvei 10</strong></p>
<p style="font-weight: 400"><img class="aligncenter" /></p>
<p style="font-weight: 400"><img class="aligncenter" /></p>
<p><img class="aligncenter" /></p>
<p><img decoding="async" class="img-responsive aligncenter" src="https://uit.no/Content/553550/cache=20222601170805/transformation=kompJpgHighUtlistingLowComp/G__ForskningOgFormidling-TG_Bilder_Bilder%20ansatte%202017_transfer_16749_files_ab5a0712_IFT%20ansattebilder_Odd%20Erik%20Garcia.jpg" alt="Bilde av Garcia, Odd Erik" width="340" height="453" /></p>
<p style="font-weight: 400;text-align: center">Professor Odd Erik Garcia. Foto: UiT</p>
<p style="font-weight: 400">
<h2 style="font-weight: 400;text-align: center"><strong>Professor Odd Erik Garcia</strong></h2>
<p style="font-weight: 400;text-align: center"><strong>UiT Aurora Center DYNAMO,<br />
</strong><strong>Institutt for fysikk og teknologi, </strong><strong>Universitetet i Tromsø &#8211; Norges arktiske universitet</strong></p>
<p style="font-weight: 400">
<h1 style="text-align: center"><strong><span style="color: #0000ff">‘Fusjonsenergi – status og utsikter’</span></strong></h1>
<p style="font-weight: 400">
<p style="font-weight: 400">Sola vår og alle andre stjerner i universet får sin energi ved fusjon av hydrogen. Det foregår et storstilt forskningsprosjekt for å utnytte slike kjernereaksjoner til bærekraftig produksjon av elektrisk energi i så store mengder at den vil komme menneskeheten til gode i flere årtusen fremover. Dette foredraget gir en presentasjon av den internasjonale forskningen på fusjonsenergi med utsikter for nye testreaktorer under konstruksjon.</p>
<p style="font-weight: 400;text-align: center">
<p style="font-weight: 400"><em>Spørsmål og debatt. Møtet er åpent for alle interesserte</em></p>
<p style="font-weight: 400">
<p style="font-weight: 400">V e l k o m m e n!</p>
<p style="font-weight: 400">Synnøve des Bouvrie,</p>
<p style="font-weight: 400">Preses</p>
<iframe src="http://www.facebook.com/plugins/like.php?href=https%3A%2F%2Fsite.uit.no%2Facademiaborealis%2Farrangementer%2Farrangementer-2022%2F&amp;layout=standard&amp;show_faces=true&amp;width=450&amp;action=like&amp;colorscheme=light&amp;height=80" scrolling="no" frameborder="0" style="border:none; overflow:hidden; width:450px; height:80px;" allowTransparency="true"></iframe>

<p>ACADEMIA BOREALIS, Nord-Norges Vitenskapsakademi Mandag 28. mars 2022, kl. 1900 Norges arktiske universitetsmuseum, Museumsalen. Lars Thøringsvei 10 Lagmann Dr. juris Hanne Sophie Greve Gulating Lagmannsrett, Bergen 1998-2004  dommer ved Den europeiske menneskerettighetsdomstolen i Strasbourg Hun har etterforsket krigsforbrytelser i Det tidligere Jugoslavia, og blant annet vært assisterende beskyttelsesoffiser hos FNs Høykommissær for Flyktninger for flyktninger fra Myanmar. [&hellip;]</p>
