{"id":66,"date":"2016-11-17T21:43:41","date_gmt":"2016-11-17T20:43:41","guid":{"rendered":"https:\/\/site.uit.no\/academiaborealis\/?page_id=66"},"modified":"2016-11-17T21:43:56","modified_gmt":"2016-11-17T20:43:56","slug":"arrangementer-2012","status":"publish","type":"page","link":"https:\/\/site.uit.no\/academiaborealis\/arrangementer\/arrangementer-2012\/","title":{"rendered":"Arrangementer 2012"},"content":{"rendered":"<div>\n<p><strong>Torsdag 15. november<\/strong><\/p>\n<p><span class=\"Apple-style-span\">Troms\u00f8 Bibliotek<\/span><\/p>\n<p><strong><span class=\"Apple-style-span\">Prof. John R\u00f8nning<\/span><\/strong><\/p>\n<p style=\"text-align: left\" align=\"center\"><span class=\"Apple-style-span\">Professor klinisk barne- og ungdomspsykologi\u00a0<\/span><\/p>\n<p style=\"text-align: left\" align=\"center\"><span class=\"Apple-style-span\">\u00a0Institutt for Klinisk medisin Universitetet i Troms\u00f8<\/span><\/p>\n<p style=\"text-align: left\" align=\"center\"><strong><span class=\"Apple-style-span\">\u2018 Mobbing i skolen\u2019<\/span><\/strong><\/p>\n<p style=\"text-align: left\">Foredraget vil ta for seg fenomenet mobbing i et historisk og evolusjons-biologisk perspektiv, og dr\u00f8fte uklarheter m.h.t. definisjon. Deretter vil konsekvenser av det \u00e5 mobbe og bli mobbet bli gjennomg\u00e5tt ut i fra den empiriske viten en per i dag har om fenomenene. Avslutningsvis vil prosjektet \u201cTrivsel i Troms\u00f8\u201d bli presentert. Dette prosjektet s\u00f8ker \u00e5 besvare mange av de sp\u00f8rsm\u00e5l som tidligere empiri har stilt.<\/p>\n<hr \/>\n<p style=\"text-align: left\"><strong>Tirsdag 16. oktober: \u00a0Harang-forelesning<\/strong><\/p>\n<p style=\"text-align: left\"><span class=\"Apple-style-span\">Troms\u00f8 Bibliotek,<\/span><\/p>\n<p><strong><span class=\"Apple-style-span\">Dr. Jean Lilensten<\/span><\/strong><\/p>\n<p><span class=\"Apple-style-span\">Editor in Chief of Space Weather and Space Climate,<br \/>\nResearcher at <\/span><span class=\"Apple-style-span\">Institut de Plan\u00e9tologie et d&#8217;Astrophysique de Grenoble, (IPAG)<\/span><\/p>\n<p>&nbsp;<\/p>\n<p align=\"center\"><strong><span class=\"Apple-style-span\">\u2018On the shoulder of a Giant: from the Terrella to the Planeterrella\u2019<\/span><\/strong><\/p>\n<p>At the start of the 20th century, <span class=\"Apple-style-span\">Kristian Birkeland<\/span> demonstrated the mechanism of the auroras with this marvelous <span class=\"Apple-style-span\">Terrella<\/span>experiment. One century later, this experiment has been reworked to create the Planeterrella. This name includes the word &laquo;terrella&raquo; in recognition to Birkeland, and &laquo;planet&raquo; because it allows to exhibit many planetary features that were not accessible with the former Terrella.<\/p>\n<p>During this lecture, I will show outstanding pictures of the planetary space environments and compare with their equivalents in the Planeterrella.<\/p>\n<p>Several copies exist in different countries, which allowed about 50,000 people to picture auroras in Europe. More copies are under way. The spreading of this experiment is based on the scientific network. Its success is partly due to the fact that it is not patented but freely shared with public institutions. I will then discuss the pros and cons of its economic model: small versus big, automated versus operated, patent versus gentleman agreement, centralized diffusion versus networking, owned experiment versus shared knowledge.<\/p>\n<div id=\"sbox-content-content-image\"><img fetchpriority=\"high\" decoding=\"async\" src=\"http:\/\/www.ub.uit.no\/nnva\/images\/planeterella2.jpg\" width=\"319\" height=\"198\" border=\"0\" \/><\/div>\n<hr \/>\n<p><strong>Tirsdag 2. oktober 2012:\u00a0Qvigstad-forelesning<\/strong><br \/>\n<span class=\"Apple-style-span\">Troms\u00f8 Bibliotek,<\/span><\/p>\n<p><strong><span class=\"Apple-style-span\">PhD Per Pippin Aspaas<\/span><\/strong><\/p>\n<p><span class=\"Apple-style-span\">f\u00f8rstebibliotekar ved\u00a0 Universitetsbiblioteket i Troms\u00f8<\/span><\/p>\n<p><strong><span class=\"Apple-style-span\">The use of Latin and the European Republic of Letters:<br \/>\n<\/span><span class=\"Apple-style-span\">change and continuity in the 17th and 18th centuries\u2019<\/span><\/strong><\/p>\n<p>P\u00e5 1600- og 1700-tallet eksisterte det en \u201cRes publica litteraria\u201d, et fellesskap av l\u00e6rde som utvekslet vitenskapelige ideer og oppdagelser p\u00e5 tvers av landegrensene. Disse brukte gjerne latin for \u00e5 kommunisere seg i mellom. Foredraget tar for seg hvordan latinen etter hvert ble utfordret og til sist utkonkurrert av andre spr\u00e5k \u2013 italiensk, fransk, tysk og engelsk \u2013 som internasjonale spr\u00e5k innen naturvitenskap s\u00e5 vel som kulturvitenskap.<\/p>\n<hr \/>\n<p><strong>Torsdag 24. mai 2012<\/strong><br \/>\n<span class=\"Apple-style-span\">Troms\u00f8 Bibliotek<\/span><\/p>\n<\/div>\n<p><strong><span class=\"Apple-style-span\">Prof. Piers Vitebsky<\/span><\/strong><\/p>\n<p><span class=\"Apple-style-span\">Scott Polar Research Institute, Cambridge<br \/>\n<\/span><span class=\"Apple-style-span\">Professor II, UiT<\/span><\/p>\n<p><strong><span class=\"Apple-style-span\">\u2018Reindeer herders and the spirits of nomadism in Siberia\u2019<\/span><\/strong><\/p>\n<p>For both Russian poets and Soviet administrators, the Tungus peoples (whose languages gave us the word \u201cshaman\u201d) were considered \u201cwild\u201d because they were nomadic. This lecture explores the continuing form of nomadism in northeast Siberia today and shows how reindeer herders continue to engage with the spirits of each place as they migrate around a succession of camp sites.<\/p>\n<hr \/>\n<p><strong>29. mars 2012,<\/strong><br \/>\nTroms\u00f8 Bibliotek<\/p>\n<p><span class=\"Apple-style-span\"><strong>F\u00f8rsteamanuensis Anne Elise Eggen<\/strong><br \/>\n<\/span>Institutt for Samfunnsmedisin, UiT:<\/p>\n<p><strong>&#8216;<span class=\"Apple-style-span\">Troms\u00f8unders\u00f8kelsen<\/span>&#8216;<\/strong><br \/>\nTroms\u00f8unders\u00f8kelsen startet i 1974 p\u00e5 bakgrunn av den h\u00f8ye d\u00f8deligheten av hjerte- og karsykdommer i Norge. Den har n\u00e5 blitt gjennomf\u00f8rt seks ganger og over 40 000 Troms\u00f8v\u00e6ringer er unders\u00f8kt. Unders\u00f8kelsen gir basis for flere forskningsgrupper, og i dag er det dr\u00f8yt 60 doktorgrader avlagt med utgangspunkt i Troms\u00f8unders\u00f8kelsen. Troms\u00f8unders\u00f8kelsen vil bli presentert med noen resultater fra siste unders\u00f8kelse.<\/p>\n<p><span class=\"Apple-style-span\"><strong>Stipendiat Laila Arnesdatter Hopstock<\/strong><br \/>\n<\/span>Institutt for Samfunnsmedisin, UiT:<\/p>\n<p><span class=\"Apple-style-span\">&#8216;\u00c5rstider, v\u00e6r og hjerteinfarkt&#8217;<br \/>\n<\/span>Studier fra verden rundt viser at hjerteinfarktstatistikken kan p\u00e5virkes av \u00e5rstidene og v\u00e6ret. Med data fra Troms\u00f8unders\u00f8kelsen har vi unders\u00f8kt hvordan \u00e5rstider og ulike typer v\u00e6r gir utslag i antall nye tilfeller av hjerteinfarkt blant Troms\u00f8v\u00e6ringer, en oppf\u00f8lgingsstudie fra 1974 til 2004.<\/p>\n<hr \/>\n<p><strong>23. februar: <span class=\"Apple-style-span\">\u00c5rsm\u00f8te\u00a0<\/span> 2012, kl. 1415<\/strong><br \/>\n<span class=\"Apple-style-span\">Teorifagbyggets Hus 1, 5.etg. m\u00f8terom 512,<br \/>\n<\/span><\/p>\n<p><span class=\"Apple-style-span\"><strong>Dagsorden<\/strong>\u00a0\u00a0<\/span><br \/>\n1. \u00e5pning av \u00e5rsm\u00f8tet<br \/>\n2. godkjenning av dagsorden<br \/>\n3. konstituering av nytt styre<br \/>\n4. orientering om Fondsmidlene ved Fondkomit\u00e9ens leder Prof. Trude Haugli<br \/>\n5. innvalg av nye medlemmer<br \/>\n6. eventuelt<\/p>\n<p><strong><span class=\"Apple-style-span\">\u00c5rsm\u00f8teforedrag <\/span>23. februar 2012,<\/strong> kl. 1900<\/p>\n<p><strong><span class=\"Apple-style-span\">Prof. PhD.<\/span><\/strong><span class=\"Apple-style-span\"><strong> Gudmund Hernes<\/strong><br \/>\n<\/span>Fafo, Institutt for arbeidslivs- og velferdsforskning<\/p>\n<p><strong><span class=\"Apple-style-span\">\u00a0\u2018Har utdannelsens klassiske grunnlag &#8211; matematikk og latin<br \/>\n\u2013 noen relevans for dagens (h\u00f8yere) oppl\u00e6ring?\u2019<\/span><\/strong><\/p>\n<p><span class=\"Apple-style-span\"><em>Respondent:<\/em><br \/>\n<strong>Prof.dr.med. Rolf Seljelid<\/strong><\/span><\/p>\n<hr \/>\n<p><span class=\"Apple-style-span\">\u00a0<\/span><strong><span class=\"Apple-style-span\">REFERAT FRA \u00c5RSM\u00d8TET<\/span> 23. februar 2012<\/strong><\/p>\n<p>Dagsorden ble godkjent og m\u00f8tet avviklet med f\u00f8lgende vedtak.<br \/>\n\u00c5rsberetning og Regnskp for 2011 ble godkjent.<\/p>\n<p>Som nytt styremedlem, i stedet for avtroppede f.aman. Tove I. Dahl ble valgt inn prof. Jens Ivar Nerg\u00e5rd.<\/p>\n<p>Styret best\u00e5r n\u00e5 av<\/p>\n<p>prof. Synn\u00f8ve des Bouvrie, preses,<br \/>\nprof. Erik Egeberg, visepreses,<br \/>\nprof. \u00c5shild Fredriksen, generalsekret\u00e6r,<br \/>\nf.aman. Steinar Thorvaldsen, styremedlem fra naturvitenskap<br \/>\nprof. Jens Ivar Nerg\u00e5rd, styremedlem fra humaniora\/samfunnsvitenskap.<\/p>\n<p>Prof. Gunnar Hartvigsen ga en kort orientering om Fondet Kometen, Nord-Norges forskningsfond. I \u00e5r vil det bli en utslysning p\u00e5 tilsammen kr 48.000, med s\u00f8knadsfrist 15. mars. Stipendene vil fortrinsvis g\u00e5 til masterstudenter.<\/p>\n<p>M\u00f8tet vedtok \u00e5 godkjenne innvalg av de 24. foresl\u00e5tte medlemmene. De tre manglende begrunnelsene forel\u00e5 i m\u00f8tet.<\/p>\n<p>Vennlig hilsen,<br \/>\nSynn\u00f8ve des Bouvrie\u00a0\u00a0\u00a0\u00a0\u00a0\u00a0\u00a0\u00a0\u00a0\u00a0\u00a0\u00a0\u00a0\u00a0\u00a0\u00a0 \u00c5shild Fredriksen<br \/>\npreses\u00a0\u00a0\u00a0\u00a0\u00a0\u00a0\u00a0\u00a0\u00a0\u00a0\u00a0\u00a0\u00a0\u00a0\u00a0\u00a0\u00a0\u00a0\u00a0\u00a0\u00a0\u00a0\u00a0\u00a0\u00a0\u00a0\u00a0\u00a0\u00a0\u00a0\u00a0\u00a0\u00a0\u00a0\u00a0\u00a0\u00a0 generalsekret\u00e6r<\/p>\n<iframe src=\"http:\/\/www.facebook.com\/plugins\/like.php?href=https%3A%2F%2Fsite.uit.no%2Facademiaborealis%2Farrangementer%2Farrangementer-2012%2F&amp;layout=standard&amp;show_faces=true&amp;width=450&amp;action=like&amp;colorscheme=light&amp;height=80\" scrolling=\"no\" frameborder=\"0\" style=\"border:none; overflow:hidden; width:450px; height:80px;\" allowTransparency=\"true\"><\/iframe>","protected":false},"excerpt":{"rendered":"<p>Torsdag 15. november Troms\u00f8 Bibliotek Prof. John R\u00f8nning Professor klinisk barne- og ungdomspsykologi\u00a0 \u00a0Institutt for Klinisk medisin Universitetet i Troms\u00f8 \u2018 Mobbing i skolen\u2019 Foredraget vil ta for seg fenomenet mobbing i et historisk og evolusjons-biologisk perspektiv, og dr\u00f8fte uklarheter m.h.t. definisjon. Deretter vil konsekvenser av det \u00e5 mobbe og bli mobbet bli gjennomg\u00e5tt ut [&hellip;]<\/p>\n","protected":false},"author":602,"featured_media":0,"parent":56,"menu_order":0,"comment_status":"closed","ping_status":"closed","template":"","meta":{"footnotes":""},"class_list":["post-66","page","type-page","status-publish","hentry"],"_links":{"self":[{"href":"https:\/\/site.uit.no\/academiaborealis\/wp-json\/wp\/v2\/pages\/66","targetHints":{"allow":["GET"]}}],"collection":[{"href":"https:\/\/site.uit.no\/academiaborealis\/wp-json\/wp\/v2\/pages"}],"about":[{"href":"https:\/\/site.uit.no\/academiaborealis\/wp-json\/wp\/v2\/types\/page"}],"author":[{"embeddable":true,"href":"https:\/\/site.uit.no\/academiaborealis\/wp-json\/wp\/v2\/users\/602"}],"replies":[{"embeddable":true,"href":"https:\/\/site.uit.no\/academiaborealis\/wp-json\/wp\/v2\/comments?post=66"}],"version-history":[{"count":2,"href":"https:\/\/site.uit.no\/academiaborealis\/wp-json\/wp\/v2\/pages\/66\/revisions"}],"predecessor-version":[{"id":68,"href":"https:\/\/site.uit.no\/academiaborealis\/wp-json\/wp\/v2\/pages\/66\/revisions\/68"}],"up":[{"embeddable":true,"href":"https:\/\/site.uit.no\/academiaborealis\/wp-json\/wp\/v2\/pages\/56"}],"wp:attachment":[{"href":"https:\/\/site.uit.no\/academiaborealis\/wp-json\/wp\/v2\/media?parent=66"}],"curies":[{"name":"wp","href":"https:\/\/api.w.org\/{rel}","templated":true}]}}

<div>
<p><strong>Torsdag 15. november</strong></p>
<p><span class="Apple-style-span">Tromsø Bibliotek</span></p>
<p><strong><span class="Apple-style-span">Prof. John Rønning</span></strong></p>
<p style="text-align: left" align="center"><span class="Apple-style-span">Professor klinisk barne- og ungdomspsykologi </span></p>
<p style="text-align: left" align="center"><span class="Apple-style-span"> Institutt for Klinisk medisin Universitetet i Tromsø</span></p>
<p style="text-align: left" align="center"><strong><span class="Apple-style-span">‘ Mobbing i skolen’</span></strong></p>
<p style="text-align: left">Foredraget vil ta for seg fenomenet mobbing i et historisk og evolusjons-biologisk perspektiv, og drøfte uklarheter m.h.t. definisjon. Deretter vil konsekvenser av det å mobbe og bli mobbet bli gjennomgått ut i fra den empiriske viten en per i dag har om fenomenene. Avslutningsvis vil prosjektet “Trivsel i Tromsø” bli presentert. Dette prosjektet søker å besvare mange av de spørsmål som tidligere empiri har stilt.</p>
<hr />
<p style="text-align: left"><strong>Tirsdag 16. oktober:  Harang-forelesning</strong></p>
<p style="text-align: left"><span class="Apple-style-span">Tromsø Bibliotek,</span></p>
<p><strong><span class="Apple-style-span">Dr. Jean Lilensten</span></strong></p>
<p><span class="Apple-style-span">Editor in Chief of Space Weather and Space Climate,<br />
Researcher at </span><span class="Apple-style-span">Institut de Planétologie et d&#8217;Astrophysique de Grenoble, (IPAG)</span></p>
<p>&nbsp;</p>
<p align="center"><strong><span class="Apple-style-span">‘On the shoulder of a Giant: from the Terrella to the Planeterrella’</span></strong></p>
<p>At the start of the 20th century, <span class="Apple-style-span">Kristian Birkeland</span> demonstrated the mechanism of the auroras with this marvelous <span class="Apple-style-span">Terrella</span>experiment. One century later, this experiment has been reworked to create the Planeterrella. This name includes the word &laquo;terrella&raquo; in recognition to Birkeland, and &laquo;planet&raquo; because it allows to exhibit many planetary features that were not accessible with the former Terrella.</p>
<p>During this lecture, I will show outstanding pictures of the planetary space environments and compare with their equivalents in the Planeterrella.</p>
<p>Several copies exist in different countries, which allowed about 50,000 people to picture auroras in Europe. More copies are under way. The spreading of this experiment is based on the scientific network. Its success is partly due to the fact that it is not patented but freely shared with public institutions. I will then discuss the pros and cons of its economic model: small versus big, automated versus operated, patent versus gentleman agreement, centralized diffusion versus networking, owned experiment versus shared knowledge.</p>
<div id="sbox-content-content-image"><img fetchpriority="high" decoding="async" src="http://www.ub.uit.no/nnva/images/planeterella2.jpg" width="319" height="198" border="0" /></div>
<hr />
<p><strong>Tirsdag 2. oktober 2012: Qvigstad-forelesning</strong><br />
<span class="Apple-style-span">Tromsø Bibliotek,</span></p>
<p><strong><span class="Apple-style-span">PhD Per Pippin Aspaas</span></strong></p>
<p><span class="Apple-style-span">førstebibliotekar ved  Universitetsbiblioteket i Tromsø</span></p>
<p><strong><span class="Apple-style-span">The use of Latin and the European Republic of Letters:<br />
</span><span class="Apple-style-span">change and continuity in the 17th and 18th centuries’</span></strong></p>
<p>På 1600- og 1700-tallet eksisterte det en “Res publica litteraria”, et fellesskap av lærde som utvekslet vitenskapelige ideer og oppdagelser på tvers av landegrensene. Disse brukte gjerne latin for å kommunisere seg i mellom. Foredraget tar for seg hvordan latinen etter hvert ble utfordret og til sist utkonkurrert av andre språk – italiensk, fransk, tysk og engelsk – som internasjonale språk innen naturvitenskap så vel som kulturvitenskap.</p>
<hr />
<p><strong>Torsdag 24. mai 2012</strong><br />
<span class="Apple-style-span">Tromsø Bibliotek</span></p>
</div>
<p><strong><span class="Apple-style-span">Prof. Piers Vitebsky</span></strong></p>
<p><span class="Apple-style-span">Scott Polar Research Institute, Cambridge<br />
</span><span class="Apple-style-span">Professor II, UiT</span></p>
<p><strong><span class="Apple-style-span">‘Reindeer herders and the spirits of nomadism in Siberia’</span></strong></p>
<p>For both Russian poets and Soviet administrators, the Tungus peoples (whose languages gave us the word “shaman”) were considered “wild” because they were nomadic. This lecture explores the continuing form of nomadism in northeast Siberia today and shows how reindeer herders continue to engage with the spirits of each place as they migrate around a succession of camp sites.</p>
<hr />
<p><strong>29. mars 2012,</strong><br />
Tromsø Bibliotek</p>
<p><span class="Apple-style-span"><strong>Førsteamanuensis Anne Elise Eggen</strong><br />
</span>Institutt for Samfunnsmedisin, UiT:</p>
<p><strong>&#8216;<span class="Apple-style-span">Tromsøundersøkelsen</span>&#8216;</strong><br />
Tromsøundersøkelsen startet i 1974 på bakgrunn av den høye dødeligheten av hjerte- og karsykdommer i Norge. Den har nå blitt gjennomført seks ganger og over 40 000 Tromsøværinger er undersøkt. Undersøkelsen gir basis for flere forskningsgrupper, og i dag er det drøyt 60 doktorgrader avlagt med utgangspunkt i Tromsøundersøkelsen. Tromsøundersøkelsen vil bli presentert med noen resultater fra siste undersøkelse.</p>
<p><span class="Apple-style-span"><strong>Stipendiat Laila Arnesdatter Hopstock</strong><br />
</span>Institutt for Samfunnsmedisin, UiT:</p>
<p><span class="Apple-style-span">&#8216;Årstider, vær og hjerteinfarkt&#8217;<br />
</span>Studier fra verden rundt viser at hjerteinfarktstatistikken kan påvirkes av årstidene og været. Med data fra Tromsøundersøkelsen har vi undersøkt hvordan årstider og ulike typer vær gir utslag i antall nye tilfeller av hjerteinfarkt blant Tromsøværinger, en oppfølgingsstudie fra 1974 til 2004.</p>
<hr />
<p><strong>23. februar: <span class="Apple-style-span">Årsmøte </span> 2012, kl. 1415</strong><br />
<span class="Apple-style-span">Teorifagbyggets Hus 1, 5.etg. møterom 512,<br />
</span></p>
<p><span class="Apple-style-span"><strong>Dagsorden</strong>  </span><br />
1. åpning av årsmøtet<br />
2. godkjenning av dagsorden<br />
3. konstituering av nytt styre<br />
4. orientering om Fondsmidlene ved Fondkomitéens leder Prof. Trude Haugli<br />
5. innvalg av nye medlemmer<br />
6. eventuelt</p>
<p><strong><span class="Apple-style-span">Årsmøteforedrag </span>23. februar 2012,</strong> kl. 1900</p>
<p><strong><span class="Apple-style-span">Prof. PhD.</span></strong><span class="Apple-style-span"><strong> Gudmund Hernes</strong><br />
</span>Fafo, Institutt for arbeidslivs- og velferdsforskning</p>
<p><strong><span class="Apple-style-span"> ‘Har utdannelsens klassiske grunnlag &#8211; matematikk og latin<br />
– noen relevans for dagens (høyere) opplæring?’</span></strong></p>
<p><span class="Apple-style-span"><em>Respondent:</em><br />
<strong>Prof.dr.med. Rolf Seljelid</strong></span></p>
<hr />
<p><span class="Apple-style-span"> </span><strong><span class="Apple-style-span">REFERAT FRA ÅRSMØTET</span> 23. februar 2012</strong></p>
<p>Dagsorden ble godkjent og møtet avviklet med følgende vedtak.<br />
Årsberetning og Regnskp for 2011 ble godkjent.</p>
<p>Som nytt styremedlem, i stedet for avtroppede f.aman. Tove I. Dahl ble valgt inn prof. Jens Ivar Nergård.</p>
<p>Styret består nå av</p>
<p>prof. Synnøve des Bouvrie, preses,<br />
prof. Erik Egeberg, visepreses,<br />
prof. Åshild Fredriksen, generalsekretær,<br />
f.aman. Steinar Thorvaldsen, styremedlem fra naturvitenskap<br />
prof. Jens Ivar Nergård, styremedlem fra humaniora/samfunnsvitenskap.</p>
<p>Prof. Gunnar Hartvigsen ga en kort orientering om Fondet Kometen, Nord-Norges forskningsfond. I år vil det bli en utslysning på tilsammen kr 48.000, med søknadsfrist 15. mars. Stipendene vil fortrinsvis gå til masterstudenter.</p>
<p>Møtet vedtok å godkjenne innvalg av de 24. foreslåtte medlemmene. De tre manglende begrunnelsene forelå i møtet.</p>
<p>Vennlig hilsen,<br />
Synnøve des Bouvrie                 Åshild Fredriksen<br />
preses                                      generalsekretær</p>
<iframe src="http://www.facebook.com/plugins/like.php?href=https%3A%2F%2Fsite.uit.no%2Facademiaborealis%2Farrangementer%2Farrangementer-2012%2F&amp;layout=standard&amp;show_faces=true&amp;width=450&amp;action=like&amp;colorscheme=light&amp;height=80" scrolling="no" frameborder="0" style="border:none; overflow:hidden; width:450px; height:80px;" allowTransparency="true"></iframe>

<p>Torsdag 15. november Tromsø Bibliotek Prof. John Rønning Professor klinisk barne- og ungdomspsykologi   Institutt for Klinisk medisin Universitetet i Tromsø ‘ Mobbing i skolen’ Foredraget vil ta for seg fenomenet mobbing i et historisk og evolusjons-biologisk perspektiv, og drøfte uklarheter m.h.t. definisjon. Deretter vil konsekvenser av det å mobbe og bli mobbet bli gjennomgått ut [&hellip;]</p>
