{"id":73,"date":"2016-11-17T21:53:12","date_gmt":"2016-11-17T20:53:12","guid":{"rendered":"https:\/\/site.uit.no\/academiaborealis\/?page_id=73"},"modified":"2016-11-17T21:53:12","modified_gmt":"2016-11-17T20:53:12","slug":"arrangementer-2009","status":"publish","type":"page","link":"https:\/\/site.uit.no\/academiaborealis\/arrangementer\/arrangementer-2009\/","title":{"rendered":"Arrangementer 2009"},"content":{"rendered":"<p>19. februar 2009 \u00c5rsm\u00f8te<br \/>\n<span class=\"Apple-style-span\">Professor Claire W. Armstrong<\/span><br \/>\nUniversitetet i Troms\u00f8, Institutt for \u00d8konomi, Norges fiskerih\u00f8gskole<br \/>\n&laquo;Fiskeri og habitat-en viktig &#8216;missing link&#8217; i havet?&raquo;<\/p>\n<p>12. mars Qvigstad-forelesning<br \/>\n<span class=\"Apple-style-span\">F\u00f8rsteamanuensis Roald Larsen<\/span><br \/>\nUniversitetet i Troms\u00f8, Avdeling for L\u00e6rerutdanning<br \/>\nmed kunstfaglig medvirkning ved F\u00f8rstamanuensis Arne Bj\u00f8rhei,<br \/>\nUniversitetet i Troms\u00f8, \u00a0Det kunstfaglige fakultet \/ Musikkonservatoriet<br \/>\nforteller Siri Therese Thuen, og kreativ danser Janne Nordberg<br \/>\n&laquo;Sagn fra Nord-Norge-vandresagn fra Nordomraadene&raquo;<\/p>\n<p>22. april<br \/>\n<span class=\"Apple-style-span\">Professor Tore S\u00f8rlie<\/span><br \/>\nUniversitetet i Troms\u00f8, Avdeling for Klinisk psykiatri<br \/>\n&laquo;Hva betyr negative f\u00f8lelser for utvikling av hjertekar-sykdom og hvordan kan negative f\u00f8lelser reduseres?&raquo;<\/p>\n<p>7. oktober<br \/>\n<span class=\"Apple-style-span\">Professor emeritus Ole D. Mj\u00f8s<\/span><br \/>\nUniversitetet i Troms\u00f8.\u00a0Institutt for medisins biologi, fhv. rektor ved Universitetet<br \/>\nog fhv. leder for Nobels-fredspriskomiteen<br \/>\n&laquo;Om Nobels fredspris&raquo;<\/p>\n<p>19. november Harangforelesning<br \/>\n<span class=\"Apple-style-span\">Dr. ing. Jan-Gunnar Winther<\/span><br \/>\nDirekt\u00f8r Norsk Polarinstitutt<br \/>\n&laquo;Naturlige svingninger kontra menneskeskapte-Hvordan endres klimaet i v\u00e5r tid?&raquo;<br \/>\n<span class=\"Apple-style-span\">Dr. P\u00e5l Brekke<\/span><br \/>\nseniorr\u00e5dgiver ved Norsk Romsenter<br \/>\n&laquo;Bidrar sola til globale klimaendringer?&raquo;<\/p>\n<iframe src=\"http:\/\/www.facebook.com\/plugins\/like.php?href=https%3A%2F%2Fsite.uit.no%2Facademiaborealis%2Farrangementer%2Farrangementer-2009%2F&amp;layout=standard&amp;show_faces=true&amp;width=450&amp;action=like&amp;colorscheme=light&amp;height=80\" scrolling=\"no\" frameborder=\"0\" style=\"border:none; overflow:hidden; width:450px; height:80px;\" allowTransparency=\"true\"><\/iframe>","protected":false},"excerpt":{"rendered":"<p>19. februar 2009 \u00c5rsm\u00f8te Professor Claire W. Armstrong Universitetet i Troms\u00f8, Institutt for \u00d8konomi, Norges fiskerih\u00f8gskole &laquo;Fiskeri og habitat-en viktig &#8216;missing link&#8217; i havet?&raquo; 12. mars Qvigstad-forelesning F\u00f8rsteamanuensis Roald Larsen Universitetet i Troms\u00f8, Avdeling for L\u00e6rerutdanning med kunstfaglig medvirkning ved F\u00f8rstamanuensis Arne Bj\u00f8rhei, Universitetet i Troms\u00f8, \u00a0Det kunstfaglige fakultet \/ Musikkonservatoriet forteller Siri Therese Thuen, [&hellip;]<\/p>\n","protected":false},"author":602,"featured_media":0,"parent":56,"menu_order":0,"comment_status":"closed","ping_status":"closed","template":"","meta":{"footnotes":""},"class_list":["post-73","page","type-page","status-publish","hentry"],"_links":{"self":[{"href":"https:\/\/site.uit.no\/academiaborealis\/wp-json\/wp\/v2\/pages\/73","targetHints":{"allow":["GET"]}}],"collection":[{"href":"https:\/\/site.uit.no\/academiaborealis\/wp-json\/wp\/v2\/pages"}],"about":[{"href":"https:\/\/site.uit.no\/academiaborealis\/wp-json\/wp\/v2\/types\/page"}],"author":[{"embeddable":true,"href":"https:\/\/site.uit.no\/academiaborealis\/wp-json\/wp\/v2\/users\/602"}],"replies":[{"embeddable":true,"href":"https:\/\/site.uit.no\/academiaborealis\/wp-json\/wp\/v2\/comments?post=73"}],"version-history":[{"count":1,"href":"https:\/\/site.uit.no\/academiaborealis\/wp-json\/wp\/v2\/pages\/73\/revisions"}],"predecessor-version":[{"id":74,"href":"https:\/\/site.uit.no\/academiaborealis\/wp-json\/wp\/v2\/pages\/73\/revisions\/74"}],"up":[{"embeddable":true,"href":"https:\/\/site.uit.no\/academiaborealis\/wp-json\/wp\/v2\/pages\/56"}],"wp:attachment":[{"href":"https:\/\/site.uit.no\/academiaborealis\/wp-json\/wp\/v2\/media?parent=73"}],"curies":[{"name":"wp","href":"https:\/\/api.w.org\/{rel}","templated":true}]}}