{"id":85,"date":"2016-11-17T22:00:05","date_gmt":"2016-11-17T21:00:05","guid":{"rendered":"https:\/\/site.uit.no\/academiaborealis\/?page_id=85"},"modified":"2016-11-17T22:27:15","modified_gmt":"2016-11-17T21:27:15","slug":"arrangementer-2003","status":"publish","type":"page","link":"https:\/\/site.uit.no\/academiaborealis\/arrangementer\/arrangementer-2003\/","title":{"rendered":"Arrangementer 2003"},"content":{"rendered":"<p>23. januar \u00c5rsm\u00f8te<br \/>\n<span class=\"Apple-style-span\">Professor Per Christiansen<\/span><br \/>\nUniversitetet i Troms\u00f8, Det juridiske fakultet<br \/>\n&laquo;EU som fredsprosjekt&raquo;<\/p>\n<p>20. mars<br \/>\n<span class=\"Apple-style-span\">Ulf Christensen<\/span>, rektor ved H\u00f8gskolen i Troms\u00f8,<br \/>\n<span class=\"Apple-style-span\">Professor Jarle \u00c5rbakke<\/span>,\u00a0rektor, Universitetet i Troms\u00f8<br \/>\nPanel: Prof. Ole D: Mj\u00f8s (UiT), Prof. Lars Wall\u00f8e (UiO), Prof. Jon Hellesnes (UiT), Direkt\u00f8r Arne Benjaminsen (UiT)<br \/>\n&laquo;Universitetet og H\u00f8gskolen i endring. Konsekvenser for undervisning og forskning&raquo;<\/p>\n<p>22. mai<br \/>\n<span class=\"Apple-style-span\">Stipendiat \u00c5shild Fause<\/span><br \/>\nH\u00f8gskolen i Troms\u00f8, Sykepleierutdanninga, Avdeling for helsefag<br \/>\n&laquo;Ogs\u00e5 vi n\u00e5r det blir krevet-s\u00f8strenes innsats under krigen&raquo;<\/p>\n<p>2. Oktober<br \/>\n<span class=\"Apple-style-span\">Professor Lars Wall\u00f8e<\/span><br \/>\nUniversitetet i Oslo, Fysiologisk institutt.<br \/>\n&laquo;Pestepidemier i historisk og nyere tid&raquo;<\/p>\n<p>14. november Harangforelesning<br \/>\n<span class=\"Apple-style-span\">Professor Eigil Friis-Christensen<\/span><br \/>\nDanish Space Research Institute, Copenhagen<br \/>\n&laquo;P\u00e5virker solens varierende aktivitet vores klima?&raquo;<\/p>\n<iframe src=\"http:\/\/www.facebook.com\/plugins\/like.php?href=https%3A%2F%2Fsite.uit.no%2Facademiaborealis%2Farrangementer%2Farrangementer-2003%2F&amp;layout=standard&amp;show_faces=true&amp;width=450&amp;action=like&amp;colorscheme=light&amp;height=80\" scrolling=\"no\" frameborder=\"0\" style=\"border:none; overflow:hidden; width:450px; height:80px;\" allowTransparency=\"true\"><\/iframe>","protected":false},"excerpt":{"rendered":"<p>23. januar \u00c5rsm\u00f8te Professor Per Christiansen Universitetet i Troms\u00f8, Det juridiske fakultet &laquo;EU som fredsprosjekt&raquo; 20. mars Ulf Christensen, rektor ved H\u00f8gskolen i Troms\u00f8, Professor Jarle \u00c5rbakke,\u00a0rektor, Universitetet i Troms\u00f8 Panel: Prof. Ole D: Mj\u00f8s (UiT), Prof. Lars Wall\u00f8e (UiO), Prof. Jon Hellesnes (UiT), Direkt\u00f8r Arne Benjaminsen (UiT) &laquo;Universitetet og H\u00f8gskolen i endring. Konsekvenser for [&hellip;]<\/p>\n","protected":false},"author":602,"featured_media":0,"parent":56,"menu_order":0,"comment_status":"closed","ping_status":"closed","template":"","meta":{"footnotes":""},"class_list":["post-85","page","type-page","status-publish","hentry"],"_links":{"self":[{"href":"https:\/\/site.uit.no\/academiaborealis\/wp-json\/wp\/v2\/pages\/85","targetHints":{"allow":["GET"]}}],"collection":[{"href":"https:\/\/site.uit.no\/academiaborealis\/wp-json\/wp\/v2\/pages"}],"about":[{"href":"https:\/\/site.uit.no\/academiaborealis\/wp-json\/wp\/v2\/types\/page"}],"author":[{"embeddable":true,"href":"https:\/\/site.uit.no\/academiaborealis\/wp-json\/wp\/v2\/users\/602"}],"replies":[{"embeddable":true,"href":"https:\/\/site.uit.no\/academiaborealis\/wp-json\/wp\/v2\/comments?post=85"}],"version-history":[{"count":1,"href":"https:\/\/site.uit.no\/academiaborealis\/wp-json\/wp\/v2\/pages\/85\/revisions"}],"predecessor-version":[{"id":86,"href":"https:\/\/site.uit.no\/academiaborealis\/wp-json\/wp\/v2\/pages\/85\/revisions\/86"}],"up":[{"embeddable":true,"href":"https:\/\/site.uit.no\/academiaborealis\/wp-json\/wp\/v2\/pages\/56"}],"wp:attachment":[{"href":"https:\/\/site.uit.no\/academiaborealis\/wp-json\/wp\/v2\/media?parent=85"}],"curies":[{"name":"wp","href":"https:\/\/api.w.org\/{rel}","templated":true}]}}