{"id":1003,"date":"2012-12-20T17:18:18","date_gmt":"2012-12-20T16:18:18","guid":{"rendered":"https:\/\/site.uit.no\/aigecala\/?page_id=1003"},"modified":"2023-09-25T13:20:18","modified_gmt":"2023-09-25T11:20:18","slug":"sda-birra","status":"publish","type":"page","link":"https:\/\/site.uit.no\/aigecala\/sda-birra\/","title":{"rendered":"S\u00e1mi die\u0111ala\u0161 \u00e1ige\u010d\u00e1llaga birra"},"content":{"rendered":"<h2>S\u00e1mi die\u0111ala\u0161 \u00e1ige\u010d\u00e1la \u2013 f\u00e1gaguoibme\u00e1rvvo\u0161tallojuvvon die\u0111ala\u0161 \u00e1ige\u010d\u00e1la s\u00e1megillii<\/h2>\n<p>S\u00e1mi die\u0111ala\u0161 \u00e1ige\u010d\u00e1la lea s\u00e1megiel m\u00e1\u014bggaf\u00e1gala\u0161 die\u0111ala\u0161 \u00e1ige\u010d\u00e1la mii almmuha die\u0111ala\u0161 artihkkaliid, girje\u00e1rvvo\u0161tallamiid ja doavttirgr\u00e1dalogaldallamiid s\u00e1mi servodaga, kultuvrra, giela, historjj\u00e1 ja ear\u00e1 s\u00e1mi ja eami\u00e1lbmogiid guoski f\u00e1tt\u00e1id birra. \u00c1ige\u010d\u00e1llaga almmuhit S\u00e1mi allaskuvla ja UiT Norgga \u00e1rktala\u0161 universitehta S\u00e1mi dutkamiid guovdd\u00e1\u0161 ovttasbarggus. Vuostta\u0161 nummar ilmmai 1994:s.<\/p>\n<p>S\u00e1mi die\u0111ala\u0161 \u00e1ige\u010d\u00e1la lea <a href=\"http:\/\/dbh.nsd.uib.no\/\" target=\"_blank\" rel=\"noopener noreferrer\">die\u0111ala\u0161 \u00e1ige\u010d\u00e1llagiid ja l\u00e1g\u00e1dusaid Norgga registaris<\/a> dohkkehuvvon almmuhankan\u00e1lan 2. d\u00e1sis, ovdamearkka dihte\u00a0<a href=\"http:\/\/www.cristin.no\/\">Cristin<\/a>-vuog\u00e1dagas. <a href=\"http:\/\/www.julkaisufoorumi.fi\/\" target=\"_blank\" rel=\"noopener noreferrer\">Suoma publika\u0161uvdnaregistaris<\/a> lea S\u00e1mi die\u0111ala\u0161 \u00e1ige\u010d\u00e1la\u00a0d\u00e1sis 1<em>.<\/em><\/p>\n<p>S\u00e1mi die\u0111ala\u0161 \u00e1ige\u010d\u00e1llaga doaimmahusgoddi bovde \u010d\u00e1lliid s\u00e1ddet die\u0111ala\u0161 artihkkaliid ja ear\u00e1 namuhuvvon \u010d\u00e1llosiid S\u00e1mi die\u0111ala\u0161 \u00e1ige\u010d\u00e1llagii, ja daid s\u00e1htt\u00e1 s\u00e1ddet sisa miehtt\u00e1 jagi.<\/p>\n<p>Artihkkalat galget \u010d\u00e1llot man nu s\u00e1megillii, ja dat eai galgga leat jorgaluvvon ear\u00e1 gielain. Artihkkalat galget h\u00e1bmejuvvot d\u00e1rkilit S\u00e1mi die\u0111ala\u0161 \u00e1ige\u010d\u00e1llaga\u00a0<a href=\"https:\/\/site.uit.no\/aigecala\/callinravvagat\/\">\u010d\u00e1llinr\u00e1vvagiid<\/a>\u00a0mielde. Artihkkalat s\u00e1ddejuvvojit\u00a0<a href=\"https:\/\/site.uit.no\/aigecala\/sg\/doaimmahusgoddi-2\/\">doaimmahus\u010d\u00e1ll\u00e1i<\/a>.<\/p>\n<p>\u00a0<\/p>\n<p>S\u00e1mi die\u0111ala\u0161 \u00e1ige\u010d\u00e1la lea 2023 r\u00e1jes sirdimin WordPress neahttasiidduin <a href=\"https:\/\/septentrio.uit.no\/\" target=\"_blank\" rel=\"noopener\">Septentrio Academic Publishing neahttasiidduide<\/a> (UiT Norgga \u00e1rktala\u0161 universitehta almmuhanb\u00e1lvalus). Buot S\u00e1mi die\u0111ala\u0161 \u00e1ige\u010d\u00e1llaga sisdoallu sirdojuvvo da\u0111istaga Septentrio geavahanvuog\u00e1dahkii. Gaskaboddosa\u010d\u010dat leat ain ovdde\u0161 almmuhuvvon nummirat ja ear\u00e1 die\u0111ut ol\u00e1muttus \u00e1ige\u010d\u00e1llaga WordPress neahttasiidduin. <a href=\"https:\/\/septentrio.uit.no\/index.php\/SDA\" target=\"_blank\" rel=\"noopener\">S\u00e1mi die\u0111ala\u0161 \u00e1ige\u010d\u00e1llaga Septentrio neahttasiiddut<\/a> galget oll\u00e1sit jorgaluvvot davvis\u00e1megillii go progr\u00e1mma geavahanlakta davvis\u00e1megiela v\u00e1r\u00e1s lea r\u00e1hkaduvvon.<\/p>\n<p>Starting with 2023, S\u00e1mi die\u0111ala\u0161 \u00e1ige\u010d\u00e1la is moving from its WordPress website to <a href=\"https:\/\/septentrio.uit.no\/\" target=\"_blank\" rel=\"noopener\">Septentrio Academic Publishing<\/a> (a publishing service at UiT The Arctic University of Norway). All of the content will gradually be transferred to Septentrio. For the time being, you can still find a full overview of the issues and other journal information on S\u00e1mi die\u0111ala\u0161 \u00e1ige\u010d\u00e1la&#8217;s WordPress website. <a href=\"https:\/\/septentrio.uit.no\/index.php\/SDA\/\" target=\"_blank\" rel=\"noopener\">S\u00e1mi die\u0111ala\u0161 \u00e1ige\u010d\u00e1la&#8217;s Septentrio website<\/a> will be fully translated to Northern Saami, when the programme&#8217;s interface for Northern Saami is developed.<\/p>\n<p>\u00a0<\/p>\n\n\n<p><\/p>\n\n\n\n<p><\/p>\n\n\n\n<p><a rel=\"noreferrer noopener\" href=\"https:\/\/uustatus.no\/nb\/erklaringer\/publisert\/7570c2fb-4d77-4dce-8745-cca493a0e545\" target=\"_blank\">Tilgjengelighetserkl\u00e6ring &#8211; Beasatla\u0161vuo\u0111ajulgga\u0161tus<\/a><\/p>\n","protected":false},"excerpt":{"rendered":"<p>S\u00e1mi die\u0111ala\u0161 \u00e1ige\u010d\u00e1la \u2013 f\u00e1gaguoibme\u00e1rvvo\u0161tallojuvvon die\u0111ala\u0161 \u00e1ige\u010d\u00e1la s\u00e1megillii S\u00e1mi die\u0111ala\u0161 \u00e1ige\u010d\u00e1la lea s\u00e1megiel m\u00e1\u014bggaf\u00e1gala\u0161 die\u0111ala\u0161 \u00e1ige\u010d\u00e1la mii almmuha die\u0111ala\u0161 artihkkaliid, girje\u00e1rvvo\u0161tallamiid ja doavttirgr\u00e1dalogaldallamiid s\u00e1mi servodaga, kultuvrra, giela, historjj\u00e1 ja ear\u00e1 s\u00e1mi ja eami\u00e1lbmogiid guoski f\u00e1tt\u00e1id birra. \u00c1ige\u010d\u00e1llaga almmuhit S\u00e1mi allaskuvla &hellip; <a href=\"https:\/\/site.uit.no\/aigecala\/sda-birra\/\">Les videre <span class=\"meta-nav\">&rarr;<\/span><\/a><\/p>\n","protected":false},"author":72,"featured_media":0,"parent":0,"menu_order":0,"comment_status":"closed","ping_status":"closed","template":"","meta":{"footnotes":""},"class_list":["post-1003","page","type-page","status-publish","hentry"],"_links":{"self":[{"href":"https:\/\/site.uit.no\/aigecala\/wp-json\/wp\/v2\/pages\/1003","targetHints":{"allow":["GET"]}}],"collection":[{"href":"https:\/\/site.uit.no\/aigecala\/wp-json\/wp\/v2\/pages"}],"about":[{"href":"https:\/\/site.uit.no\/aigecala\/wp-json\/wp\/v2\/types\/page"}],"author":[{"embeddable":true,"href":"https:\/\/site.uit.no\/aigecala\/wp-json\/wp\/v2\/users\/72"}],"replies":[{"embeddable":true,"href":"https:\/\/site.uit.no\/aigecala\/wp-json\/wp\/v2\/comments?post=1003"}],"version-history":[{"count":3,"href":"https:\/\/site.uit.no\/aigecala\/wp-json\/wp\/v2\/pages\/1003\/revisions"}],"predecessor-version":[{"id":3622,"href":"https:\/\/site.uit.no\/aigecala\/wp-json\/wp\/v2\/pages\/1003\/revisions\/3622"}],"wp:attachment":[{"href":"https:\/\/site.uit.no\/aigecala\/wp-json\/wp\/v2\/media?parent=1003"}],"curies":[{"name":"wp","href":"https:\/\/api.w.org\/{rel}","templated":true}]}}