{"id":320,"date":"2011-11-11T12:05:11","date_gmt":"2011-11-11T11:05:11","guid":{"rendered":"https:\/\/site.uit.no\/aigecala\/?page_id=320"},"modified":"2023-06-13T14:19:52","modified_gmt":"2023-06-13T12:19:52","slug":"aigecala-2","status":"publish","type":"page","link":"https:\/\/site.uit.no\/aigecala\/","title":{"rendered":"S\u00e1mi die\u0111ala\u0161 \u00e1ige\u010d\u00e1la"},"content":{"rendered":"<h3>\u2013\u00a0 f\u00e1gaguoibme\u00e1rvvo\u0161tallon s\u00e1megiel die\u0111ala\u0161 \u00e1ige\u010d\u00e1la!<\/h3>\n<p><em>S\u00e1mi die\u0111ala\u0161 \u00e1ige\u010d\u00e1la (SD\u00c1)<\/em> lea m\u00e1\u014bggaf\u00e1gala\u0161 die\u0111ala\u0161 \u00e1ige\u010d\u00e1la, man S\u00e1mi allaskuvla ja UiT Norgga \u00e1rktala\u0161 universitehta S\u00e1mi dutkamiid guovdd\u00e1\u0161 almmuhit ovttasbarggus.<\/p>\n<p><em>S\u00e1mi die\u0111ala\u0161 \u00e1ige\u010d\u00e1la <\/em>almmuhuvvo sihke\u00a0b\u00e1birh\u00e1mis ja elektrovnnala\u0161 h\u00e1mis, mii lea nuvtt\u00e1 ja rabas buohkaide.<\/p>\n<p>O\u0111\u0111aseamos nummir:<\/p>\n<p>Loga <a title=\"S\u00e1mi die\u0111ala\u0161 \u00e1ige\u010d\u00e1la 2022\" href=\"https:\/\/site.uit.no\/aigecala\/2022-1\/\">S\u00e1mi die\u0111ala\u0161 \u00e1ige\u010d\u00e1llaga 2022<\/a>.<\/p>\n<p>Boarr\u00e1set nummirat elektrovnnala\u0161 h\u00e1mis:<\/p>\n<p>Loga <a href=\"https:\/\/site.uit.no\/aigecala\/2021-1\/\">S\u00e1mi die\u0111ala\u0161 \u00e1ige\u010d\u00e1llaga 2021<\/a>.<br \/>\nLoga\u00a0<a title=\"S\u00e1mi die\u0111ala\u0161 \u00e1ige\u010d\u00e1la 2020\" href=\"https:\/\/site.uit.no\/aigecala\/2020-1\/\">S\u00e1mi die\u0111ala\u0161 \u00e1ige\u010d\u00e1llaga 2020<\/a>.<br \/>\nLoga\u00a0<a title=\"S\u00e1mi die\u0111ala\u0161 \u00e1ige\u010d\u00e1la 1\/2019\" href=\"https:\/\/site.uit.no\/aigecala\/2019-1\/\">S\u00e1mi die\u0111ala\u0161 \u00e1ige\u010d\u00e1llaga 1\/2019<\/a>.<br \/>\nLoga\u00a0<a title=\"S\u00e1mi die\u0111ala\u0161 \u00e1ige\u010d\u00e1la 1\/2018\" href=\"https:\/\/site.uit.no\/aigecala\/2018-1\/\">S\u00e1mi die\u0111ala\u0161 \u00e1ige\u010d\u00e1llaga 1\/2018<\/a>.<br \/>\nLoga\u00a0<a title=\"S\u00e1mi die\u0111ala\u0161 \u00e1ige\u010d\u00e1la 2\/2016\" href=\"https:\/\/site.uit.no\/aigecala\/2016-2\/\">S\u00e1mi die\u0111ala\u0161 \u00e1ige\u010d\u00e1llaga 2\/2016<\/a>.<br \/>\nLoga <a title=\"S\u00e1mi die\u0111ala\u0161 \u00e1ige\u010d\u00e1la 1\/2016\" href=\"https:\/\/site.uit.no\/aigecala\/2016-1\/\">S\u00e1mi die\u0111ala\u0161 \u00e1ige\u010d\u00e1llaga 1\/2016<\/a>.<br \/>\nLoga <a title=\"S\u00e1mi die\u0111ala\u0161 \u00e1ige\u010d\u00e1la 2\/2015\" href=\"https:\/\/site.uit.no\/aigecala\/2015-2\/\">S\u00e1mi die\u0111ala\u0161 \u00e1ige\u010d\u00e1llaga 2\/2015<\/a>.<br \/>\nLoga <a title=\"S\u00e1mi die\u0111ala\u0161 \u00e1ige\u010d\u00e1la 1\/2015\" href=\"https:\/\/site.uit.no\/aigecala\/2015-1\/\">S\u00e1mi die\u0111ala\u0161 \u00e1ige\u010d\u00e1llaga 1\/2015<\/a>.<br \/>\nLoga <a title=\"S\u00e1mi die\u0111ala\u0161 \u00e1ige\u010d\u00e1la 2\/2014\" href=\"https:\/\/site.uit.no\/aigecala\/2014-2\/\">S\u00e1mi die\u0111ala\u0161 \u00e1ige\u010d\u00e1llaga 2\/2014<\/a>.<br \/>\nLoga <a title=\"2014-1\" href=\"https:\/\/site.uit.no\/aigecala\/2014-1\/\">S\u00e1mi die\u0111ala\u0161 \u00e1ige\u010d\u00e1llaga 1\/2014.<\/a><br \/>\nLoga <a title=\"2013-2\" href=\"https:\/\/site.uit.no\/aigecala\/2013-2\/\">S\u00e1mi die\u0111ala\u0161 \u00e1ige\u010d\u00e1llaga 2\/2013.<\/a><br \/>\nLoga <a title=\"2013-1\" href=\"https:\/\/site.uit.no\/aigecala\/2013-1\/\">S\u00e1mi die\u0111ala\u0161 \u00e1ige\u010d\u00e1llaga 1\/2013.<\/a><br \/>\nLoga <a href=\"https:\/\/site.uit.no\/aigecala\/2012-2\/\">S\u00e1mi die\u0111ala\u0161 \u00e1ige\u010d\u00e1llaga 2\/2012<\/a>.<br \/>\nLoga <a href=\"https:\/\/site.uit.no\/aigecala\/2011-2-2012-1\/\">S\u00e1mi die\u0111ala\u0161 \u00e1ige\u010d\u00e1llaga 2\/2011\u20131\/2012<\/a>.<br \/>\nLoga <a href=\"https:\/\/site.uit.no\/aigecala\/2011-1\/\">S\u00e1mi die\u0111ala\u0161 \u00e1ige\u010d\u00e1llaga 1\/2011<\/a>.<br \/>\nLoga <a href=\"https:\/\/site.uit.no\/aigecala\/2010-2\/\">S\u00e1mi die\u0111ala\u0161 \u00e1ige\u010d\u00e1llaga 2\/2010<\/a>.<br \/>\nLoga <a href=\"https:\/\/site.uit.no\/aigecala\/2010-1\/\">S\u00e1mi die\u0111ala\u0161 \u00e1ige\u010d\u00e1llaga 1\/2010<\/a>.<br \/>\nLoga <a href=\"https:\/\/site.uit.no\/aigecala\/2009-1\/\">S\u00e1mi die\u0111ala\u0161 \u00e1ige\u010d\u00e1llaga 1\u20132\/2009<\/a>.<br \/>\nLoga <a href=\"https:\/\/site.uit.no\/aigecala\/2008-2\/\">S\u00e1mi die\u0111ala\u0161 \u00e1ige\u010d\u00e1llaga 2\/2008<\/a>.<br \/>\nLoga <a href=\"https:\/\/site.uit.no\/aigecala\/2008-1\/\">S\u00e1mi die\u0111ala\u0161 \u00e1ige\u010d\u00e1llaga 1\/2008<\/a>.<br \/>\nLoga <a href=\"https:\/\/site.uit.no\/aigecala\/2007-1\/\">S\u00e1mi die\u0111ala\u0161 \u00e1ige\u010d\u00e1llaga 1-2\/2007<\/a>.<br \/>\nLoga <a href=\"https:\/\/site.uit.no\/aigecala\/2006-1\/\">S\u00e1mi die\u0111ala\u0161 \u00e1ige\u010d\u00e1llaga 1\/2006<\/a>.<\/p>\n","protected":false},"excerpt":{"rendered":"<p>\u2013\u00a0 f\u00e1gaguoibme\u00e1rvvo\u0161tallon s\u00e1megiel die\u0111ala\u0161 \u00e1ige\u010d\u00e1la! S\u00e1mi die\u0111ala\u0161 \u00e1ige\u010d\u00e1la (SD\u00c1) lea m\u00e1\u014bggaf\u00e1gala\u0161 die\u0111ala\u0161 \u00e1ige\u010d\u00e1la, man S\u00e1mi allaskuvla ja UiT Norgga \u00e1rktala\u0161 universitehta S\u00e1mi dutkamiid guovdd\u00e1\u0161 almmuhit ovttasbarggus. S\u00e1mi die\u0111ala\u0161 \u00e1ige\u010d\u00e1la almmuhuvvo sihke\u00a0b\u00e1birh\u00e1mis ja elektrovnnala\u0161 h\u00e1mis, mii lea nuvtt\u00e1 ja rabas buohkaide. &hellip; <a href=\"https:\/\/site.uit.no\/aigecala\/\">Les videre <span class=\"meta-nav\">&rarr;<\/span><\/a><\/p>\n","protected":false},"author":7,"featured_media":0,"parent":0,"menu_order":0,"comment_status":"closed","ping_status":"closed","template":"onecolumn-page.php","meta":{"footnotes":""},"class_list":["post-320","page","type-page","status-publish","hentry"],"_links":{"self":[{"href":"https:\/\/site.uit.no\/aigecala\/wp-json\/wp\/v2\/pages\/320","targetHints":{"allow":["GET"]}}],"collection":[{"href":"https:\/\/site.uit.no\/aigecala\/wp-json\/wp\/v2\/pages"}],"about":[{"href":"https:\/\/site.uit.no\/aigecala\/wp-json\/wp\/v2\/types\/page"}],"author":[{"embeddable":true,"href":"https:\/\/site.uit.no\/aigecala\/wp-json\/wp\/v2\/users\/7"}],"replies":[{"embeddable":true,"href":"https:\/\/site.uit.no\/aigecala\/wp-json\/wp\/v2\/comments?post=320"}],"version-history":[{"count":2,"href":"https:\/\/site.uit.no\/aigecala\/wp-json\/wp\/v2\/pages\/320\/revisions"}],"predecessor-version":[{"id":3603,"href":"https:\/\/site.uit.no\/aigecala\/wp-json\/wp\/v2\/pages\/320\/revisions\/3603"}],"wp:attachment":[{"href":"https:\/\/site.uit.no\/aigecala\/wp-json\/wp\/v2\/media?parent=320"}],"curies":[{"name":"wp","href":"https:\/\/api.w.org\/{rel}","templated":true}]}}