{"id":363,"date":"2011-11-15T15:01:16","date_gmt":"2011-11-15T14:01:16","guid":{"rendered":"https:\/\/site.uit.no\/aigecala\/?page_id=363"},"modified":"2022-03-10T10:20:39","modified_gmt":"2022-03-10T09:20:39","slug":"doaimmahusgoddi-2","status":"publish","type":"page","link":"https:\/\/site.uit.no\/aigecala\/doaimmahusgoddi-2\/","title":{"rendered":"Doaimmahusgoddi"},"content":{"rendered":"<h2 align=\"left\"><strong>S\u00e1mi die\u0111ala\u0161 \u00e1ige\u010d\u00e1llaga doaimmahusgoddi <\/strong><\/h2>\n<p align=\"left\">S\u00e1mi die\u0111ala\u0161 \u00e1ige\u010d\u00e1llaga doaimmahusgottis leat \u010duovvova\u0161 lahtut:<\/p>\n<p align=\"left\"><strong>Harald Gaski<\/strong>, S\u00e1mi allaskuvla,<br \/>\n<em>v\u00e1ldodoaimmaheaddji<br \/>\n<\/em>E-poasta: <a href=\"mailto:haraldg@samas.no\">haraldg@samas.no<\/a> \/ <a href=\"mailto:harald.gaski@uit.no\">harald.gaski@uit.no<\/a><\/p>\n<p align=\"left\"><strong>Berit Anne Bals Baal<\/strong>, S\u00e1mi allaskuvla.<br \/>\nE-poasta:\u00a0<a href=\"mailto:beritabb@samas.no\">beritabb@samas.no<\/a><\/p>\n<p align=\"left\"><strong>Lill Tove Fredriksen<\/strong>, vuostta\u0161amanueansa, UiT Norgga \u00e1rktala\u0161 universitehta.<br \/>\nE-poasta: <a href=\"mailto:lill.tove.fredriksen@uit.no\">lill.tove.fredriksen@uit.no<\/a><\/p>\n<p align=\"left\"><strong>Mikkel Nils Sara<\/strong>,\u00a0vuostta\u0161amanueansa, S\u00e1mi allaskuvla.<br \/>\nE-poasta: <a href=\"mailto:mikkelnms@samas.no\">mikkelnms@samas.no<\/a><\/p>\n<h2 align=\"left\"><strong>Doaimmahus\u010d\u00e1lli<\/strong><\/h2>\n<p align=\"left\"><strong>Arnstein Johnskareng<\/strong>, UiT Norgga \u00e1rktala\u0161 universitehta,<br \/>\n<em>doaimmahus\u010d\u00e1lli<\/em><br \/>\nE-poasta: <a href=\"mailto:arnstein.johnskareng@uit.no\">arnstein.johnskareng@uit.no<\/a><\/p>\n<p align=\"left\">\n","protected":false},"excerpt":{"rendered":"<p>S\u00e1mi die\u0111ala\u0161 \u00e1ige\u010d\u00e1llaga doaimmahusgoddi S\u00e1mi die\u0111ala\u0161 \u00e1ige\u010d\u00e1llaga doaimmahusgottis leat \u010duovvova\u0161 lahtut: Harald Gaski, S\u00e1mi allaskuvla, v\u00e1ldodoaimmaheaddji E-poasta: haraldg@samas.no \/ harald.gaski@uit.no Berit Anne Bals Baal, S\u00e1mi allaskuvla. E-poasta:\u00a0beritabb@samas.no Lill Tove Fredriksen, vuostta\u0161amanueansa, UiT Norgga \u00e1rktala\u0161 universitehta. E-poasta: lill.tove.fredriksen@uit.no Mikkel Nils Sara,\u00a0vuostta\u0161amanueansa, &hellip; <a href=\"https:\/\/site.uit.no\/aigecala\/doaimmahusgoddi-2\/\">Les videre <span class=\"meta-nav\">&rarr;<\/span><\/a><\/p>\n","protected":false},"author":91,"featured_media":0,"parent":0,"menu_order":0,"comment_status":"closed","ping_status":"closed","template":"","meta":{"footnotes":""},"class_list":["post-363","page","type-page","status-publish","hentry"],"_links":{"self":[{"href":"https:\/\/site.uit.no\/aigecala\/wp-json\/wp\/v2\/pages\/363","targetHints":{"allow":["GET"]}}],"collection":[{"href":"https:\/\/site.uit.no\/aigecala\/wp-json\/wp\/v2\/pages"}],"about":[{"href":"https:\/\/site.uit.no\/aigecala\/wp-json\/wp\/v2\/types\/page"}],"author":[{"embeddable":true,"href":"https:\/\/site.uit.no\/aigecala\/wp-json\/wp\/v2\/users\/91"}],"replies":[{"embeddable":true,"href":"https:\/\/site.uit.no\/aigecala\/wp-json\/wp\/v2\/comments?post=363"}],"version-history":[{"count":48,"href":"https:\/\/site.uit.no\/aigecala\/wp-json\/wp\/v2\/pages\/363\/revisions"}],"predecessor-version":[{"id":469,"href":"https:\/\/site.uit.no\/aigecala\/wp-json\/wp\/v2\/pages\/363\/revisions\/469"}],"wp:attachment":[{"href":"https:\/\/site.uit.no\/aigecala\/wp-json\/wp\/v2\/media?parent=363"}],"curies":[{"name":"wp","href":"https:\/\/api.w.org\/{rel}","templated":true}]}}