{"id":77,"date":"2026-01-26T12:18:19","date_gmt":"2026-01-26T11:18:19","guid":{"rendered":"https:\/\/site.uit.no\/biebmolassi\/?page_id=77"},"modified":"2026-01-26T14:11:36","modified_gmt":"2026-01-26T13:11:36","slug":"about-biebmolassi","status":"publish","type":"page","link":"https:\/\/site.uit.no\/biebmolassi\/about-biebmolassi\/","title":{"rendered":"About Biebmolassi"},"content":{"rendered":"\n<p>Taking as a point of departure the disruption of local and S\u00e1mi food systems in a region characterized by Norwegianization processes, this project aims to contribute to the emerging reconciliation processes for S\u00e1mi in Norway.&nbsp;Biebmolassi&nbsp;draws upon and operationalizes an Indigenous understanding of food systems,&nbsp;where food is a central part of culture and an arena for reconciliation that can serve to bridge the past with the present acknowledging&nbsp;traditional S\u00e1mi foods as a valued part of S\u00e1mi culture.&nbsp;In the project,&nbsp;we&nbsp;focus on&nbsp;local S\u00e1mi food systems in&nbsp;Stuornj\u00e1rga&nbsp;(Sk\u00e5nlandshalv\u00f8ya)&nbsp;in&nbsp;Southern Troms and&nbsp;the&nbsp;Sallto&nbsp;(Salten)&nbsp;region in&nbsp;Nordland, and&nbsp;how&nbsp;the&nbsp;vitalization of food systems can contribute to&nbsp;reconciliation.&nbsp;&nbsp;<\/p>\n\n\n\n<p>Biebmolassi&nbsp;addresses&nbsp;knowledge&nbsp;gaps&nbsp;identified&nbsp;in the Norwegian Truth and Reconciliation&nbsp;Commission (NTRC)&nbsp;Report.&nbsp;During the modernization of fisheries and&nbsp;agriculture, S\u00e1mi&nbsp;food systems and traditions were&nbsp;integrated into the larger societal political and economic structures&nbsp;of the increasingly industrial food production systems.&nbsp;The&nbsp;NTRC&nbsp;highlights how the state policy of Norwegianization disrupted S\u00e1mi use of nature. This disruption occurred because it conflicted with the Norwegian agricultural expansion in northern Norway. The expansion prioritized agricultural needs over nomadic reindeer husbandry and nature harvest practices.&nbsp;Consequently,&nbsp;government policies strengthened the colonization of agricultural land in parts of Nordland and Troms&nbsp;at&nbsp;the beginning of the 20<sup>th<\/sup>&nbsp;century&nbsp;(H\u00f8ybr\u00e5ten&nbsp;et al.&nbsp;2023,&nbsp;245).&nbsp;In&nbsp;coastal&nbsp;S\u00e1mi&nbsp;regions, local&nbsp;fishermen&nbsp;report that regulations put combination industries under pressure and restricted&nbsp;the possibilities to practice traditional industries, which in turn have consequences for language and cultural practices in sea S\u00e1mi areas (H\u00f8ybr\u00e5ten&nbsp;et&nbsp;al.&nbsp;2023,&nbsp;582).&nbsp;Addressing these&nbsp;challenges&nbsp;is&nbsp;critical for improving the understanding and recognition of S\u00e1mi&nbsp;food&nbsp;practices in Norwegian policy and governance frameworks.&nbsp;<\/p>\n\n\n\n<p>Biebmolassi&nbsp;will explore historical and present-time S\u00e1mi and local food systems in&nbsp;Sallto&nbsp;and&nbsp;Stuornj\u00e1rga; how they have been disrupted,&nbsp;how they have changed, and what innovations and new products can be developed based on local S\u00e1mi food traditions.&nbsp;Biebmolassi&nbsp;is a S\u00e1mi concept referring to harvesting&nbsp;and&nbsp;subsistence&nbsp;practices, such as berry picking, fishing, hunting,&nbsp;pastoralism,&nbsp;and&nbsp;food production.&nbsp;The role&nbsp;of&nbsp;Indigenous&nbsp;peoples\u2019&nbsp;food systems in achieving global biodiversity targets&nbsp;and&nbsp;mitigating and adapting to climate change&nbsp;is an&nbsp;emerging&nbsp;field of action and research in sustainability science and Indigenous studies&nbsp;(Kuhnlein&nbsp;et al.&nbsp;2019;&nbsp;Bezner&nbsp;Kerr et al. 2022;&nbsp;Oskal&nbsp;et al. 2023;&nbsp;Rybr\u00e5ten&nbsp;et al. 2024).&nbsp;The purpose of&nbsp;Biebmolassi&nbsp;is to&nbsp;examine&nbsp;local and Indigenous&nbsp;S\u00e1mi&nbsp;food systems as&nbsp;part&nbsp;of&nbsp;the&nbsp;Indigenous food systems&nbsp;and&nbsp;the&nbsp;environmental and cultural sustainability fields of research.&nbsp;&nbsp;<\/p>\n\n\n\n<p>Most research on&nbsp;S\u00e1mi food systems&nbsp;has&nbsp;been conducted&nbsp;in&nbsp;Finnmark&nbsp;County&nbsp;in&nbsp;the context of reindeer husbandry.&nbsp;At the same time, Norwegianization&nbsp;processes&nbsp;played out differently in&nbsp;the&nbsp;Sallto&nbsp;and&nbsp;Stuornj\u00e1rga&nbsp;regions&nbsp;compared to the \u201ccore areas\u201d in&nbsp;Finnmark,&nbsp;which&nbsp;impacts&nbsp;the degree to which food&nbsp;systems and food&nbsp;practices&nbsp;are currently recognized and remembered as distinctly&nbsp;S\u00e1mi&nbsp;or Norwegian.&nbsp;&nbsp;<\/p>\n\n\n\n<p>Biebmolassi&nbsp;is uniquely positioned to investigate the food systems in&nbsp;Sallto&nbsp;and&nbsp;Stuornj\u00e1rga&nbsp;due to its cooperation with local actors who are well-positioned and trusted.&nbsp;<\/p>\n\n\n\n<p><em>The&nbsp;Biebmolassi&nbsp;project\u2019s&nbsp;primary&nbsp;objective&nbsp;is to<\/em>&nbsp;<em>contribute to the emerging reconciliation processes for S\u00e1mi in the&nbsp;Sallto&nbsp;and&nbsp;Stuornj\u00e1rga&nbsp;regions&nbsp;through increased knowledge production on local S\u00e1mi food systems<\/em>.&nbsp;&nbsp;<\/p>\n\n\n\n<div style=\"height:60px\" aria-hidden=\"true\" class=\"wp-block-spacer\"><\/div>\n\n\n\n<div class=\"wp-block-buttons is-layout-flex wp-block-buttons-is-layout-flex\">\n<div class=\"wp-block-button\"><a class=\"wp-block-button__link wp-element-button\" href=\"https:\/\/site.uit.no\/biebmolassi\/research-questions-theoretical-approach-and-methodology\/\">Research Questions, Theoretical Approach and Methodology<\/a><\/div>\n\n\n\n<div class=\"wp-block-button\"><a class=\"wp-block-button__link wp-element-button\" href=\"https:\/\/site.uit.no\/biebmolassi\/workpackages\/\">Workpackages<\/a><\/div>\n\n\n\n<div class=\"wp-block-button\"><a class=\"wp-block-button__link wp-element-button\" href=\"https:\/\/site.uit.no\/biebmolassi\/researchers\/\">The Project Group<\/a><\/div>\n\n\n\n<div class=\"wp-block-button\"><a class=\"wp-block-button__link wp-element-button\" href=\"https:\/\/site.uit.no\/biebmolassi\/reference-list\/\">Reference List<\/a><\/div>\n<\/div>\n\n\n\n<div style=\"height:100px\" aria-hidden=\"true\" class=\"wp-block-spacer\"><\/div>\n","protected":false},"excerpt":{"rendered":"<p>Taking as a point of departure the disruption of local and S\u00e1mi food systems in a region characterized by Norwegianization processes, this project aims to contribute to the emerging reconciliation processes for S\u00e1mi in Norway.&nbsp;Biebmolassi&nbsp;draws upon and operationalizes an Indigenous understanding of food systems,&nbsp;where food is a central part of [&hellip;]<\/p>\n","protected":false},"author":123712,"featured_media":0,"parent":0,"menu_order":0,"comment_status":"closed","ping_status":"closed","template":"","meta":{"footnotes":""},"class_list":["post-77","page","type-page","status-publish","hentry"],"_links":{"self":[{"href":"https:\/\/site.uit.no\/biebmolassi\/wp-json\/wp\/v2\/pages\/77","targetHints":{"allow":["GET"]}}],"collection":[{"href":"https:\/\/site.uit.no\/biebmolassi\/wp-json\/wp\/v2\/pages"}],"about":[{"href":"https:\/\/site.uit.no\/biebmolassi\/wp-json\/wp\/v2\/types\/page"}],"author":[{"embeddable":true,"href":"https:\/\/site.uit.no\/biebmolassi\/wp-json\/wp\/v2\/users\/123712"}],"replies":[{"embeddable":true,"href":"https:\/\/site.uit.no\/biebmolassi\/wp-json\/wp\/v2\/comments?post=77"}],"version-history":[{"count":3,"href":"https:\/\/site.uit.no\/biebmolassi\/wp-json\/wp\/v2\/pages\/77\/revisions"}],"predecessor-version":[{"id":147,"href":"https:\/\/site.uit.no\/biebmolassi\/wp-json\/wp\/v2\/pages\/77\/revisions\/147"}],"wp:attachment":[{"href":"https:\/\/site.uit.no\/biebmolassi\/wp-json\/wp\/v2\/media?parent=77"}],"curies":[{"name":"wp","href":"https:\/\/api.w.org\/{rel}","templated":true}]}}