{"id":2,"date":"2022-08-24T11:21:14","date_gmt":"2022-08-24T11:21:14","guid":{"rendered":"https:\/\/site.uit.no\/biopraksis\/?page_id=2"},"modified":"2023-02-13T09:22:50","modified_gmt":"2023-02-13T08:22:50","slug":"sample-page","status":"publish","type":"page","link":"https:\/\/site.uit.no\/biopraksis\/","title":{"rendered":"Velkomen til v\u00e5r blog for praksis i n\u00e6ringslivet for biologistudenter"},"content":{"rendered":"<div class=\"col-md-12\">\n<div class=\"row\">\n<div class=\"col-md-11\">\n<div class=\"media-body\">\n<p>Emnet er i sitt andre \u00e5r ved instituttet for Arktisk og Marin Biologi, UiT Norges arktiske Universitet og g\u00e5r over to semestre, der studentene selv s\u00f8ker praksisplass p\u00e5 h\u00f8sten og g\u00e5r ut i praksis p\u00e5 v\u00e5ren.<\/p>\n<p>Som en del av arbeidskravene skal studentene skriver blogginnlegg for \u00e5 fortelle om sine erfaringer. Disse innleggene publiseres her.<\/p>\n<p>I l\u00f8pet av emnet vil studentene tilegne seg viktig kunnskap og ferdigheter i forbindelse med s\u00f8knadsskriving, og de vil gj\u00f8re seg kjent med bedriftens\/institusjons funksjon, organisering og arbeidsforhold. I tillegg vil studentene f\u00e5 mulighet til \u00e5 bruke sin kunnskap i en profesjonell hverdag.<\/p>\n<p>Denne bloggen gir en oversikt over hvert studentkull sine erfaringer og spennende opplevelser som praksisstudent.<\/p>\n<\/div>\n<p>Mer om emnet BIO-2014 Praksis i n\u00e6ringslivet for biologistudenter finner du <span style=\"color: #0000ff\"><a style=\"color: #0000ff\" href=\"https:\/\/uit.no\/utdanning\/emner\/emne?p_document_id=766898\">her<\/a><\/span>.<\/p>\n<div class=\"media-body\"><\/div>\n<\/div>\n<\/div>\n<\/div>\n","protected":false},"excerpt":{"rendered":"<p>Emnet er i sitt andre \u00e5r ved instituttet for Arktisk og Marin Biologi, UiT Norges arktiske Universitet og g\u00e5r over to semestre, der studentene selv s\u00f8ker praksisplass p\u00e5 h\u00f8sten og g\u00e5r ut i praksis p\u00e5 v\u00e5ren. Som en del av &hellip; <a href=\"https:\/\/site.uit.no\/biopraksis\/\">Les videre <span class=\"meta-nav\">&rarr;<\/span><\/a><\/p>\n","protected":false},"author":259,"featured_media":0,"parent":0,"menu_order":0,"comment_status":"closed","ping_status":"open","template":"","meta":{"footnotes":""},"class_list":["post-2","page","type-page","status-publish","hentry"],"_links":{"self":[{"href":"https:\/\/site.uit.no\/biopraksis\/wp-json\/wp\/v2\/pages\/2","targetHints":{"allow":["GET"]}}],"collection":[{"href":"https:\/\/site.uit.no\/biopraksis\/wp-json\/wp\/v2\/pages"}],"about":[{"href":"https:\/\/site.uit.no\/biopraksis\/wp-json\/wp\/v2\/types\/page"}],"author":[{"embeddable":true,"href":"https:\/\/site.uit.no\/biopraksis\/wp-json\/wp\/v2\/users\/259"}],"replies":[{"embeddable":true,"href":"https:\/\/site.uit.no\/biopraksis\/wp-json\/wp\/v2\/comments?post=2"}],"version-history":[{"count":5,"href":"https:\/\/site.uit.no\/biopraksis\/wp-json\/wp\/v2\/pages\/2\/revisions"}],"predecessor-version":[{"id":94,"href":"https:\/\/site.uit.no\/biopraksis\/wp-json\/wp\/v2\/pages\/2\/revisions\/94"}],"wp:attachment":[{"href":"https:\/\/site.uit.no\/biopraksis\/wp-json\/wp\/v2\/media?parent=2"}],"curies":[{"name":"wp","href":"https:\/\/api.w.org\/{rel}","templated":true}]}}