{"id":294,"date":"2016-02-24T14:17:40","date_gmt":"2016-02-24T13:17:40","guid":{"rendered":"https:\/\/site.uit.no\/candidata\/?page_id=294"},"modified":"2019-01-24T22:17:23","modified_gmt":"2019-01-24T21:17:23","slug":"generalforsamling-2016","status":"publish","type":"page","link":"https:\/\/site.uit.no\/candidata\/generalforsamling\/generalforsamling-2016\/","title":{"rendered":"Generalforsamling 2016"},"content":{"rendered":"<p>Referat fra CandiDatas fjortende generalforsamling<br \/>\nBikuben Selskapsvilla, 22. januar 2016<\/p>\n<p><strong><a href=\"https:\/\/site.uit.no\/candidata\/biennale\/biennale-2016\/\">Saksliste<\/a><\/strong><\/p>\n<p><strong><span style=\"text-decoration: underline\">Saker:<\/span><\/strong><\/p>\n<p><strong> 1. Godkjenning av innkalling og dagsorden<\/strong><\/p>\n<p>Det var ingen bemerkninger til innkalling og dagsorden.<\/p>\n<p><strong>2. Valg av ordstyrer og referent<\/strong><\/p>\n<p>Bernt Ivar Olsen ble valgt til ordstyrer.<\/p>\n<p><strong>3. Styrets beretning<\/strong><\/p>\n<p>Det var ingen kommentarer til styrets beretning.<\/p>\n<p><strong>4. Regnskap<\/strong><\/p>\n<p>Ordstyrer fremla regnskapet for \u00e5rene 2014-2015. Regnskapet ble godkjent ved akklamasjon.<\/p>\n<p><strong>5. Valg<\/strong><\/p>\n<p>Ordstyrer la fram valgkomit\u00e9ens forslag p\u00e5 f\u00f8lgende styremedlemmer, som ble valgt ved akklamasjon:<\/p>\n<p><strong>Styret:<\/strong><\/p>\n<ul>\n<li>\u00c5smund Grammeltvedt, Microsoft (gjenvalgt til 2018)<\/li>\n<li>Alexandra Makhlysheva, NST (gjenvalgt til 2018)<\/li>\n<li>Ida Jaklin Johansen (ny, til 2020)<\/li>\n<li>Bj\u00f8rn Fjukstad, IFI, UiT (ny, til 2020)<\/li>\n<li>Erlend Graff, Pexip (ny, til 2020)<\/li>\n<\/ul>\n<p>Kai-Even Nilssen ved IFI, UiT ble gjenvalgt som revisor.<\/p>\n<p><strong>Til ny valgkomit\u00e9 ble f\u00f8lgende valgt:<\/strong><\/p>\n<ul>\n<li>\u00c5smund Grammeltvedt, Microsoft (2016 &#8211; 2018)<\/li>\n<li>Alexandra Makhlysheva, NST (2016 &#8211; 2018)<\/li>\n<\/ul>\n<p><strong>6. Eventuelt<\/strong><\/p>\n<p>Vi gjorde f\u00f8lgende erfaringer i l\u00f8pet av kvelden som kan v\u00e6re relevant for framtidige arrangement:<\/p>\n<ul>\n<li>Medlemmer som ikke har f\u00e5tt candidata pin, b\u00f8r f\u00e5 denne (m\u00e5 bestille flere).<\/li>\n<\/ul>\n<p>Troms\u00f8, 24. februar 2016<\/p>\n<p>Maria Wulff Hauglann,<br \/>\nreferent<\/p>\n","protected":false},"excerpt":{"rendered":"<p>Referat fra CandiDatas fjortende generalforsamling Bikuben Selskapsvilla, 22. januar 2016 Saksliste Saker: 1. Godkjenning av innkalling og dagsorden Det var ingen bemerkninger til innkalling og dagsorden. 2. Valg av ordstyrer og referent Bernt Ivar Olsen ble valgt til ordstyrer. 3. &hellip; <a href=\"https:\/\/site.uit.no\/candidata\/generalforsamling\/generalforsamling-2016\/\">Continue reading <span class=\"meta-nav\">&rarr;<\/span><\/a><\/p>\n","protected":false},"author":93,"featured_media":0,"parent":37,"menu_order":-1,"comment_status":"closed","ping_status":"closed","template":"","meta":{"footnotes":""},"class_list":["post-294","page","type-page","status-publish","hentry"],"_links":{"self":[{"href":"https:\/\/site.uit.no\/candidata\/wp-json\/wp\/v2\/pages\/294","targetHints":{"allow":["GET"]}}],"collection":[{"href":"https:\/\/site.uit.no\/candidata\/wp-json\/wp\/v2\/pages"}],"about":[{"href":"https:\/\/site.uit.no\/candidata\/wp-json\/wp\/v2\/types\/page"}],"author":[{"embeddable":true,"href":"https:\/\/site.uit.no\/candidata\/wp-json\/wp\/v2\/users\/93"}],"replies":[{"embeddable":true,"href":"https:\/\/site.uit.no\/candidata\/wp-json\/wp\/v2\/comments?post=294"}],"version-history":[{"count":2,"href":"https:\/\/site.uit.no\/candidata\/wp-json\/wp\/v2\/pages\/294\/revisions"}],"predecessor-version":[{"id":296,"href":"https:\/\/site.uit.no\/candidata\/wp-json\/wp\/v2\/pages\/294\/revisions\/296"}],"up":[{"embeddable":true,"href":"https:\/\/site.uit.no\/candidata\/wp-json\/wp\/v2\/pages\/37"}],"wp:attachment":[{"href":"https:\/\/site.uit.no\/candidata\/wp-json\/wp\/v2\/media?parent=294"}],"curies":[{"name":"wp","href":"https:\/\/api.w.org\/{rel}","templated":true}]}}

<p>Referat fra CandiDatas fjortende generalforsamling<br />
Bikuben Selskapsvilla, 22. januar 2016</p>
<p><strong><a href="https://site.uit.no/candidata/biennale/biennale-2016/">Saksliste</a></strong></p>
<p><strong><span style="text-decoration: underline">Saker:</span></strong></p>
<p><strong> 1. Godkjenning av innkalling og dagsorden</strong></p>
<p>Det var ingen bemerkninger til innkalling og dagsorden.</p>
<p><strong>2. Valg av ordstyrer og referent</strong></p>
<p>Bernt Ivar Olsen ble valgt til ordstyrer.</p>
<p><strong>3. Styrets beretning</strong></p>
<p>Det var ingen kommentarer til styrets beretning.</p>
<p><strong>4. Regnskap</strong></p>
<p>Ordstyrer fremla regnskapet for årene 2014-2015. Regnskapet ble godkjent ved akklamasjon.</p>
<p><strong>5. Valg</strong></p>
<p>Ordstyrer la fram valgkomitéens forslag på følgende styremedlemmer, som ble valgt ved akklamasjon:</p>
<p><strong>Styret:</strong></p>
<ul>
<li>Åsmund Grammeltvedt, Microsoft (gjenvalgt til 2018)</li>
<li>Alexandra Makhlysheva, NST (gjenvalgt til 2018)</li>
<li>Ida Jaklin Johansen (ny, til 2020)</li>
<li>Bjørn Fjukstad, IFI, UiT (ny, til 2020)</li>
<li>Erlend Graff, Pexip (ny, til 2020)</li>
</ul>
<p>Kai-Even Nilssen ved IFI, UiT ble gjenvalgt som revisor.</p>
<p><strong>Til ny valgkomité ble følgende valgt:</strong></p>
<ul>
<li>Åsmund Grammeltvedt, Microsoft (2016 &#8211; 2018)</li>
<li>Alexandra Makhlysheva, NST (2016 &#8211; 2018)</li>
</ul>
<p><strong>6. Eventuelt</strong></p>
<p>Vi gjorde følgende erfaringer i løpet av kvelden som kan være relevant for framtidige arrangement:</p>
<ul>
<li>Medlemmer som ikke har fått candidata pin, bør få denne (må bestille flere).</li>
</ul>
<p>Tromsø, 24. februar 2016</p>
<p>Maria Wulff Hauglann,<br />
referent</p>
