{"id":46,"date":"2013-02-28T14:39:11","date_gmt":"2013-02-28T13:39:11","guid":{"rendered":"https:\/\/site.uit.no\/candidata\/?page_id=46"},"modified":"2016-01-19T16:11:40","modified_gmt":"2016-01-19T15:11:40","slug":"biennale-2008","status":"publish","type":"page","link":"https:\/\/site.uit.no\/candidata\/biennale\/biennale-2008\/","title":{"rendered":"Biennale 2008"},"content":{"rendered":"<p>Styret i CandiData har den glede \u00e5 meddele at den neste CandiData biennalen vil bli gjennomf\u00f8rt <strong>fredag 22. februar 2008<\/strong>. Vi starter som vanlig med lunsj og faglige presentasjoner p\u00e5 universitetsomr\u00e5det p\u00e5 formiddagen, og fortsetter med generalforsamling og middag i Champagnekantina i Teorifagbygget p\u00e5 Universitetsomr\u00e5det p\u00e5 kvelden.<\/p>\n<p>P\u00e5melding m\u00e5 skje innen 12. februar til CandiData, og \u00f8nskes mottatt p\u00e5 e-post. P\u00e5meldingsavgiften er satt til NOK 490,-, og dette bel\u00f8pet m\u00e5 innbetales p\u00e5 v\u00e5r konto innen 12. februar. For betaling, se neste side. P\u00e5meldingsavgiften dekker mat og noe drikke til middagen p\u00e5 kvelden. Lunsjen p\u00e5 formiddagen spanderes av Institutt for Informatikk, UiT\u00f8 og vil v\u00e6re gratis for deltakerne. Gi beskjed om du \u00f8nsker \u00e5 delta p\u00e5 lunsjen.<\/p>\n<p>Mer informasjon, program og saksliste til generalforsamlingen vil senere bli gjort tilgjengelig via epost og p\u00e5 v\u00e5r webside. Innkomne saker til generalforsamlingen m\u00e5 v\u00e6re oss i hende senest 12. februar.<\/p>\n<p>Vennlig hilsen<\/p>\n<p>Styret i CandiData<br \/>\nv\/ sekret\u00e6r Kristina Kantola<\/p>\n<p>&#8212;&#8212;&#8212;&#8212;&#8212;&#8212;&#8212;&#8212;&#8212;&#8212;&#8212;&#8212;&#8212;&#8212;&#8212;&#8212;&#8212;&#8212;&#8212;&#8212;&#8212;&#8212;&#8212;&#8212;&#8212;-<\/p>\n<h2>CandiData Biennale fredag 22. februar 2008<\/h2>\n<p><strong>Tema: <em>\u201dOverv\u00e5kning, milj\u00f8 og sporbarhet\u201d<\/em><\/strong><\/p>\n<p><span style=\"text-decoration: underline\"><strong>Program for dagen:<\/strong><\/span><\/p>\n<p>1000-1010: \u00c5pning ved CandiData og Institutt for Informatikk (IfI) v\/ instituttleder Tore Larsen (Store Auditorium)<\/p>\n<p>1010-1110: IfI prosjekter<\/p>\n<p>1110-1120: Pause, kaffe<\/p>\n<p>1120-1200: Ifi prosjekter<\/p>\n<p>1200-1230: Stallo &#8211; Nordens st\u00f8rste tungregnemaskin &#8211; IT-avdelingen v\/ avdelingsleder Roy Dragseth<\/p>\n<p>1230-1320: Lunsj i kantina p\u00e5 Mat-Nat fak.<\/p>\n<p>1320-1400: \u201dBarentshav p\u00e5 skjerm\u201d v\/ Kongsberg Spacetec<\/p>\n<p>1400-1440: Goliat-prosjektet, med vekt p\u00e5 milj\u00f8aspektene v\/ ENI Norge<\/p>\n<p>1440-1450: Pause, kaffe<\/p>\n<p>1450-1520: Sporing av fisk v\/ Fiskeriforskning<\/p>\n<p>1520-1600: UAV \u2013 overv\u00e5king fra ubemannede fly v\/ Norut IT<\/p>\n<p>&nbsp;<\/p>\n<p><span style=\"text-decoration: underline\"><strong>Program for kvelden:<\/strong><\/span><\/p>\n<p>kl. 1930 Aperitiff i Champagne-kantina i Teorifagbygget p\u00e5 Universitetet. Inngang p\u00e5<br \/>\nvest-sida av hovedveien<\/p>\n<p>kl. 2000 Generalforsamling samme sted \u2013 med p\u00e5f\u00f8lgende middag umiddelbart etter<\/p>\n","protected":false},"excerpt":{"rendered":"<p>Styret i CandiData har den glede \u00e5 meddele at den neste CandiData biennalen vil bli gjennomf\u00f8rt fredag 22. februar 2008. Vi starter som vanlig med lunsj og faglige presentasjoner p\u00e5 universitetsomr\u00e5det p\u00e5 formiddagen, og fortsetter med generalforsamling og middag i &hellip; <a href=\"https:\/\/site.uit.no\/candidata\/biennale\/biennale-2008\/\">Continue reading <span class=\"meta-nav\">&rarr;<\/span><\/a><\/p>\n","protected":false},"author":93,"featured_media":0,"parent":35,"menu_order":3,"comment_status":"closed","ping_status":"closed","template":"","meta":{"footnotes":""},"class_list":["post-46","page","type-page","status-publish","hentry"],"_links":{"self":[{"href":"https:\/\/site.uit.no\/candidata\/wp-json\/wp\/v2\/pages\/46","targetHints":{"allow":["GET"]}}],"collection":[{"href":"https:\/\/site.uit.no\/candidata\/wp-json\/wp\/v2\/pages"}],"about":[{"href":"https:\/\/site.uit.no\/candidata\/wp-json\/wp\/v2\/types\/page"}],"author":[{"embeddable":true,"href":"https:\/\/site.uit.no\/candidata\/wp-json\/wp\/v2\/users\/93"}],"replies":[{"embeddable":true,"href":"https:\/\/site.uit.no\/candidata\/wp-json\/wp\/v2\/comments?post=46"}],"version-history":[{"count":7,"href":"https:\/\/site.uit.no\/candidata\/wp-json\/wp\/v2\/pages\/46\/revisions"}],"predecessor-version":[{"id":58,"href":"https:\/\/site.uit.no\/candidata\/wp-json\/wp\/v2\/pages\/46\/revisions\/58"}],"up":[{"embeddable":true,"href":"https:\/\/site.uit.no\/candidata\/wp-json\/wp\/v2\/pages\/35"}],"wp:attachment":[{"href":"https:\/\/site.uit.no\/candidata\/wp-json\/wp\/v2\/media?parent=46"}],"curies":[{"name":"wp","href":"https:\/\/api.w.org\/{rel}","templated":true}]}}