{"id":487,"date":"2020-01-20T14:48:59","date_gmt":"2020-01-20T13:48:59","guid":{"rendered":"https:\/\/site.uit.no\/candidata\/?page_id=487"},"modified":"2020-01-20T16:07:14","modified_gmt":"2020-01-20T15:07:14","slug":"generalforsamling-2020","status":"publish","type":"page","link":"https:\/\/site.uit.no\/candidata\/generalforsamling\/generalforsamling-2020\/","title":{"rendered":"Generalforsamling 2020"},"content":{"rendered":"<p>Referat fra CandiDatas sekstende generalforsamling<br \/>\n<em>Bikuben Selskapsvilla, Troms\u00f8, 10. januar 2020<\/em><\/p>\n<ul>\n<li><strong><a href=\"https:\/\/site.uit.no\/candidata\/biennale\/biennale-2020\/\" target=\"_blank\" rel=\"noopener\">Program for Candidata Biennalen 2020<\/a><\/strong><\/li>\n<li><strong><a href=\"https:\/\/site.uit.no\/candidata\/wp-content\/uploads\/sites\/120\/2020\/01\/Generalforsamling_2020.pdf\" target=\"_blank\" rel=\"noopener\">Saksliste Candidata Generalforsamling 2020 (pdf-dokument)<\/a><\/strong><\/li>\n<\/ul>\n<p><strong><span style=\"text-decoration: underline\">Saker:<\/span><\/strong><\/p>\n<p><strong> 1. Godkjenning av innkalling og dagsorden<\/strong><\/p>\n<p>Det var ingen bemerkninger til innkalling og dagsorden.<\/p>\n<p><strong>2. Valg av ordstyrer og referent<\/strong><\/p>\n<p>Erlend Graff ble valgt til ordstyrer. Maria Wulff Hauglann ble valgt til referent.<\/p>\n<p><strong>3. Styrets beretning<\/strong><\/p>\n<p>Det var ingen kommentarer til styrets beretning.<\/p>\n<p><strong>4. Regnskap<\/strong><\/p>\n<p>CandiData har fra og med 2019 g\u00e5tt over til \u00e5 benytte avvikende regnskaps\u00e5r. Regnskaps\u00e5ret l\u00f8per n\u00e5 fra 01. august til 31. juli p\u00e5f\u00f8lgende \u00e5r, isteden for \u00e5 f\u00f8lge kalender\u00e5ret.<\/p>\n<p>Ordstyrer fremla regnskapet for perioden\u00a001.01.2018 &#8211; 31.07.2019.\u00a0Regnskapet ble godkjent ved akklamasjon.<\/p>\n<p><strong>5. Valg<\/strong><\/p>\n<p>Ordstyrer la fram valgkomit\u00e9ens forslag p\u00e5 f\u00f8lgende styremedlemmer, som alle ble valgt ved akklamasjon:<\/p>\n<p><strong>Styret:<\/strong><\/p>\n<ul>\n<li>Sverre Coucheron, Dips, Troms\u00f8 (leder, ny, 2020-2024)<\/li>\n<li>Eva Henriksen, UNN, Troms\u00f8 (kasserer, gjenvalg, 2018-2022)<\/li>\n<li>Camilla Stormoen, Norges R\u00e5fisklag, Troms\u00f8 (styremedlem, ny, 2020-2024)<\/li>\n<li>Peter Munch-Ellingsen, Dualog, Troms\u00f8 (styremedlem, ny, 2020-2024)<\/li>\n<li>Ashenafi Zenabe Woldaregay, IFI, Troms\u00f8 (styremedlem, gjenvalg, 2018-2022)<\/li>\n<\/ul>\n<p>Kai-Even Nilssen ved IFI, UiT ble gjenvalgt som revisor.<\/p>\n<p><strong>Valgkomit\u00e9:<\/strong><\/p>\n<ul>\n<li>Eva Henriksen (2020-2022)<\/li>\n<li>Ashenafi Zenabe Woldaregay (2020-2022)<\/li>\n<\/ul>\n<p><strong>6. Eventuelt<\/strong><\/p>\n<p>Ingen saker p\u00e5 eventuelt.<\/p>\n<p><em>Troms\u00f8, 20. januar 2020<\/em><\/p>\n<p><em>Maria Wulff Hauglann,<\/em><br \/>\n<em>referent<\/em><\/p>\n","protected":false},"excerpt":{"rendered":"<p>Referat fra CandiDatas sekstende generalforsamling Bikuben Selskapsvilla, Troms\u00f8, 10. januar 2020 Program for Candidata Biennalen 2020 Saksliste Candidata Generalforsamling 2020 (pdf-dokument) Saker: 1. Godkjenning av innkalling og dagsorden Det var ingen bemerkninger til innkalling og dagsorden. 2. Valg av ordstyrer &hellip; <a href=\"https:\/\/site.uit.no\/candidata\/generalforsamling\/generalforsamling-2020\/\">Continue reading <span class=\"meta-nav\">&rarr;<\/span><\/a><\/p>\n","protected":false},"author":1076,"featured_media":0,"parent":37,"menu_order":0,"comment_status":"closed","ping_status":"closed","template":"","meta":{"footnotes":""},"class_list":["post-487","page","type-page","status-publish","hentry"],"_links":{"self":[{"href":"https:\/\/site.uit.no\/candidata\/wp-json\/wp\/v2\/pages\/487","targetHints":{"allow":["GET"]}}],"collection":[{"href":"https:\/\/site.uit.no\/candidata\/wp-json\/wp\/v2\/pages"}],"about":[{"href":"https:\/\/site.uit.no\/candidata\/wp-json\/wp\/v2\/types\/page"}],"author":[{"embeddable":true,"href":"https:\/\/site.uit.no\/candidata\/wp-json\/wp\/v2\/users\/1076"}],"replies":[{"embeddable":true,"href":"https:\/\/site.uit.no\/candidata\/wp-json\/wp\/v2\/comments?post=487"}],"version-history":[{"count":8,"href":"https:\/\/site.uit.no\/candidata\/wp-json\/wp\/v2\/pages\/487\/revisions"}],"predecessor-version":[{"id":502,"href":"https:\/\/site.uit.no\/candidata\/wp-json\/wp\/v2\/pages\/487\/revisions\/502"}],"up":[{"embeddable":true,"href":"https:\/\/site.uit.no\/candidata\/wp-json\/wp\/v2\/pages\/37"}],"wp:attachment":[{"href":"https:\/\/site.uit.no\/candidata\/wp-json\/wp\/v2\/media?parent=487"}],"curies":[{"name":"wp","href":"https:\/\/api.w.org\/{rel}","templated":true}]}}

<p>Referat fra CandiDatas sekstende generalforsamling<br />
<em>Bikuben Selskapsvilla, Tromsø, 10. januar 2020</em></p>
<ul>
<li><strong><a href="https://site.uit.no/candidata/biennale/biennale-2020/" target="_blank" rel="noopener">Program for Candidata Biennalen 2020</a></strong></li>
<li><strong><a href="https://site.uit.no/candidata/wp-content/uploads/sites/120/2020/01/Generalforsamling_2020.pdf" target="_blank" rel="noopener">Saksliste Candidata Generalforsamling 2020 (pdf-dokument)</a></strong></li>
</ul>
<p><strong><span style="text-decoration: underline">Saker:</span></strong></p>
<p><strong> 1. Godkjenning av innkalling og dagsorden</strong></p>
<p>Det var ingen bemerkninger til innkalling og dagsorden.</p>
<p><strong>2. Valg av ordstyrer og referent</strong></p>
<p>Erlend Graff ble valgt til ordstyrer. Maria Wulff Hauglann ble valgt til referent.</p>
<p><strong>3. Styrets beretning</strong></p>
<p>Det var ingen kommentarer til styrets beretning.</p>
<p><strong>4. Regnskap</strong></p>
<p>CandiData har fra og med 2019 gått over til å benytte avvikende regnskapsår. Regnskapsåret løper nå fra 01. august til 31. juli påfølgende år, isteden for å følge kalenderåret.</p>
<p>Ordstyrer fremla regnskapet for perioden 01.01.2018 &#8211; 31.07.2019. Regnskapet ble godkjent ved akklamasjon.</p>
<p><strong>5. Valg</strong></p>
<p>Ordstyrer la fram valgkomitéens forslag på følgende styremedlemmer, som alle ble valgt ved akklamasjon:</p>
<p><strong>Styret:</strong></p>
<ul>
<li>Sverre Coucheron, Dips, Tromsø (leder, ny, 2020-2024)</li>
<li>Eva Henriksen, UNN, Tromsø (kasserer, gjenvalg, 2018-2022)</li>
<li>Camilla Stormoen, Norges Råfisklag, Tromsø (styremedlem, ny, 2020-2024)</li>
<li>Peter Munch-Ellingsen, Dualog, Tromsø (styremedlem, ny, 2020-2024)</li>
<li>Ashenafi Zenabe Woldaregay, IFI, Tromsø (styremedlem, gjenvalg, 2018-2022)</li>
</ul>
<p>Kai-Even Nilssen ved IFI, UiT ble gjenvalgt som revisor.</p>
<p><strong>Valgkomité:</strong></p>
<ul>
<li>Eva Henriksen (2020-2022)</li>
<li>Ashenafi Zenabe Woldaregay (2020-2022)</li>
</ul>
<p><strong>6. Eventuelt</strong></p>
<p>Ingen saker på eventuelt.</p>
<p><em>Tromsø, 20. januar 2020</em></p>
<p><em>Maria Wulff Hauglann,</em><br />
<em>referent</em></p>

<p>Referat fra CandiDatas sekstende generalforsamling Bikuben Selskapsvilla, Tromsø, 10. januar 2020 Program for Candidata Biennalen 2020 Saksliste Candidata Generalforsamling 2020 (pdf-dokument) Saker: 1. Godkjenning av innkalling og dagsorden Det var ingen bemerkninger til innkalling og dagsorden. 2. Valg av ordstyrer &hellip; <a href="https://site.uit.no/candidata/generalforsamling/generalforsamling-2020/">Continue reading <span class="meta-nav">&rarr;</span></a></p>
