{"id":96,"date":"2013-02-28T15:41:31","date_gmt":"2013-02-28T14:41:31","guid":{"rendered":"https:\/\/site.uit.no\/candidata\/?page_id=96"},"modified":"2016-02-24T14:24:26","modified_gmt":"2016-02-24T13:24:26","slug":"generalforsamling-2004","status":"publish","type":"page","link":"https:\/\/site.uit.no\/candidata\/generalforsamling\/generalforsamling-2004\/","title":{"rendered":"Generalforsamling 2004"},"content":{"rendered":"<p>Referat fra CandiDatas \u00e5ttende generalforsamling<br \/>\nPolarmilj\u00f8senteret, 20. februar 2004<br \/>\nGeneralforsamlingen ble satt kl. 20.16.01<\/p>\n<p><strong><span style=\"text-decoration: underline\">Saker:<\/span> <\/strong><\/p>\n<p><strong>1. <\/strong><strong>Godkjenning av innkalling og dagsorden<\/strong><\/p>\n<p>Det var ingen bemerkninger til innkalling og dagsorden.<\/p>\n<p><strong>2. <\/strong><strong>Valg av ordstyrer og referent<\/strong><\/p>\n<p>Torunn T\u00f8llefsen ble valgt til ordstyrer. Gudmund Pettersen ble valgt til referent.<\/p>\n<p><strong>3. <\/strong><strong>Styrets beretning<\/strong><\/p>\n<p>Det var ingen kommentarer til styrets beretning.<\/p>\n<p><strong>4. <\/strong><strong>Regnskap og budsjett<\/strong><\/p>\n<p>Ordstyrer fremla revidert regnskap samt forslag til budsjett for \u00e5rene 2004-2005. B\u00e5de regnskap og budsjett ble godkjent ved akklamasjon.<\/p>\n<p><strong>5. <\/strong><strong>Valg av styre, revisor og valgkomit\u00e9<\/strong><\/p>\n<p>Ordstyrer la framValgkomit\u00e9ens forslag p\u00e5 f\u00f8lgende styremedlemmer, som ble valgt ved akklamasjon:<\/p>\n<p><strong>Styre:<br \/>\n<\/strong>Torunn T\u00f8llefsen, Norut IT<br \/>\nSigurd Sjursen, Norut IT<br \/>\nWiggo Finnset, Telenor FoU<br \/>\nNils Jakob Villmones, Kongsberg Spacetec AS<br \/>\nAnna-Brith Arntsen Jakobsen, UiT\u00f8-IfI<\/p>\n<p>Det var foresl\u00e5tt gjenvalg av Ellen Brox, Norut IT som revisor. Hun ble valgt ved akklamasjon.<\/p>\n<p><strong>Til ny valgkomit\u00e9 var f\u00f8lgende foresl\u00e5tt:<\/strong><\/p>\n<p>Gudmund Pettersen, Kongsberg Spacetec AS<br \/>\nKai-Even Nilsen, UiT\u00f8-Ifi<\/p>\n<p>Disse ble ogs\u00e5 valgt ved akklamasjon.<\/p>\n<p>M\u00f8teleder takket for seg, og hevet CandiData&#8217;s syvende generalforsamling kl. 20.17.31.<\/p>\n<p>Troms\u00f8, 25. Februar 2004<\/p>\n<p>Gudmund Pettersen<br \/>\nReferent<\/p>\n","protected":false},"excerpt":{"rendered":"<p>Referat fra CandiDatas \u00e5ttende generalforsamling Polarmilj\u00f8senteret, 20. februar 2004 Generalforsamlingen ble satt kl. 20.16.01 Saker: 1. Godkjenning av innkalling og dagsorden Det var ingen bemerkninger til innkalling og dagsorden. 2. Valg av ordstyrer og referent Torunn T\u00f8llefsen ble valgt til &hellip; <a href=\"https:\/\/site.uit.no\/candidata\/generalforsamling\/generalforsamling-2004\/\">Continue reading <span class=\"meta-nav\">&rarr;<\/span><\/a><\/p>\n","protected":false},"author":93,"featured_media":0,"parent":37,"menu_order":5,"comment_status":"closed","ping_status":"closed","template":"","meta":{"footnotes":""},"class_list":["post-96","page","type-page","status-publish","hentry"],"_links":{"self":[{"href":"https:\/\/site.uit.no\/candidata\/wp-json\/wp\/v2\/pages\/96","targetHints":{"allow":["GET"]}}],"collection":[{"href":"https:\/\/site.uit.no\/candidata\/wp-json\/wp\/v2\/pages"}],"about":[{"href":"https:\/\/site.uit.no\/candidata\/wp-json\/wp\/v2\/types\/page"}],"author":[{"embeddable":true,"href":"https:\/\/site.uit.no\/candidata\/wp-json\/wp\/v2\/users\/93"}],"replies":[{"embeddable":true,"href":"https:\/\/site.uit.no\/candidata\/wp-json\/wp\/v2\/comments?post=96"}],"version-history":[{"count":6,"href":"https:\/\/site.uit.no\/candidata\/wp-json\/wp\/v2\/pages\/96\/revisions"}],"predecessor-version":[{"id":118,"href":"https:\/\/site.uit.no\/candidata\/wp-json\/wp\/v2\/pages\/96\/revisions\/118"}],"up":[{"embeddable":true,"href":"https:\/\/site.uit.no\/candidata\/wp-json\/wp\/v2\/pages\/37"}],"wp:attachment":[{"href":"https:\/\/site.uit.no\/candidata\/wp-json\/wp\/v2\/media?parent=96"}],"curies":[{"name":"wp","href":"https:\/\/api.w.org\/{rel}","templated":true}]}}