{"id":193,"date":"2016-08-24T09:55:13","date_gmt":"2016-08-24T07:55:13","guid":{"rendered":"http:\/\/www.corporesano.no\/?page_id=193"},"modified":"2019-04-01T11:22:08","modified_gmt":"2019-04-01T09:22:08","slug":"events","status":"publish","type":"page","link":"https:\/\/site.uit.no\/corporesano\/events\/","title":{"rendered":"Events"},"content":{"rendered":"<ul>\n<li>International <a href=\"http:\/\/www.corporesano.no\/events\/personal-data-systems-workshop-2016\/\"><em>Personal Data Systems Workshop (PDS 2016)<\/em><\/a>, Hotel Edge, Troms\u00f8, Norway, September 6, 2016. Workshop <a href=\"http:\/\/www.corporesano.no\/events\/personal-data-systems-workshop-2016\/objective\/\">goals<\/a> and <a href=\"http:\/\/www.corporesano.no\/pds-workshop-programme\/\">programme<\/a>.<strong><br \/>\n<\/strong><\/li>\n<li>International <em><a href=\"http:\/\/www.corporesano.no\/events\/personal-data-systems-workshop-2017\/\">Personal Data Systems Workshop (PDS 2017<\/a>)<\/em>, <a href=\"https:\/\/www.sommaroy.no\/en\/\">Sommar\u00f8y hotel<\/a>, Troms\u00f8, Norway, August 16-17, 2017.<\/li>\n<li>International <a href=\"http:\/\/www.corporesano.no\/events\/international-distributed-systems-summer-school-2018\/\">Distributed Systems Summer School<\/a>, <a href=\"https:\/\/www.sommaroy.no\/en\/\">Sommar\u00f8y hotel<\/a>, Troms\u00f8, Norway, August 14-17, 2018.<\/li>\n<li>International <a href=\"https:\/\/www.corporesano.no\/corpore-sano-workshop-2019\/\"><em>Corpore Sano Systems Workshop<\/em><\/a>, Troms\u00f8, Norway, April 9, 2019.<\/li>\n<li>International <em>Corpore Sano Systems Workshop<\/em>, Cornell University, USA, July 2019<\/li>\n<\/ul>\n","protected":false},"excerpt":{"rendered":"<p>International Personal Data Systems Workshop (PDS 2016), Hotel Edge, Troms\u00f8, Norway, September 6, 2016. Workshop goals and programme. International Personal Data Systems Workshop (PDS 2017), Sommar\u00f8y hotel, Troms\u00f8, Norway, August 16-17, 2017. International Distributed Systems Summer School, Sommar\u00f8y hotel, Troms\u00f8, Norway, August 14-17, 2018. International Corpore Sano Systems Workshop, Troms\u00f8, &#8230;<\/p>\n","protected":false},"author":238,"featured_media":0,"parent":0,"menu_order":0,"comment_status":"closed","ping_status":"closed","template":"","meta":{"footnotes":""},"class_list":["post-193","page","type-page","status-publish","hentry","column","twocol"],"_links":{"self":[{"href":"https:\/\/site.uit.no\/corporesano\/wp-json\/wp\/v2\/pages\/193","targetHints":{"allow":["GET"]}}],"collection":[{"href":"https:\/\/site.uit.no\/corporesano\/wp-json\/wp\/v2\/pages"}],"about":[{"href":"https:\/\/site.uit.no\/corporesano\/wp-json\/wp\/v2\/types\/page"}],"author":[{"embeddable":true,"href":"https:\/\/site.uit.no\/corporesano\/wp-json\/wp\/v2\/users\/238"}],"replies":[{"embeddable":true,"href":"https:\/\/site.uit.no\/corporesano\/wp-json\/wp\/v2\/comments?post=193"}],"version-history":[{"count":24,"href":"https:\/\/site.uit.no\/corporesano\/wp-json\/wp\/v2\/pages\/193\/revisions"}],"predecessor-version":[{"id":544,"href":"https:\/\/site.uit.no\/corporesano\/wp-json\/wp\/v2\/pages\/193\/revisions\/544"}],"wp:attachment":[{"href":"https:\/\/site.uit.no\/corporesano\/wp-json\/wp\/v2\/media?parent=193"}],"curies":[{"name":"wp","href":"https:\/\/api.w.org\/{rel}","templated":true}]}}