{"id":376,"date":"2017-09-23T23:13:02","date_gmt":"2017-09-23T21:13:02","guid":{"rendered":"https:\/\/site.uit.no\/dataverseno\/?page_id=376"},"modified":"2025-04-01T09:19:19","modified_gmt":"2025-04-01T07:19:19","slug":"arkivering","status":"publish","type":"page","link":"https:\/\/site.uit.no\/dataverseno\/nn\/arkivering\/","title":{"rendered":"Arkiveringsguide"},"content":{"rendered":"<p>P\u00e5 denne sida beskriv vi korleis forskingsdata skal <strong>leggjast til rette<\/strong> f\u00f8r dei kan publiserast i DataverseNO, korleis sj\u00f8lve <strong>arkiveringa<\/strong> fungerer, og korleis ein kan <strong>referera<\/strong> til sine eigne eller andre sine data. Personopplysningar og annan informasjon som ikkje kan gjerast ope tilgjengeleg, kan <strong>ikkje<\/strong> arkiverast i DataverseNO. Sp\u00f8r\u00a0<a href=\"https:\/\/site.uit.no\/dataverseno\/nn\/stotte\/\" target=\"_blank\" rel=\"noopener\">brukarst\u00f8tta<\/a> p\u00e5 institusjonen din om andre eigna arkiv for slike data.<\/p>\n<ul>\n<li><a href=\"https:\/\/site.uit.no\/dataverseno\/nn\/arkivering\/forebu-dataa-dine\/\">F\u00f8rebu dataa dine <\/a><\/li>\n<li><a href=\"https:\/\/site.uit.no\/dataverseno\/nn\/arkivering\/arkiver-dataa-dine\/\">Arkiver dataa dine <\/a>\n<ul>\n<li><a href=\"https:\/\/site.uit.no\/dataverseno\/about\/policy-framework\/deposit-agreement\/\" target=\"_blank\" rel=\"noopener\">DataverseNO Deposit Agreement<\/a><\/li>\n<\/ul>\n<\/li>\n<li><a href=\"https:\/\/site.uit.no\/dataverseno\/nn\/arkivering\/referer-til-dataa-dine\/\">Referer til dataa dine<\/a><\/li>\n<li><a href=\"https:\/\/site.uit.no\/dataverseno\/nn\/arkivering\/revider-dataa-dine\/\" target=\"_blank\" rel=\"noopener\">Revider dataa dine (versjonering)<\/a><\/li>\n<\/ul>\n<p>Ein kortversjon av DataverseNO-arkiveringsguiden finn du her: <a href=\"https:\/\/doi.org\/10.5281\/zenodo.7962341\" target=\"_blank\" rel=\"noopener\">sjekkliste p\u00e5 bokm\u00e5l<\/a> | <a href=\"https:\/\/doi.org\/10.5281\/zenodo.7961813\" target=\"_blank\" rel=\"noopener\">sjekkliste p\u00e5 nynorsk<\/a>.<\/p>\n<p><img fetchpriority=\"high\" decoding=\"async\" class=\"alignnone size-large wp-image-3151\" src=\"https:\/\/site.uit.no\/dataverseno\/wp-content\/uploads\/sites\/314\/2023\/05\/DataverseNO-arbeidsflyt_nynorsk-1024x323.png\" alt=\"DataverseNO-arbeidsflyt\" width=\"1024\" height=\"323\" srcset=\"https:\/\/site.uit.no\/dataverseno\/wp-content\/uploads\/sites\/314\/2023\/05\/DataverseNO-arbeidsflyt_nynorsk-1024x323.png 1024w, https:\/\/site.uit.no\/dataverseno\/wp-content\/uploads\/sites\/314\/2023\/05\/DataverseNO-arbeidsflyt_nynorsk-300x95.png 300w, https:\/\/site.uit.no\/dataverseno\/wp-content\/uploads\/sites\/314\/2023\/05\/DataverseNO-arbeidsflyt_nynorsk-768x242.png 768w, https:\/\/site.uit.no\/dataverseno\/wp-content\/uploads\/sites\/314\/2023\/05\/DataverseNO-arbeidsflyt_nynorsk-1536x485.png 1536w, https:\/\/site.uit.no\/dataverseno\/wp-content\/uploads\/sites\/314\/2023\/05\/DataverseNO-arbeidsflyt_nynorsk.png 1661w\" sizes=\"(max-width: 1024px) 100vw, 1024px\" \/><\/p>\n<div class=\"wp-block-image\"><\/div>\n","protected":false},"excerpt":{"rendered":"<p>P\u00e5 denne sida beskriv vi korleis forskingsdata skal leggjast til rette f\u00f8r dei kan publiserast i DataverseNO, korleis sj\u00f8lve arkiveringa fungerer, og korleis ein kan referera til sine eigne eller andre sine data. Personopplysningar og annan informasjon som ikkje kan &hellip; <a href=\"https:\/\/site.uit.no\/dataverseno\/nn\/arkivering\/\">Continue reading <span class=\"meta-nav\">&rarr;<\/span><\/a><\/p>\n","protected":false},"author":425,"featured_media":0,"parent":0,"menu_order":0,"comment_status":"closed","ping_status":"closed","template":"","meta":{"footnotes":""},"class_list":["post-376","page","type-page","status-publish","hentry"],"_links":{"self":[{"href":"https:\/\/site.uit.no\/dataverseno\/wp-json\/wp\/v2\/pages\/376","targetHints":{"allow":["GET"]}}],"collection":[{"href":"https:\/\/site.uit.no\/dataverseno\/wp-json\/wp\/v2\/pages"}],"about":[{"href":"https:\/\/site.uit.no\/dataverseno\/wp-json\/wp\/v2\/types\/page"}],"author":[{"embeddable":true,"href":"https:\/\/site.uit.no\/dataverseno\/wp-json\/wp\/v2\/users\/425"}],"replies":[{"embeddable":true,"href":"https:\/\/site.uit.no\/dataverseno\/wp-json\/wp\/v2\/comments?post=376"}],"version-history":[{"count":3,"href":"https:\/\/site.uit.no\/dataverseno\/wp-json\/wp\/v2\/pages\/376\/revisions"}],"predecessor-version":[{"id":3752,"href":"https:\/\/site.uit.no\/dataverseno\/wp-json\/wp\/v2\/pages\/376\/revisions\/3752"}],"wp:attachment":[{"href":"https:\/\/site.uit.no\/dataverseno\/wp-json\/wp\/v2\/media?parent=376"}],"curies":[{"name":"wp","href":"https:\/\/api.w.org\/{rel}","templated":true}]}}