{"id":453,"date":"2017-09-24T16:02:03","date_gmt":"2017-09-24T14:02:03","guid":{"rendered":"https:\/\/site.uit.no\/dataverseno\/?page_id=453"},"modified":"2023-07-09T09:43:05","modified_gmt":"2023-07-09T07:43:05","slug":"admin","status":"publish","type":"page","link":"https:\/\/site.uit.no\/dataverseno\/nn\/admin\/","title":{"rendered":"Administrering og kuratering"},"content":{"rendered":"<p><strong>Ansvaret<\/strong> og <strong>oppg\u00e5vene<\/strong> til forvaltarane (administratorane) og kuratorane av DataverseNO-arkivet og samlingane i DataverseNO er beskrivne i bolken <em><a href=\"https:\/\/site.uit.no\/dataverseno\/nn\/om\/#organisering-av-dataverseno\" target=\"_blank\" rel=\"noopener\">Organisering av DataverseNO<\/a><\/em> p\u00e5 sida\u00a0<em><a href=\"https:\/\/site.uit.no\/dataverseno\/nn\/om\/\" target=\"_blank\" rel=\"noopener\">Om<\/a><\/em> p\u00e5 info.dataverse.no. Dei tre <strong>guidane<\/strong> nedanfor gjev n\u00e6rare informasjon om korleis ulike forvaltar- og kuratoroppg\u00e5ver skal handterast.<\/p>\n<ul>\n<li><a href=\"https:\/\/site.uit.no\/dataverseno\/nn\/admin\/administrering-dataverseno\/\">Administratorguide for DataverseNO<\/a><\/li>\n<li><a href=\"https:\/\/site.uit.no\/dataverseno\/nn\/admin\/administrering-samlingar\/\">Administratorguide for samlingar<\/a><\/li>\n<li><a href=\"https:\/\/site.uit.no\/dataverseno\/nn\/admin\/kuratering\/\">Kuratorguide<\/a><\/li>\n<\/ul>\n<p>Viss du utover dette treng hjelp med eller har sp\u00f8rsm\u00e5l kring administrering, ta kontakt med DataverseNO p\u00e5 <a href=\"mailto:support@dataverse.no\">support@dataverse.no<\/a>.<\/p>\n","protected":false},"excerpt":{"rendered":"<p>Ansvaret og oppg\u00e5vene til forvaltarane (administratorane) og kuratorane av DataverseNO-arkivet og samlingane i DataverseNO er beskrivne i bolken Organisering av DataverseNO p\u00e5 sida\u00a0Om p\u00e5 info.dataverse.no. Dei tre guidane nedanfor gjev n\u00e6rare informasjon om korleis ulike forvaltar- og kuratoroppg\u00e5ver skal handterast. &hellip; <a href=\"https:\/\/site.uit.no\/dataverseno\/nn\/admin\/\">Continue reading <span class=\"meta-nav\">&rarr;<\/span><\/a><\/p>\n","protected":false},"author":425,"featured_media":0,"parent":0,"menu_order":0,"comment_status":"closed","ping_status":"closed","template":"","meta":{"footnotes":""},"class_list":["post-453","page","type-page","status-publish","hentry"],"_links":{"self":[{"href":"https:\/\/site.uit.no\/dataverseno\/wp-json\/wp\/v2\/pages\/453","targetHints":{"allow":["GET"]}}],"collection":[{"href":"https:\/\/site.uit.no\/dataverseno\/wp-json\/wp\/v2\/pages"}],"about":[{"href":"https:\/\/site.uit.no\/dataverseno\/wp-json\/wp\/v2\/types\/page"}],"author":[{"embeddable":true,"href":"https:\/\/site.uit.no\/dataverseno\/wp-json\/wp\/v2\/users\/425"}],"replies":[{"embeddable":true,"href":"https:\/\/site.uit.no\/dataverseno\/wp-json\/wp\/v2\/comments?post=453"}],"version-history":[{"count":3,"href":"https:\/\/site.uit.no\/dataverseno\/wp-json\/wp\/v2\/pages\/453\/revisions"}],"predecessor-version":[{"id":3240,"href":"https:\/\/site.uit.no\/dataverseno\/wp-json\/wp\/v2\/pages\/453\/revisions\/3240"}],"wp:attachment":[{"href":"https:\/\/site.uit.no\/dataverseno\/wp-json\/wp\/v2\/media?parent=453"}],"curies":[{"name":"wp","href":"https:\/\/api.w.org\/{rel}","templated":true}]}}