{"id":1154,"date":"2012-09-04T11:30:23","date_gmt":"2012-09-04T09:30:23","guid":{"rendered":"https:\/\/site.uit.no\/favllis\/?page_id=1154"},"modified":"2013-06-12T15:55:49","modified_gmt":"2013-06-12T13:55:49","slug":"medarbeidere-og-samarbeidspartnere-i-favllis-prosjektet","status":"publish","type":"page","link":"https:\/\/site.uit.no\/favllis\/medarbeidere-og-samarbeidspartnere-i-favllis-prosjektet\/","title":{"rendered":"Samarbeidspartnere"},"content":{"rendered":"<p><em>Deltakelse fra andre enheter ved Universitetet i Troms\u00f8<\/em><em><br \/>\n<\/em>Bj\u00f8rn Arntsen, Visuelle kulturstudier: veileder filmarbeid<br \/>\n<a href=\"http:\/\/uit.no\/ansatte\/organisasjon\/ansatte\/person?p_document_id=41298&amp;p_dimension_id=88166\">Svein Jentoft<\/a>, Norges Fiskerih\u00f8gskole: veileder for dr.gradsstipendiat<\/p>\n<p>Det juridiske fakultetet, <a href=\"http:\/\/uit.no\/ansatte\/organisasjon\/artikkel?p_menu=28713&amp;p_document_id=91269&amp;p_dimension_id=88177\">Forskergruppa for samerett<\/a> og <a href=\"http:\/\/uit.no\/ansatte\/organisasjon\/artikkel?p_menu=28713&amp;p_document_id=92013&amp;p_dimension_id=88177\">Forskergruppa for havrett<\/a>:<br \/>\nSamarbeid om konferanse og dr.gradskurs.<\/p>\n<p><a href=\"http:\/\/uit.no\/tmu?p_lang=2\">Troms\u00f8 Museum<\/a>, seksjon for kulturvitenskap: Ferdigstilling av materiale innsamlet av Johan Albert Kalstad. Engasjement av Einar Eythorsson og Tor-Magne Berg for det form\u00e5l. Arbeidet delfinansieres av Arbeids- og inkluderingsdepartementet.<\/p>\n<p><em>Samarbeidspartnere ved Havforskningsinstituttet, avdeling Troms\u00f8<\/em><em><br \/>\n<\/em><a title=\"Jan Sundet\" href=\"http:\/\/www.imr.no\/om_havforskningsinstituttet\/ansatte\/s\/jan_h_sundet\/nn-no\">Jan Sundet<\/a> og <a href=\"http:\/\/www.imr.no\/om_havforskningsinstituttet\/ansatte\/s\/knut_sunnana\/en\">Knut Sunnan\u00e5<\/a>, forskningsprogrammet <a title=\"EPIGRAPH\" href=\"http:\/\/www.imr.no\/prosjektsiter\/epigraph\/nb-no\">EPIGRAPH<\/a><strong> <\/strong><strong><\/strong><\/p>\n<p><em>Samiske partnerinstitusjoner<\/em><br \/>\n<a href=\"http:\/\/www.mearrasapmi.no\/\">Sj\u00f8samisk kompetansesenter<\/a>, Porsanger<br \/>\n<a href=\"http:\/\/www.sami-eg.no\/\">Samisk N\u00e6rings- og Utredningsssenter<\/a> (SEG), Tana<br \/>\n<a title=\"Senter for nordlige folk\" href=\"http:\/\/www.senterfornordligefolk.no\/\">Senter for nordlige folk<\/a>, K\u00e5fjord<\/p>\n<p><em>Samarbeidspartnere i Canada og USA<\/em><br \/>\n<a href=\"http:\/\/www.mun.ca\/soc\/fac_staff\/neis.php\">Barbara Neis<\/a>, Dept. of Sociology Memorial University, Newfoundland, Canada<br \/>\nGrant Murray, Malaspina-University College Nanaimo, British Columbia, Canada<br \/>\nPeter Armitage, St. Johns, Newfoundland, Canada<br \/>\nKevin St. Martin, Rutgers University, New Jersey, USA<\/p>\n<p><em>Annet samarbeid: <\/em>Det er inng\u00e5tt en intensjonsavtale mellom F\u00e1vllis og prosjektet <a title=\"\u00c1rbediehtu\" href=\"http:\/\/www.arbediehtu.no\/index.php?c=2&amp;kat=Om+prosjektet\">\u00c1rbediehtu<\/a> ved Samisk h\u00f8gskole. Avtalen omfatter samarbeid om workshop og artikkelsamling.<\/p>\n","protected":false},"excerpt":{"rendered":"<p>Deltakelse fra andre enheter ved Universitetet i Troms\u00f8 Bj\u00f8rn Arntsen, Visuelle kulturstudier: veileder filmarbeid Svein Jentoft, Norges Fiskerih\u00f8gskole: veileder for dr.gradsstipendiat Det juridiske fakultetet, Forskergruppa for samerett og Forskergruppa for havrett: Samarbeid om konferanse og dr.gradskurs. Troms\u00f8 Museum, seksjon for &hellip; <a href=\"https:\/\/site.uit.no\/favllis\/medarbeidere-og-samarbeidspartnere-i-favllis-prosjektet\/\">Continue reading <span class=\"meta-nav\">&rarr;<\/span><\/a><\/p>\n","protected":false},"author":70,"featured_media":0,"parent":0,"menu_order":0,"comment_status":"closed","ping_status":"closed","template":"onecolumn-page.php","meta":{"footnotes":""},"class_list":["post-1154","page","type-page","status-publish","hentry"],"_links":{"self":[{"href":"https:\/\/site.uit.no\/favllis\/wp-json\/wp\/v2\/pages\/1154","targetHints":{"allow":["GET"]}}],"collection":[{"href":"https:\/\/site.uit.no\/favllis\/wp-json\/wp\/v2\/pages"}],"about":[{"href":"https:\/\/site.uit.no\/favllis\/wp-json\/wp\/v2\/types\/page"}],"author":[{"embeddable":true,"href":"https:\/\/site.uit.no\/favllis\/wp-json\/wp\/v2\/users\/70"}],"replies":[{"embeddable":true,"href":"https:\/\/site.uit.no\/favllis\/wp-json\/wp\/v2\/comments?post=1154"}],"version-history":[{"count":12,"href":"https:\/\/site.uit.no\/favllis\/wp-json\/wp\/v2\/pages\/1154\/revisions"}],"predecessor-version":[{"id":1712,"href":"https:\/\/site.uit.no\/favllis\/wp-json\/wp\/v2\/pages\/1154\/revisions\/1712"}],"wp:attachment":[{"href":"https:\/\/site.uit.no\/favllis\/wp-json\/wp\/v2\/media?parent=1154"}],"curies":[{"name":"wp","href":"https:\/\/api.w.org\/{rel}","templated":true}]}}