{"id":1157,"date":"2012-09-04T11:47:50","date_gmt":"2012-09-04T09:47:50","guid":{"rendered":"https:\/\/site.uit.no\/favllis\/?page_id=1157"},"modified":"2013-06-24T18:48:18","modified_gmt":"2013-06-24T16:48:18","slug":"favllis-arkiv","status":"publish","type":"page","link":"https:\/\/site.uit.no\/favllis\/favllis-arkiv\/","title":{"rendered":"F\u00e1vllis-arkiv"},"content":{"rendered":"<p>Denne siden gir en oversikt over F\u00e1vllis-prosjektene og aktiviteter som er gjennomf\u00f8rt i regi av F\u00e1vllis-nettverket.<\/p>\n<ul>\n<li><a title=\"F\u00e1vllis \u2013 bakgrunn, emner og m\u00e5l\" href=\"https:\/\/site.uit.no\/favllis\/favllis-bakgrunn-emner-og-mal\/\">Om F\u00e1vllis &#8211; bakgrunn, emner og m\u00e5l<\/a><\/li>\n<li><a title=\"Medarbeidere\" href=\"https:\/\/site.uit.no\/favllis\/medarbeidere-i-favllis-prosjektet\/\">Medarbeidere<\/a><\/li>\n<li><a title=\"Samarbeidspartnere\" href=\"https:\/\/site.uit.no\/favllis\/medarbeidere-og-samarbeidspartnere-i-favllis-prosjektet\/\">Samarbeidspartnere<\/a><\/li>\n<li><a title=\"Gjesteforskere\" href=\"https:\/\/site.uit.no\/favllis\/gjesteforskere-i-favllis\/\">Gjesteforskere<\/a><\/li>\n<li><a title=\"Forskning\" href=\"https:\/\/site.uit.no\/favllis\/forskning-i-favllis-nettverket\/\">Forskning<\/a><\/li>\n<li><a title=\"Modell for bearbeiding av L\u00d8K\" href=\"https:\/\/site.uit.no\/favllis\/modell-for-forskning-pa-og-formidling-av-lok\/\">Modell for bearbeiding av L\u00d8K<\/a><\/li>\n<li><a title=\"Kart over aktivitetsomr\u00e5der og samarbeidspartnere.\" href=\"https:\/\/site.uit.no\/favllis\/kart-over-aktivitetsomrader-og-samarbeidspartnere\/\">Kart over arbeidsomr\u00e5der og samarbeidspartnere<\/a><\/li>\n<li><a title=\"Aktivitetsarkiv\" href=\"https:\/\/site.uit.no\/favllis\/aktivitetsarkiv\/\">Aktivitetsarkiv<\/a><\/li>\n<\/ul>\n<p>&nbsp;<\/p>\n","protected":false},"excerpt":{"rendered":"<p>Denne siden gir en oversikt over F\u00e1vllis-prosjektene og aktiviteter som er gjennomf\u00f8rt i regi av F\u00e1vllis-nettverket. Om F\u00e1vllis &#8211; bakgrunn, emner og m\u00e5l Medarbeidere Samarbeidspartnere Gjesteforskere Forskning Modell for bearbeiding av L\u00d8K Kart over arbeidsomr\u00e5der og samarbeidspartnere Aktivitetsarkiv &nbsp;<\/p>\n","protected":false},"author":70,"featured_media":0,"parent":0,"menu_order":0,"comment_status":"closed","ping_status":"closed","template":"onecolumn-page.php","meta":{"footnotes":""},"class_list":["post-1157","page","type-page","status-publish","hentry"],"_links":{"self":[{"href":"https:\/\/site.uit.no\/favllis\/wp-json\/wp\/v2\/pages\/1157","targetHints":{"allow":["GET"]}}],"collection":[{"href":"https:\/\/site.uit.no\/favllis\/wp-json\/wp\/v2\/pages"}],"about":[{"href":"https:\/\/site.uit.no\/favllis\/wp-json\/wp\/v2\/types\/page"}],"author":[{"embeddable":true,"href":"https:\/\/site.uit.no\/favllis\/wp-json\/wp\/v2\/users\/70"}],"replies":[{"embeddable":true,"href":"https:\/\/site.uit.no\/favllis\/wp-json\/wp\/v2\/comments?post=1157"}],"version-history":[{"count":28,"href":"https:\/\/site.uit.no\/favllis\/wp-json\/wp\/v2\/pages\/1157\/revisions"}],"predecessor-version":[{"id":2075,"href":"https:\/\/site.uit.no\/favllis\/wp-json\/wp\/v2\/pages\/1157\/revisions\/2075"}],"wp:attachment":[{"href":"https:\/\/site.uit.no\/favllis\/wp-json\/wp\/v2\/media?parent=1157"}],"curies":[{"name":"wp","href":"https:\/\/api.w.org\/{rel}","templated":true}]}}