{"id":1331,"date":"2012-09-25T10:08:30","date_gmt":"2012-09-25T08:08:30","guid":{"rendered":"https:\/\/site.uit.no\/favllis\/?page_id=1331"},"modified":"2013-08-04T13:12:06","modified_gmt":"2013-08-04T11:12:06","slug":"kart-over-aktivitetsomrader-og-samarbeidspartnere","status":"publish","type":"page","link":"https:\/\/site.uit.no\/favllis\/kart-over-aktivitetsomrader-og-samarbeidspartnere\/","title":{"rendered":"L\u00d8K p\u00e5 kart"},"content":{"rendered":"<p>Forskningsmaterialet fra F\u00e1vllis-prosjektene presenteres p\u00e5 kart gjennom videoer, stedfestede observasjoner av sosio-\u00f8kologiske hendelser, <a href=\"https:\/\/site.uit.no\/favllis\/favllis-publikasjoner-etc\/\">forskningsartikler<\/a> og narrativer\/fortellinger som er lenket til en forklaring eller til L\u00d8Ksikonet. Disse er\u00a0s\u00e5 langt det er\u00a0mulig\u00a0lenket til punkter i landskapet som samsvarer med steder avmerket p\u00e5 et hos Sj\u00f8samisk kompetansesenters nettsted <a title=\"Meron\" href=\"http:\/\/www.meron.no\/\">Meron<\/a>.<\/p>\n<p>Kartet nedenfor viser omr\u00e5dene F\u00e1vllis-prosjektet har hatt aktiviteter i og de lokale samarbeidspartnerne som har bidratt i prosjektet.<\/p>\n<p>Klikk p\u00e5 feltene for \u00e5 komme til undersider for disse omr\u00e5dene.<\/p>\n<p>Der det ikke er laget undersider er artikler knyttet til omr\u00e5det generelt.<\/p>\n<p>[google-map-v3 width=&#8221;768&#8243; height=&#8221;600&#8243; zoom=&#8221;12&#8243; maptype=&#8221;roadmap&#8221; mapalign=&#8221;center&#8221; directionhint=&#8221;false&#8221; language=&#8221;default&#8221; poweredby=&#8221;false&#8221; maptypecontrol=&#8221;true&#8221; pancontrol=&#8221;true&#8221; zoomcontrol=&#8221;true&#8221; scalecontrol=&#8221;true&#8221; streetviewcontrol=&#8221;false&#8221; scrollwheelcontrol=&#8221;false&#8221; draggable=&#8221;true&#8221; tiltfourtyfive=&#8221;false&#8221; addmarkermashupbubble=&#8221;false&#8221; addmarkermashupbubble=&#8221;false&#8221; kml=&#8221;https:\/\/maps.google.com\/maps\/ms?authuser=0&amp;vps=2&amp;ie=UTF8&amp;msa=0&amp;output=kml&amp;msid=202714061890854860887.0004c9182fb40fc330144&#8243; bubbleautopan=&#8221;true&#8221; showbike=&#8221;false&#8221; showtraffic=&#8221;false&#8221; showpanoramio=&#8221;false&#8221;]<\/p>\n<p><strong>\u00a0Tegnforklaring<\/strong><\/p>\n<table border=\"1\" cellspacing=\"0\" cellpadding=\"0\">\n<tbody>\n<tr>\n<td valign=\"top\" width=\"64\"><strong><span style=\"color: #ff0000\">R\u00f8de felter<\/span><\/strong><\/td>\n<td valign=\"top\" width=\"550\">Omr\u00e5der hvor F\u00e1vllis-prosjektene har hatt aktiviteter.<\/td>\n<\/tr>\n<tr>\n<td valign=\"top\" width=\"64\">\u00a0<img decoding=\"async\" class=\"alignleft size-full wp-image-1351\" alt=\"\" src=\"https:\/\/site.uit.no\/favllis\/wp-content\/uploads\/sites\/29\/2012\/05\/homegardenbusiness.png\" width=\"32\" height=\"32\" \/><\/td>\n<td valign=\"top\" width=\"550\"><a title=\"Lokale samarbeidspartnere\" href=\"https:\/\/site.uit.no\/favllis\/lokale-samarbeidspartnere\/\">Lokale samarbeidspartnere<\/a> i forskningsprosjektet F\u00e1vllis.<\/td>\n<\/tr>\n<tr>\n<td valign=\"top\" width=\"64\"><\/td>\n<td valign=\"top\" width=\"550\"><\/td>\n<\/tr>\n<\/tbody>\n<\/table>\n","protected":false},"excerpt":{"rendered":"<p>Forskningsmaterialet fra F\u00e1vllis-prosjektene presenteres p\u00e5 kart gjennom videoer, stedfestede observasjoner av sosio-\u00f8kologiske hendelser, forskningsartikler og narrativer\/fortellinger som er lenket til en forklaring eller til L\u00d8Ksikonet. Disse er\u00a0s\u00e5 langt det er\u00a0mulig\u00a0lenket til punkter i landskapet som samsvarer med steder avmerket p\u00e5 &hellip; <a href=\"https:\/\/site.uit.no\/favllis\/kart-over-aktivitetsomrader-og-samarbeidspartnere\/\">Continue reading <span class=\"meta-nav\">&rarr;<\/span><\/a><\/p>\n","protected":false},"author":70,"featured_media":0,"parent":0,"menu_order":0,"comment_status":"closed","ping_status":"closed","template":"onecolumn-page.php","meta":{"footnotes":""},"class_list":["post-1331","page","type-page","status-publish","hentry"],"_links":{"self":[{"href":"https:\/\/site.uit.no\/favllis\/wp-json\/wp\/v2\/pages\/1331","targetHints":{"allow":["GET"]}}],"collection":[{"href":"https:\/\/site.uit.no\/favllis\/wp-json\/wp\/v2\/pages"}],"about":[{"href":"https:\/\/site.uit.no\/favllis\/wp-json\/wp\/v2\/types\/page"}],"author":[{"embeddable":true,"href":"https:\/\/site.uit.no\/favllis\/wp-json\/wp\/v2\/users\/70"}],"replies":[{"embeddable":true,"href":"https:\/\/site.uit.no\/favllis\/wp-json\/wp\/v2\/comments?post=1331"}],"version-history":[{"count":51,"href":"https:\/\/site.uit.no\/favllis\/wp-json\/wp\/v2\/pages\/1331\/revisions"}],"predecessor-version":[{"id":1334,"href":"https:\/\/site.uit.no\/favllis\/wp-json\/wp\/v2\/pages\/1331\/revisions\/1334"}],"wp:attachment":[{"href":"https:\/\/site.uit.no\/favllis\/wp-json\/wp\/v2\/media?parent=1331"}],"curies":[{"name":"wp","href":"https:\/\/api.w.org\/{rel}","templated":true}]}}