{"id":178,"date":"2011-08-19T11:25:23","date_gmt":"2011-08-19T09:25:23","guid":{"rendered":"https:\/\/site.uit.no\/favllis\/?page_id=178"},"modified":"2013-06-12T22:23:56","modified_gmt":"2013-06-12T20:23:56","slug":"narrativ-om-fahccabealli","status":"publish","type":"page","link":"https:\/\/site.uit.no\/favllis\/bakgrunn-for-forstaelse-av-lokal-kunnskap\/narrativ-om-fahccabealli\/","title":{"rendered":"F\u00e1hccabealli"},"content":{"rendered":"<p><strong>F\u00e1hccabealli \u2013 en fiskegrunne i Porsanger<\/strong><\/p>\n<p style=\"text-align: left\"><img fetchpriority=\"high\" decoding=\"async\" class=\"aligncenter size-full wp-image-205\" alt=\"\" src=\"https:\/\/site.uit.no\/favllis\/wp-content\/uploads\/sites\/29\/2011\/08\/560Gearretnjargaanst.jpg\" width=\"448\" height=\"293\" srcset=\"https:\/\/site.uit.no\/favllis\/wp-content\/uploads\/sites\/29\/2011\/08\/560Gearretnjargaanst.jpg 560w, https:\/\/site.uit.no\/favllis\/wp-content\/uploads\/sites\/29\/2011\/08\/560Gearretnjargaanst-300x196.jpg 300w\" sizes=\"(max-width: 448px) 100vw, 448px\" \/>F\u00e1hccabealli er navnet p\u00e5 en fiskegrunne som ligger utenfor Kolvik og Trollholmen. Grunnen blir ogs\u00e5 omtalt som Trollholmgrunnen. Flere nevner grunnen som en av de viktige og gode plassene de fisket p\u00e5. <a href=\"http:\/\/www.mearrasapmi.no\/index.php?option=com_sobi2&amp;sobi2Task=sobi2Details&amp;catid=73&amp;sobi2Id=2923&amp;Itemid=74&amp;lang=nb\">Se Sj\u00f8samisk kompetansesenter side <\/a>om navnet.<\/p>\n<p>Det norske navnet henviser til Trollholmen, omr\u00e5det rett innenfor som er medet til grunnen. Det samiske navnet viser ikke til et med. Ordet <em>f\u00e1hccat<\/em> betyr &#8216;votter&#8217;, og <em>f\u00e1hccabealle &#8216;<\/em>en vott&#8217;, og\u00a0ordet brukes ogs\u00e5 om sm\u00e5kveite.<\/p>\n<p>Lokale fiskere forteller at det ble for det meste fisket torsk og sei p\u00e5 grunnen, men man kunne ogs\u00e5 f\u00e5 noe kveite, steinbit og hyse. F\u00e1hccabealli er spesielt kjent for \u00e5 v\u00e6re en av de virkelig gode plassene for sei. En pensjonert fisker (f. 1937) forteller: \u201cF\u00e1hccabealli, det har jo v\u00e6rt seiomr\u00e5de. Det var jo mange som fisket sei der, og da n\u00e5r storseien var enda der i Porsanger. Det var liksom at alle m\u00e5tte dit, til F\u00e1hccabealli.\u201d En annen fjordboer (f. 1943) minnes ogs\u00e5 at seifisket var spesielt godt da han var ung: \u201cI mine guttedager, s\u00e5 har jeg v\u00e6rt med og fylt spissb\u00e5ten her. Med storsei. Det var jeg og pappa og han gamlingen som bodde her. Vi dro p\u00e5 seifiske, det var uti august m\u00e5ned for det var litt skj\u00f8mt. Og da hadde vi tatt seilet fra b\u00e5ten og lagt over s\u00e5 det var en s\u00e5nn grop i bakken og s\u00e5 l\u00e5 vi og sov under den. Og s\u00e5 v\u00e5kner pappa av at han h\u00f8rer s\u00e5nn kjempe plask. Og s\u00e5 g\u00e5r han ut p\u00e5 kanten og s\u00e5 sier han \u2018det er jo kjempe seiv\u00f8e her\u2019. S\u00e5 vekket han oss og s\u00e5 rodde vi ut der og det var ikke lange tiden vi brukte p\u00e5 \u00e5 fylle b\u00e5ten. Og da var det \u00e5 s\u00e5 ro til Kolvik og levere der.\u201d Han forteller ogs\u00e5 at seifisket holdt seg godt der lenge: \u201cJa, da hadde man sm\u00e5sei eller sei overalt p\u00e5 de grunnene her. Men det var liksom den siste bastionen. Den siste seien, storseien som var her. Det var her du kunne f\u00e5 den. Til langt utp\u00e5 80-tallet.\u201d<\/p>\n<p><strong><br \/>\n<\/strong><a title=\"Oversikt over samiske og norske navn p\u00e5 fiskegrunner\" href=\"https:\/\/site.uit.no\/favllis\/fjorder\/porsanger\/oversikt-over-samiske-og-norske-navn-pa-fiskegrunner-i-porsanger\/\">Oversikt over fiskegrunner i Porsanger<\/a><\/p>\n<p><strong>Andre narrativer fra Porsanger<br \/>\n<\/strong><a href=\"https:\/\/site.uit.no\/favllis\/bakgrunn-for-forstaelse-av-lokal-kunnskap\/narrativ-om-gades\/\">G\u00e1\u0111e\u0161 \u2013 en fiskegrunne i Porsanger<\/a><br \/>\n<a href=\"https:\/\/site.uit.no\/favllis\/bakgrunn-for-forstaelse-av-lokal-kunnskap\/narrativ-om-overfiske\/\">Overbeskatning av fiskeressurser<\/a><br \/>\n<a href=\"https:\/\/site.uit.no\/favllis\/bakgrunn-for-forstaelse-av-lokal-kunnskap\/narrativ-om-ufred-pa-fjorden\/\">Ufred p\u00e5 fjorden<\/a><br \/>\n<a href=\"https:\/\/site.uit.no\/favllis\/bakgrunn-for-forstaelse-av-lokal-kunnskap\/narrativ-om-kvoteordninger\/\">Kvoteordninger<\/a><br \/>\n<a href=\"https:\/\/site.uit.no\/favllis\/bakgrunn-for-forstaelse-av-lokal-kunnskap\/narrativ-om-sel\/\">Sel<\/a><br \/>\n<a href=\"https:\/\/site.uit.no\/favllis\/bakgrunn-for-forstaelse-av-lokal-kunnskap\/narrativ-om-krakeboller\/\">Kr\u00e5keboller<\/a><\/p>\n","protected":false},"excerpt":{"rendered":"<p>F\u00e1hccabealli \u2013 en fiskegrunne i Porsanger F\u00e1hccabealli er navnet p\u00e5 en fiskegrunne som ligger utenfor Kolvik og Trollholmen. Grunnen blir ogs\u00e5 omtalt som Trollholmgrunnen. Flere nevner grunnen som en av de viktige og gode plassene de fisket p\u00e5. Se Sj\u00f8samisk &hellip; <a href=\"https:\/\/site.uit.no\/favllis\/bakgrunn-for-forstaelse-av-lokal-kunnskap\/narrativ-om-fahccabealli\/\">Continue reading <span class=\"meta-nav\">&rarr;<\/span><\/a><\/p>\n","protected":false},"author":70,"featured_media":0,"parent":19,"menu_order":0,"comment_status":"closed","ping_status":"closed","template":"onecolumn-page.php","meta":{"footnotes":""},"class_list":["post-178","page","type-page","status-publish","hentry"],"_links":{"self":[{"href":"https:\/\/site.uit.no\/favllis\/wp-json\/wp\/v2\/pages\/178","targetHints":{"allow":["GET"]}}],"collection":[{"href":"https:\/\/site.uit.no\/favllis\/wp-json\/wp\/v2\/pages"}],"about":[{"href":"https:\/\/site.uit.no\/favllis\/wp-json\/wp\/v2\/types\/page"}],"author":[{"embeddable":true,"href":"https:\/\/site.uit.no\/favllis\/wp-json\/wp\/v2\/users\/70"}],"replies":[{"embeddable":true,"href":"https:\/\/site.uit.no\/favllis\/wp-json\/wp\/v2\/comments?post=178"}],"version-history":[{"count":15,"href":"https:\/\/site.uit.no\/favllis\/wp-json\/wp\/v2\/pages\/178\/revisions"}],"predecessor-version":[{"id":1769,"href":"https:\/\/site.uit.no\/favllis\/wp-json\/wp\/v2\/pages\/178\/revisions\/1769"}],"up":[{"embeddable":true,"href":"https:\/\/site.uit.no\/favllis\/wp-json\/wp\/v2\/pages\/19"}],"wp:attachment":[{"href":"https:\/\/site.uit.no\/favllis\/wp-json\/wp\/v2\/media?parent=178"}],"curies":[{"name":"wp","href":"https:\/\/api.w.org\/{rel}","templated":true}]}}