{"id":2094,"date":"2013-06-24T21:30:26","date_gmt":"2013-06-24T19:30:26","guid":{"rendered":"https:\/\/site.uit.no\/favllis\/?page_id=2094"},"modified":"2019-01-22T09:56:33","modified_gmt":"2019-01-22T08:56:33","slug":"andre-artikler","status":"publish","type":"page","link":"https:\/\/site.uit.no\/favllis\/andre-artikler\/","title":{"rendered":"Andre artikler"},"content":{"rendered":"<p><strong>Marin ressursforvaltning, lokal kunnskap og b\u00e6rekraftige samfunn i nord<br \/>\n<\/strong>S. Andersen (2011).\u00a0I \u201d<i>Hvor g\u00e5r Nord-Norge? Tidsbilder fra en landsdel i forandring<\/i>\u201d. Redakt\u00f8rer: S. Jentoft, J.I. Nerg\u00e5rd og K.A. R\u00f8vik (2011). Orkana Akademisk, Stamsund.<br \/>\n<a title=\"Om artikkelen\" href=\"https:\/\/site.uit.no\/favllis\/om-artikkelen\/\">Om artikkelen<\/a><\/p>\n<p><strong>Mot en samisk fiskeriforvaltning? Marin ressursforvaltning, lokal kunnskap og b\u00e6rekraftige samfunn i nord<br \/>\n<\/strong>S. Jentoft og C. Brattland (2011). I \u201d<i>Hvor g\u00e5r Nord-Norge? Tidsbilder fra en landsdel i forandring\u201d<\/i>. Redakt\u00f8rer: S. Jentoft, J.I. Nerg\u00e5rd og K.A. R\u00f8vik. Orkana Akademisk, Stamsund.<\/p>\n<p><strong>Reclaiming indigenous seascapes. Sami place names in Norwegian seacharts<br \/>\n<\/strong>C. Brattland og S. Nilsen. <i>Journal of Polar Geography <\/i>vol. 34( 4).<\/p>\n<p><strong>Mapping Rights in Coastal Sami Seascapes<\/strong><br \/>\nBrattland, C. (2010). <i>Arctic Review on Law and Politics<\/i>, 1 (1), pp.: 28-53.<\/p>\n<p><strong>Sami culture and the mapping of marine biodiversity<\/strong><br \/>\nBrattland, C. (2013).<i> Norsk Geografisk Tidsskrift-Norwegian Journal of Geography<\/i>, 67 (2), pp.: 87-98.<\/p>\n<p><strong>Proving Fishers Right. Effects of the Integration of Experience-Based Knowledge in Ecosystem-Based Management<\/strong><br \/>\nBrattland, C. (2013). <i>Acta Borealia<\/i>, pp.: 1-21.<\/p>\n<p><strong>Sami harvest machineries, cyborgization, and small-scale fisheries of the future<br \/>\n<\/strong>Brattland, C. (Manuskript i prosess til tidsskriftet MAST)<\/p>\n<p><strong>New Attitudes \u2013 New Challenges: Perspectives on LEK-research and Local Partnership<i><br \/>\n<\/i><\/strong>Eyth\u00f3rsson, E. and C. Brattland (2012). In Carothers, C. et al (eds) <i>Fishing People of the North: Cultures, Economies and Management Responding ti Change. <\/i>Alaska Sea Grant, University of Alaska, Fairbanks.<\/p>\n<p class=\"ArticleTitle\" lang=\"en\"><strong>Social\u2013ecological timelines to explore human adaptation to coastal change<br \/>\n<\/strong>Brattland, C., Eyth\u00f3rsson, E., Weines, J. &amp; Sunnan\u00e5, K. (2018). Social-ecological timelines to explore human adaptation to coastal change. <em>Ambio<\/em>. <a href=\"https:\/\/doi.org\/10.1007\/s13280-018-1129-5\">https:\/\/doi.org\/10.1007\/s13280-018-1129-5<\/a><br \/>\n<strong><br \/>\n<\/strong><\/p>\n<p>&nbsp;<\/p>\n","protected":false},"excerpt":{"rendered":"<p>Marin ressursforvaltning, lokal kunnskap og b\u00e6rekraftige samfunn i nord S. Andersen (2011).\u00a0I \u201dHvor g\u00e5r Nord-Norge? Tidsbilder fra en landsdel i forandring\u201d. Redakt\u00f8rer: S. Jentoft, J.I. Nerg\u00e5rd og K.A. R\u00f8vik (2011). Orkana Akademisk, Stamsund. Om artikkelen Mot en samisk fiskeriforvaltning? Marin &hellip; <a href=\"https:\/\/site.uit.no\/favllis\/andre-artikler\/\">Continue reading <span class=\"meta-nav\">&rarr;<\/span><\/a><\/p>\n","protected":false},"author":120,"featured_media":0,"parent":0,"menu_order":0,"comment_status":"closed","ping_status":"closed","template":"onecolumn-page.php","meta":{"footnotes":""},"class_list":["post-2094","page","type-page","status-publish","hentry"],"_links":{"self":[{"href":"https:\/\/site.uit.no\/favllis\/wp-json\/wp\/v2\/pages\/2094","targetHints":{"allow":["GET"]}}],"collection":[{"href":"https:\/\/site.uit.no\/favllis\/wp-json\/wp\/v2\/pages"}],"about":[{"href":"https:\/\/site.uit.no\/favllis\/wp-json\/wp\/v2\/types\/page"}],"author":[{"embeddable":true,"href":"https:\/\/site.uit.no\/favllis\/wp-json\/wp\/v2\/users\/120"}],"replies":[{"embeddable":true,"href":"https:\/\/site.uit.no\/favllis\/wp-json\/wp\/v2\/comments?post=2094"}],"version-history":[{"count":10,"href":"https:\/\/site.uit.no\/favllis\/wp-json\/wp\/v2\/pages\/2094\/revisions"}],"predecessor-version":[{"id":2586,"href":"https:\/\/site.uit.no\/favllis\/wp-json\/wp\/v2\/pages\/2094\/revisions\/2586"}],"wp:attachment":[{"href":"https:\/\/site.uit.no\/favllis\/wp-json\/wp\/v2\/media?parent=2094"}],"curies":[{"name":"wp","href":"https:\/\/api.w.org\/{rel}","templated":true}]}}