{"id":2099,"date":"2013-06-24T22:02:16","date_gmt":"2013-06-24T20:02:16","guid":{"rendered":"https:\/\/site.uit.no\/favllis\/?page_id=2099"},"modified":"2013-06-24T23:15:31","modified_gmt":"2013-06-24T21:15:31","slug":"masteroppgave-2","status":"publish","type":"page","link":"https:\/\/site.uit.no\/favllis\/masteroppgave-2\/","title":{"rendered":"Masteroppgave"},"content":{"rendered":"<p>P\u00e5l Julius Nilsen: <a href=\"https:\/\/site.uit.no\/favllis\/masteroppgave\/\">Kart som verkt\u00f8y for synliggj\u00f8ring av sj\u00f8samisk tradisjonskunnskap<\/a><\/p>\n<p>Pr\u00f8veforelesning 14. desember 2010:\u00a0Teoretiske og metodiske problem ved bruk av kart som framstilling av samfunnsforhold<em> <\/em><\/p>\n<p>Masteroppgaven har digetale kart som et sentralt tema. P\u00e5 grunnlag av tidligere innsamlet materiale<a title=\"\" href=\"#_ftn1\">[1]<\/a> utarbeidet Nilsen et digitalt kart som viser fiskegrunner i Indre Varanger og de samiske navnene p\u00e5 disse. Fokuset i problemstillingen og oppgaven er hvordan kartfremstillinger av tradisjonelle bruksomr\u00e5der kan bidra til formidling av sj\u00f8samisk kulturhistorie og kulturlandskap, og hvordan slike kartfremstillinger kan bidra til \u00e5 belyse sj\u00f8samiske fiskerirettigheter.<\/p>\n<p>Han diskuterer om kartfremstillinger over tradisjonelle bruksomr\u00e5der kan styrke kunnskapen om, og synliggj\u00f8re sj\u00f8samisk bosetning, kultur, og fiskerin\u00e6ringas kulturelle betydning for sj\u00f8samene, og dermed styrke grunnlaget for juridiske vurderinger og politiske beslutninger. Nilsen konkluderer med at kart, s\u00e6rlig i den formen de har f\u00e5tt i dag med digitale kart, med forskjellige r\u00e5data som kan kombineres med hverandre i et utall kombinasjoner, har et stort formidlingspotensial.<\/p>\n<p>Dette formidlingspotensialet gjelder ogs\u00e5 formidling av kulturhistorie og kulturlandskap. Ogs\u00e5 i forhold til synliggj\u00f8ring av rettigheter, i dette tilfellet fiskerirettigheter, kan kart v\u00e6re et hjelpemiddel. I oppgaven problematiseres ogs\u00e5 bruk av kart: Den dokumenterte kunnskapen kjennetegnes bl.a. ved at den for det meste har form av et dokumentert \u00f8yeblikksbilde av lokal tradisjon (rettere sagt deler av lokal tradisjon), som er blitt bearbeidet av forskere (eller andre som har jobbet med materialet). Denne statiske formen kan imidlertid motvirkes med opplegg for oppdatering av dataene, noe elektroniske kart er egnet til (P. Nilsen 2011).<\/p>\n<div>\n<hr align=\"left\" size=\"1\" width=\"33%\" \/>\n<div>\n<p><a title=\"\" href=\"#_ftnref1\">[1]<\/a> Kildemateriale om tradisjonelle fiskerier i Indre Varanger innsamlet av n\u00e5 avd\u00f8de Johan Albert Kalstad er sentralt i dnene masteroppgaven. Kalstads materiale best\u00e5r av transkriberte intervjuer av hovedsakelig pensjonerte fiskere fra Varanger omr\u00e5det, samt en samling av kart i en ikke ferdigstilt form hvor fiskegrunner, en del andre fiskeplasser, en del fiskemed, og innsig av, og gyteomr\u00e5der for, den stedegne torsken er avmerket\/ indikert (P. Nilsen 2011).<\/p>\n<\/div>\n<\/div>\n","protected":false},"excerpt":{"rendered":"<p>P\u00e5l Julius Nilsen: Kart som verkt\u00f8y for synliggj\u00f8ring av sj\u00f8samisk tradisjonskunnskap Pr\u00f8veforelesning 14. desember 2010:\u00a0Teoretiske og metodiske problem ved bruk av kart som framstilling av samfunnsforhold Masteroppgaven har digetale kart som et sentralt tema. P\u00e5 grunnlag av tidligere innsamlet materiale[1] &hellip; <a href=\"https:\/\/site.uit.no\/favllis\/masteroppgave-2\/\">Continue reading <span class=\"meta-nav\">&rarr;<\/span><\/a><\/p>\n","protected":false},"author":120,"featured_media":0,"parent":0,"menu_order":0,"comment_status":"closed","ping_status":"closed","template":"onecolumn-page.php","meta":{"footnotes":""},"class_list":["post-2099","page","type-page","status-publish","hentry"],"_links":{"self":[{"href":"https:\/\/site.uit.no\/favllis\/wp-json\/wp\/v2\/pages\/2099","targetHints":{"allow":["GET"]}}],"collection":[{"href":"https:\/\/site.uit.no\/favllis\/wp-json\/wp\/v2\/pages"}],"about":[{"href":"https:\/\/site.uit.no\/favllis\/wp-json\/wp\/v2\/types\/page"}],"author":[{"embeddable":true,"href":"https:\/\/site.uit.no\/favllis\/wp-json\/wp\/v2\/users\/120"}],"replies":[{"embeddable":true,"href":"https:\/\/site.uit.no\/favllis\/wp-json\/wp\/v2\/comments?post=2099"}],"version-history":[{"count":8,"href":"https:\/\/site.uit.no\/favllis\/wp-json\/wp\/v2\/pages\/2099\/revisions"}],"predecessor-version":[{"id":2503,"href":"https:\/\/site.uit.no\/favllis\/wp-json\/wp\/v2\/pages\/2099\/revisions\/2503"}],"wp:attachment":[{"href":"https:\/\/site.uit.no\/favllis\/wp-json\/wp\/v2\/media?parent=2099"}],"curies":[{"name":"wp","href":"https:\/\/api.w.org\/{rel}","templated":true}]}}