{"id":2141,"date":"2013-06-25T21:34:35","date_gmt":"2013-06-25T19:34:35","guid":{"rendered":"https:\/\/site.uit.no\/favllis\/?page_id=2141"},"modified":"2013-07-27T19:40:54","modified_gmt":"2013-07-27T17:40:54","slug":"utredninger-2","status":"publish","type":"page","link":"https:\/\/site.uit.no\/favllis\/utredninger-2\/","title":{"rendered":"Bruksomr\u00e5der for L\u00d8K i fjorder"},"content":{"rendered":"<p>Allerede fra slutten av 1970-tallet, men s\u00e6rlig siden 1990-tallet, foreligger en rekke publikasjoner som anbefaler innsamling og integrasjon av fiskeres kunnskap i\u00a0 fiskerivitenskap og forvaltning. Man viser til at fiskernes kunnskap kan bidra b\u00e5de til \u00e5 utvide det generelle kunnskapsgrunnlaget om \u00f8kologiske forhold, og til \u00e5 lage hensiktsmessige lokale regler for fisket.<\/p>\n<ul>\n<li><a title=\"Forskning og forvaltning\" href=\"https:\/\/site.uit.no\/favllis\/lok-i-forskning-og-forvaltning\/\">Forskning og forvaltning<\/a><\/li>\n<li>Skole og utdanning<\/li>\n<li>L\u00d8K i lokal bruk: politikk, lokalhistorie, n\u00e6ringsutvikling<\/li>\n<li>Lokal kapasitetsbygging<\/li>\n<\/ul>\n<p>&nbsp;<\/p>\n","protected":false},"excerpt":{"rendered":"<p>Allerede fra slutten av 1970-tallet, men s\u00e6rlig siden 1990-tallet, foreligger en rekke publikasjoner som anbefaler innsamling og integrasjon av fiskeres kunnskap i\u00a0 fiskerivitenskap og forvaltning. Man viser til at fiskernes kunnskap kan bidra b\u00e5de til \u00e5 utvide det generelle kunnskapsgrunnlaget &hellip; <a href=\"https:\/\/site.uit.no\/favllis\/utredninger-2\/\">Continue reading <span class=\"meta-nav\">&rarr;<\/span><\/a><\/p>\n","protected":false},"author":120,"featured_media":0,"parent":0,"menu_order":0,"comment_status":"closed","ping_status":"closed","template":"onecolumn-page.php","meta":{"footnotes":""},"class_list":["post-2141","page","type-page","status-publish","hentry"],"_links":{"self":[{"href":"https:\/\/site.uit.no\/favllis\/wp-json\/wp\/v2\/pages\/2141","targetHints":{"allow":["GET"]}}],"collection":[{"href":"https:\/\/site.uit.no\/favllis\/wp-json\/wp\/v2\/pages"}],"about":[{"href":"https:\/\/site.uit.no\/favllis\/wp-json\/wp\/v2\/types\/page"}],"author":[{"embeddable":true,"href":"https:\/\/site.uit.no\/favllis\/wp-json\/wp\/v2\/users\/120"}],"replies":[{"embeddable":true,"href":"https:\/\/site.uit.no\/favllis\/wp-json\/wp\/v2\/comments?post=2141"}],"version-history":[{"count":18,"href":"https:\/\/site.uit.no\/favllis\/wp-json\/wp\/v2\/pages\/2141\/revisions"}],"predecessor-version":[{"id":2392,"href":"https:\/\/site.uit.no\/favllis\/wp-json\/wp\/v2\/pages\/2141\/revisions\/2392"}],"wp:attachment":[{"href":"https:\/\/site.uit.no\/favllis\/wp-json\/wp\/v2\/media?parent=2141"}],"curies":[{"name":"wp","href":"https:\/\/api.w.org\/{rel}","templated":true}]}}