{"id":2200,"date":"2013-07-10T11:26:51","date_gmt":"2013-07-10T09:26:51","guid":{"rendered":"https:\/\/site.uit.no\/favllis\/?page_id=2200"},"modified":"2013-07-10T11:38:24","modified_gmt":"2013-07-10T09:38:24","slug":"om-artikkelen","status":"publish","type":"page","link":"https:\/\/site.uit.no\/favllis\/om-artikkelen\/","title":{"rendered":"Om artikkelen &#8220;marin ressursforvaltning, lokal kunnskap og b\u00e6rekraftige samfunn i nord&#8221;"},"content":{"rendered":"<p><strong>Marin ressursforvaltning, lokal kunnskap og b\u00e6rekraftige samfunn i nord<br \/>\n<\/strong>2011, Svanhild Andersen. I \u201d<i>Hvor g\u00e5r Nord-Norge? Tidsbilder fra en landsdel i forandring<\/i>\u201d (2011). Redakt\u00f8rer: S. Jentoft, J.I. Nerg\u00e5rd og K.A. R\u00f8vik (2011). Orkana Akademisk, Stamsund.<\/p>\n<p>I artikkelen vises det til at \u00f8kologiske endringer blant annet i form av reduserte fiskebestander i Porsangerfjorden har medf\u00f8rt negative konsekvenser for lokal fiskerin\u00e6ring og dermed ogs\u00e5 samfunnene langs fjorden. Videre vises det til rettsutviklingen innen b\u00e5de milj\u00f8- og urfolksrett som framhever betydningen av lokale ressursbrukeres kunnskap for b\u00e6rekraftig bruk og utvikling. Det demokratiske aspektet ved bruk av slik kunnskap understrekes, og at slik bruk ikke kan gj\u00f8res uavhengig av kunnskapsb\u00e6rerne og samfunnene der slik kunnskap produseres og videref\u00f8res. Det p\u00e5pekes ogs\u00e5 at vurderinger av hvorvidt dagens fiskeriforvaltning er b\u00e6rekraftig eller ikke, fortoner seg forskjellig avhengig av om den vurderes med utgangspunkt i nasjonalt eller lokalt niv\u00e5.<\/p>\n","protected":false},"excerpt":{"rendered":"<p>Marin ressursforvaltning, lokal kunnskap og b\u00e6rekraftige samfunn i nord 2011, Svanhild Andersen. I \u201dHvor g\u00e5r Nord-Norge? Tidsbilder fra en landsdel i forandring\u201d (2011). Redakt\u00f8rer: S. Jentoft, J.I. Nerg\u00e5rd og K.A. R\u00f8vik (2011). Orkana Akademisk, Stamsund. I artikkelen vises det til &hellip; <a href=\"https:\/\/site.uit.no\/favllis\/om-artikkelen\/\">Continue reading <span class=\"meta-nav\">&rarr;<\/span><\/a><\/p>\n","protected":false},"author":120,"featured_media":0,"parent":0,"menu_order":0,"comment_status":"closed","ping_status":"closed","template":"onecolumn-page.php","meta":{"footnotes":""},"class_list":["post-2200","page","type-page","status-publish","hentry"],"_links":{"self":[{"href":"https:\/\/site.uit.no\/favllis\/wp-json\/wp\/v2\/pages\/2200","targetHints":{"allow":["GET"]}}],"collection":[{"href":"https:\/\/site.uit.no\/favllis\/wp-json\/wp\/v2\/pages"}],"about":[{"href":"https:\/\/site.uit.no\/favllis\/wp-json\/wp\/v2\/types\/page"}],"author":[{"embeddable":true,"href":"https:\/\/site.uit.no\/favllis\/wp-json\/wp\/v2\/users\/120"}],"replies":[{"embeddable":true,"href":"https:\/\/site.uit.no\/favllis\/wp-json\/wp\/v2\/comments?post=2200"}],"version-history":[{"count":3,"href":"https:\/\/site.uit.no\/favllis\/wp-json\/wp\/v2\/pages\/2200\/revisions"}],"predecessor-version":[{"id":2203,"href":"https:\/\/site.uit.no\/favllis\/wp-json\/wp\/v2\/pages\/2200\/revisions\/2203"}],"wp:attachment":[{"href":"https:\/\/site.uit.no\/favllis\/wp-json\/wp\/v2\/media?parent=2200"}],"curies":[{"name":"wp","href":"https:\/\/api.w.org\/{rel}","templated":true}]}}