{"id":2279,"date":"2013-07-21T20:58:24","date_gmt":"2013-07-21T18:58:24","guid":{"rendered":"https:\/\/site.uit.no\/favllis\/?page_id=2279"},"modified":"2013-07-21T23:57:49","modified_gmt":"2013-07-21T21:57:49","slug":"dokumentarforskningsfilm","status":"publish","type":"page","link":"https:\/\/site.uit.no\/favllis\/dokumentarforskningsfilm\/","title":{"rendered":"Dokumentar-\/forskningsfilm"},"content":{"rendered":"<p>Dokumentar-\/forskningsfilmen \u201cDet hadde v\u00e6rt godt med seim\u00f8lja\u201d (Seljevold 2011) viser ulike former for kunnskap om Porsangerfjorden. Man f\u00f8lger noen fjordfiskere i deres daglige arbeid, og synliggj\u00f8r dermed bruk av lokal kunnskap og ogs\u00e5 utviklingstrekk i fjorden som et \u00f8kologisk system. Filmen viser ogs\u00e5 marinbiologer i arbeid, blant annet p\u00e5 forskningstokt i Porsangerfjorden. Forholdet mellom fisker- og forskerkunnskap illustreres i filmen gjennom opptak fra et \u00e5pent m\u00f8te i Porsanger der en forsker diskuterer forvaltningen av kongekrabbe med fiskere og andre blant lokalbefolkningen. Utdrag fra filmen:<\/p>\n<p><strong><iframe title=\"&quot;Det hadde v\u00e6rt godt med seim\u00f8lja&quot;\" src=\"https:\/\/player.vimeo.com\/video\/36280365?dnt=1&amp;app_id=122963\" width=\"640\" height=\"512\" frameborder=\"0\" allow=\"autoplay; fullscreen; picture-in-picture; clipboard-write\"><\/iframe><\/strong><\/p>\n<p>Det har ogs\u00e5 v\u00e6rt laget <a title=\"videosnutter\" href=\"https:\/\/site.uit.no\/favllis\/videosnutter\/\">videosnutter<\/a> basert p\u00e5 samme filmmateriale.<\/p>\n<p>Fra K\u00e5fjord er det laget en film om kunnskapsoverf\u00f8ring mellom pensjonerte menn, der fiskeren Ansgar Hansen forteller hvordan han l\u00e6rer hvordan garn skal settes og hvordan en tar (fiske)med, eller meda som man sier i den lokale dialekten (Wright og Brattland 2012). Filmen var del av Camilla Brattlands dr.avhandling\u00a0og kan ses her:<\/p>\n<a href=\"http:\/\/youtu.be\/bDQixtHN7tc\">http:\/\/youtu.be\/bDQixtHN7tc<\/a>\n","protected":false},"excerpt":{"rendered":"<p>Dokumentar-\/forskningsfilmen \u201cDet hadde v\u00e6rt godt med seim\u00f8lja\u201d (Seljevold 2011) viser ulike former for kunnskap om Porsangerfjorden. Man f\u00f8lger noen fjordfiskere i deres daglige arbeid, og synliggj\u00f8r dermed bruk av lokal kunnskap og ogs\u00e5 utviklingstrekk i fjorden som et \u00f8kologisk system. &hellip; <a href=\"https:\/\/site.uit.no\/favllis\/dokumentarforskningsfilm\/\">Continue reading <span class=\"meta-nav\">&rarr;<\/span><\/a><\/p>\n","protected":false},"author":120,"featured_media":0,"parent":0,"menu_order":0,"comment_status":"closed","ping_status":"closed","template":"onecolumn-page.php","meta":{"footnotes":""},"class_list":["post-2279","page","type-page","status-publish","hentry"],"_links":{"self":[{"href":"https:\/\/site.uit.no\/favllis\/wp-json\/wp\/v2\/pages\/2279","targetHints":{"allow":["GET"]}}],"collection":[{"href":"https:\/\/site.uit.no\/favllis\/wp-json\/wp\/v2\/pages"}],"about":[{"href":"https:\/\/site.uit.no\/favllis\/wp-json\/wp\/v2\/types\/page"}],"author":[{"embeddable":true,"href":"https:\/\/site.uit.no\/favllis\/wp-json\/wp\/v2\/users\/120"}],"replies":[{"embeddable":true,"href":"https:\/\/site.uit.no\/favllis\/wp-json\/wp\/v2\/comments?post=2279"}],"version-history":[{"count":12,"href":"https:\/\/site.uit.no\/favllis\/wp-json\/wp\/v2\/pages\/2279\/revisions"}],"predecessor-version":[{"id":2311,"href":"https:\/\/site.uit.no\/favllis\/wp-json\/wp\/v2\/pages\/2279\/revisions\/2311"}],"wp:attachment":[{"href":"https:\/\/site.uit.no\/favllis\/wp-json\/wp\/v2\/media?parent=2279"}],"curies":[{"name":"wp","href":"https:\/\/api.w.org\/{rel}","templated":true}]}}