{"id":571,"date":"2012-02-12T22:59:45","date_gmt":"2012-02-12T21:59:45","guid":{"rendered":"https:\/\/site.uit.no\/favllis\/?page_id=571"},"modified":"2013-06-22T20:09:09","modified_gmt":"2013-06-22T18:09:09","slug":"sjosamenes-spesielle-ordforrad-i-dag-og-i-historien","status":"publish","type":"page","link":"https:\/\/site.uit.no\/favllis\/sjosamenes-spesielle-ordforrad-i-dag-og-i-historien\/","title":{"rendered":"Samisk fiskeriterminologi"},"content":{"rendered":"<p>Spr\u00e5k er en sentral kilde til tradisjonell kunnskap \u2013 en kilde som hittil er benyttet i liten grad i sj\u00f8samisk sammenheng. I prosjektets spr\u00e5klige del ble det foretatt en innsamling av samiske ord for ulike fiskearter.\u00a0Steinar Nilsen som utf\u00f8rte dette arbeidet, peker p\u00e5 at gamle samiske ord knyttet til kystmilj\u00f8 og fiske speiler en lang bosetningshistorie. En del av ordene er opprinnelig l\u00e5nord,\u00a0 noe som viser til gamle kontakter med nabofolkene. Ord l\u00e5nt fra nordisk er p\u00e5 fiskearter som har stor \u00f8konomisk betydning. Samenes forfedre m\u00e5 ha v\u00e6rt godt kjent med disse fiskene f\u00f8r de l\u00e5nte betegnelser fra nordisk. Det fins imidlertid samiske fiskenavn som ikke er l\u00e5nt fra nordisk, for eksempel: <i>\u00e1hkalakkis<\/i> \u2018h\u00e5kjerring\u2019, <i>guorpmat <\/i>\u2018skrubbe\u2019, <i>\u0161uorja<\/i> \u2018brugde\u2019, <i>\u0161\u00e1kko\u0161 (st\u00e1kko\u0161)<\/i> \u2018tangsprell\u2019, <i>\u0161\u00e1k\u0161a<\/i> \u2018lodde\u2019 eller \u2018sil\u2019, <i>d\u00e1pmot<\/i> \u2018\u00f8rret\u2019, <i>soavvil<\/i> \u2018harr\u2019, <i>\u010duov\u017ea <\/i>\u2018sik\u2019, <i>nj\u00e1hk\u00e1<\/i> \u2018lake\u2019og <i>vuoskku<\/i> \u2018abbor\u2019. Disse ordene kan v\u00e6re gamle, og mange av dem har ikke paralleller i andre kjente spr\u00e5k. At det i dag brukes en del norske ord er en f\u00f8lge av b\u00e5de den tidligere<br \/>\nfornorskningspolitikken og dagens flerspr\u00e5klighetshverdag. Dessuten forsvinner<br \/>\nen del gamle ord som en f\u00f8lge av n\u00e6rings- og samfunnsmessige endringer.<br \/>\n<strong><br \/>\nFiskebetegnelser fra Porsanger<br \/>\n<\/strong>Innsamlet 2009\u20132010<\/p>\n<p>Alle ord er substantiv. Ordet er f\u00f8rst skrevet i nominativ og deretter i akkusativ (for \u00e5 vise b\u00f8yningsm\u00f8nsteret). I ordartiklene er ikke med opplysinger om belegg, men alle ordene er fra indre del av Porsanger. Originalmaterialet lagres ved Sj\u00f8samisk kompetansesenter i Billefjord.<\/p>\n<ul>\n<li><strong>\u00c1hpedorski<\/strong> &#8211; <strong>\u00e1hpedorski<\/strong> en form for <em>dorski<\/em> som skiller seg fra for eksempel <em>st\u00e1rr\u00e1rutnot<\/em>, bl.a. ved at den \u201dsiger\u201d inn i Porsangerfjord fra havet (<em>\u00e1hpi<\/em>)<\/li>\n<li><strong>\u00c1hkarcincu &#8211;<\/strong> <strong>\u00e1hkarcinccu<\/strong> ulke <em>Myoxocephalus scorpius<\/em><\/li>\n<li><strong>B\u00e1lddis<\/strong> &#8211; <strong>b\u00e1ld\u00e1<\/strong> kveite <em>Hippoglossus hippoglossus<\/em><\/li>\n<li><strong>Boavllat &#8211;<\/strong> <strong>boavllaga<\/strong> flekksteinbit <em>Anarhichas minor<\/em>, regnes som en sort <em>st\u00e1innir<\/em><\/li>\n<li><strong>Brihcot<\/strong> &#8211; <strong>brihcoha<\/strong> mindre sild (men st\u00f8rre enn yngelen), kalles <em>sallit<\/em> n\u00e5r den er st\u00f8rre (ca. 15 cm?) Ordet er kjent i hvert fall i indre del av fjorden<\/li>\n<li><strong>D\u00e1pmot &#8211;<\/strong> <strong>d\u00e1pmoha<\/strong> \u00f8rret <em>Salmo trutta<\/em> (se ogs\u00e5 <em>veajet<\/em>)<\/li>\n<li><strong>Diddi<\/strong> &#8211; <strong>ditti<\/strong> mindre <em>luossa<\/em><\/li>\n<li><strong>Diksu<\/strong> &#8211; <strong>divssu<\/strong> hyse <em>Melanogrammus aeglefinus. <\/em>Ofte sm\u00e5fallen og brukt som fiskemat<\/li>\n<li><strong>Dorski<\/strong> &#8211; <strong>dorski<\/strong> torsk <em>Gadus morhua, <\/em>mindre torsk:<em> rutnot<\/em><\/li>\n<li><strong>Go\u0111\u0111oguolli &#8211; go\u0111\u0111oguoli<\/strong><em> <\/em>gytefisk, navnet bruktes om torsken som kom inn om v\u00e5ren og gytte i Porsanger, s\u00e6rlig i omr\u00e5det Billefjord\u2013Olderfjord.<\/li>\n<li><strong>Guorpmat &#8211; guorpmaha<\/strong> skrubbe (<em>Platichthys flesus<\/em>), ble brukt til dyremat, beslektet med <em>s\u00e1nddat<\/em><\/li>\n<li><strong>H\u00e1hka &#8211; h\u00e1ga<\/strong> uer <em>Sebastes marinus, <\/em>god matfisk men lite fangster i innerste del av Porsanger<em><\/em><\/li>\n<li><strong>Guv\u017e\u00e1 &#8211; guv\u017e\u017e\u00e1<\/strong> sj\u00f8\u00f8rret <em>Salmo trutta<\/em>, se ogs\u00e5 <em>veajet<\/em><\/li>\n<li><strong>Hoakeret &#8211; hoakerega<\/strong> h\u00e5kjerring <em>Somniosus microcephalus<\/em><\/li>\n<li><strong>Koj\u00e1 &#8211; koj\u00e1<\/strong> yngel (s\u00e6rlig av <em>s\u00e1idi<\/em>, mindre enn <em>st\u00e1bbas\u00e1idi<\/em>)<\/li>\n<li><strong>Loddoguolli<\/strong> &#8211; <strong>loddoguoli<\/strong> en type <em>dorski<\/em> som gikk etter lodde<\/li>\n<li><strong>Loddu &#8211; lottu<\/strong> lodde <em>Mallotus villosus<\/em><\/li>\n<li><strong>Luossa &#8211; luosa<\/strong><em> <\/em>laks <em>Salmo salar<\/em> (mindre: <em>diddi<\/em>, se ogs\u00e5 <em>veajet<\/em>)<\/li>\n<li><strong>Murtu &#8211; murttu<\/strong> <em>s\u00e1idi<\/em> mindre enn ca. 10 cm, mindre enn <em>sm\u00e1vvas\u00e1idi<\/em>. Ble sagt \u00e5 v\u00e6re p\u00e5 samme st\u00f8rrelse som <em>koj\u00e1<\/em>, men det er mulig at <em>koj\u00e1<\/em> var mindre (jf. ogs\u00e5 eldre opplysning av Qvigstad; at <em>koj\u00e1<\/em> var seimort i 2 \u00e5r)<\/li>\n<li><strong>R\u00e1vdu &#8211; r\u00e1vddu<\/strong> r\u00f8ye <em>Salvelinus alpinus<\/em> (se ogs\u00e5 <em>veajet<\/em>)<\/li>\n<li><strong>Ro\u014b\u010deaksa<\/strong> &#8211; <strong>ro\u014b\u010deaksa <\/strong>Rognkjeks <em>Cyclopterus lumpus<\/em> (antakelig nyere l\u00e5nord, ordet <em>rundierpmis : rundearbm\u00e1 <\/em>brukes og i Porsanger)<\/li>\n<li><strong>Rutnot &#8211; rutnoha<\/strong> mindre <em>dorski<\/em><\/li>\n<li><strong>Sallit &#8211; sallida<\/strong> sild <em>Clupea harengus<\/em>, brukt som agn p\u00e5 line, mindre sild har v\u00e6rt kalt <em>brihcot<\/em>. Ogs\u00e5 brukt til mat, saltet i t\u00f8nner<\/li>\n<li><strong>S\u00e1idi &#8211; s\u00e1iddi<\/strong> sei <em>Pollachius virens (koj\u00e1, murtu, st\u00e1bbas\u00e1idi, sm\u00e1vvas\u00e1idi, stuorras\u00e1idi)<\/em><\/li>\n<li><strong>S\u00e1nddat &#8211; s\u00e1nddaha<\/strong> 1) r\u00f8dspette (<em>Pleuronectes platessa<\/em>), viktig matfisk, fanget med garn og stikking; 2) delvis fellesbetegnelse p\u00e5 lignende arter (se <em>guorpmat<\/em>)<\/li>\n<li><strong>Sk\u00e1httu &#8211; sk\u00e1htu<\/strong> skate <em>Rajidae<\/em><\/li>\n<li><strong>Sm\u00e1vvas\u00e1idi &#8211; sm\u00e1vvas\u00e1iddi<\/strong> sm\u00e5sei (over et kilo), st\u00f8rre enn <em>st\u00e1bb\u00e1s\u00e1idi<\/em>, mindre enn <em>stuorras\u00e1idi<\/em><\/li>\n<li><strong>St\u00e1bb\u00e1s\u00e1idi &#8211; st\u00e1bbas\u00e1iddi<\/strong> en liten <em>s\u00e1idi<\/em> (rundt 7 hg), mindre enn <em>sm\u00e1vvas\u00e1idi<\/em> men st\u00f8rre enn <em>murtu<\/em><\/li>\n<li><strong>St\u00e1innir &#8211; st\u00e1idn\u00e1r<\/strong> 1) steinbit (<em>Anarhichas lupus<\/em>), 2) fellesbetegnelse p\u00e5 beslektede fisker, herunder <em>boavllat<\/em>. B\u00e5de st\u00e1innir og boavllat har v\u00e6rt brukt som matfisk, de ble stekt eller boknet<\/li>\n<li><strong>St\u00e1ret &#8211; st\u00e1reha<\/strong> det samme som <em>st\u00e1rr\u00e1rutnot<\/em><\/li>\n<li><strong>St\u00e1rr\u00e1rutnot \u2013 st\u00e1rrarutnoha<\/strong> <em>rutnot<\/em> som holdt til n\u00e6r land i tareomr\u00e5det<\/li>\n<li><strong>\u0160\u00e1k\u0161a &#8211; \u0161\u00e1v\u0161\u0161a<\/strong> sil <em>Ammodytes tobianus<\/em> (i Varanger brukes ordet om lodde)<\/li>\n<li><strong>St\u00e1kko\u0161 &#8211;<\/strong> <strong>st\u00e1kko\u017ea<\/strong> tangsprell<\/li>\n<li><strong>Veajet &#8211; veajeha<\/strong> ofte samlebetegnelse p\u00e5 <em>luossa, r\u00e1vdu, d\u00e1pmot, guv\u017e\u00e1<\/em>, men noen bruker det bare om yngel av disse fiskene. Til fiske av s\u00e6rlig sj\u00f8\u00f8rret ble brukt en not kalt <em>veajet-nuohtti<\/em>.<\/li>\n<\/ul>\n<p>(Fra Steinar Nilsens artikkel &#8220;sj\u00f8samenes spesielle ordforr\u00e5d i dag og i historien&#8221; i publikasjonen &#8220;den gang var det jo rikelig med fisk&#8221; og bloggen\u00a0&#8220;<a title=\"Kunnskap i ord?\" href=\"http:\/\/www.forskning.no\/blog\/sesam\/251648\">kunnskap i ord<\/a>?&#8221;<\/p>\n","protected":false},"excerpt":{"rendered":"<p>Spr\u00e5k er en sentral kilde til tradisjonell kunnskap \u2013 en kilde som hittil er benyttet i liten grad i sj\u00f8samisk sammenheng. I prosjektets spr\u00e5klige del ble det foretatt en innsamling av samiske ord for ulike fiskearter.\u00a0Steinar Nilsen som utf\u00f8rte dette &hellip; <a href=\"https:\/\/site.uit.no\/favllis\/sjosamenes-spesielle-ordforrad-i-dag-og-i-historien\/\">Continue reading <span class=\"meta-nav\">&rarr;<\/span><\/a><\/p>\n","protected":false},"author":69,"featured_media":0,"parent":0,"menu_order":0,"comment_status":"closed","ping_status":"closed","template":"onecolumn-page.php","meta":{"footnotes":""},"class_list":["post-571","page","type-page","status-publish","hentry"],"_links":{"self":[{"href":"https:\/\/site.uit.no\/favllis\/wp-json\/wp\/v2\/pages\/571","targetHints":{"allow":["GET"]}}],"collection":[{"href":"https:\/\/site.uit.no\/favllis\/wp-json\/wp\/v2\/pages"}],"about":[{"href":"https:\/\/site.uit.no\/favllis\/wp-json\/wp\/v2\/types\/page"}],"author":[{"embeddable":true,"href":"https:\/\/site.uit.no\/favllis\/wp-json\/wp\/v2\/users\/69"}],"replies":[{"embeddable":true,"href":"https:\/\/site.uit.no\/favllis\/wp-json\/wp\/v2\/comments?post=571"}],"version-history":[{"count":15,"href":"https:\/\/site.uit.no\/favllis\/wp-json\/wp\/v2\/pages\/571\/revisions"}],"predecessor-version":[{"id":2010,"href":"https:\/\/site.uit.no\/favllis\/wp-json\/wp\/v2\/pages\/571\/revisions\/2010"}],"wp:attachment":[{"href":"https:\/\/site.uit.no\/favllis\/wp-json\/wp\/v2\/media?parent=571"}],"curies":[{"name":"wp","href":"https:\/\/api.w.org\/{rel}","templated":true}]}}