{"id":487,"date":"2013-01-31T16:27:17","date_gmt":"2013-01-31T15:27:17","guid":{"rendered":"https:\/\/site.uit.no\/flerespraaktilflere\/?page_id=487"},"modified":"2021-06-28T18:04:59","modified_gmt":"2021-06-28T16:04:59","slug":"media","status":"publish","type":"page","link":"https:\/\/site.uit.no\/flerespraaktilflere\/archive\/media\/","title":{"rendered":"Media"},"content":{"rendered":"<div id=\"media-page-wrapper\" style=\"font-family: 'Helvetica Neue', Arial, sans-serif;font-size: 16px;text-align: justify;line-height: 23px\">\n<p><strong class=\"data-name\" style=\"font-weight: bold;margin-right: 5px\">Vangsnes, \u00d8ystein Alexander.\u00a0August 30 2012:<\/strong>\u00a0Dubbing: \u00c6&#8217;re s\u00e5 n\u00f8ye, \u2018a?.\u00a0Forskning.no.<\/p>\n<p><strong class=\"data-name\" style=\"font-weight: bold;margin-right: 5px\">Vangsnes, \u00d8ystein Alexander. May 25 2012:<\/strong>\u00a0Nordisk fordubbing av NRK Super og andre.\u00a0Forskning.no.<\/p>\n<p><strong class=\"data-name\" style=\"font-weight: bold;margin-right: 5px\">Anderssen, Merete, Bentzen, Kristine. April 17 2012:<\/strong>\u00a0<i>Om flerspr\u00e5klighet hos barn.<\/i>\u00a0<span class=\"square-bracket\">[About multilingualism in children]<\/span> Forskning Nordp\u00e5 <span class=\"square-bracket\">[research in the north]<\/span> NRK1 <span class=\"square-bracket\">[Radio]<\/span>.<\/p>\n<p><strong class=\"data-name\" style=\"font-weight: bold;margin-right: 5px\">Vangsnes, \u00d8ystein Alexander.\u00a0March 30 2012:<\/strong>\u00a0<em>To spr\u00e5k utset demens<\/em>. Dag og Tid <span class=\"square-bracket\">[Avis]<\/span> UiT.<\/p>\n<p><strong class=\"data-name\" style=\"font-weight: bold;margin-right: 5px\">Anderssen, Merete, Bentzen, Kristine. March 2 2012:<\/strong>\u00a0<i>Make your baby bilingual<\/i>.\u00a0sciencenordic.com.<\/p>\n<p><strong class=\"data-name\" style=\"font-weight: bold;margin-right: 5px\">Anderssen, Merete, Bentzen, Kristine. February 22 2012:<\/strong>\u00a0<i>L\u00e6r babyen to spr\u00e5k<\/i>. <span class=\"square-bracket\">[make your baby bilingual]<\/span>\u00a0forskning.no.<\/p>\n<p><strong class=\"data-name\" style=\"font-weight: bold;margin-right: 5px\">Bentzen, Kristine.<b>\u00a0<\/b>February 22 2012:<\/strong>\u00a0<em>L\u00e6r babyen din to spr\u00e5k<\/em>.\u00a0Ettermiddagssendingen, NRK P1\u00a0<span class=\"square-bracket\">[Radio]\u00a0<\/span>UiT.<\/p>\n<p><strong class=\"data-name\" style=\"font-weight: bold;margin-right: 5px\">Vangsnes, \u00d8ystein A. February 22 2012:<\/strong>\u00a0<em>Unn\u00e1n olbmot h\u00e1ldda\u0161it julevs\u00e1megiela<\/em>. NRK S\u00e1pmi <span class=\"square-bracket\">[Radio]<\/span><\/p>\n<p><strong class=\"data-name\" style=\"font-weight: bold;margin-right: 5px\">Vangsnes, \u00d8ystein A. February 20 2012:<\/strong>\u00a0<em>F\u00e5 kan lesa och skriva<\/em>.\u00a0o\u0111\u0111asat.se.<\/p>\n<p><strong class=\"data-name\" style=\"font-weight: bold;margin-right: 5px\">Vangsnes, \u00d8ystein A. February 20 2012:<\/strong>\u00a0<em>F\u00e5 kan l\u00e4sa och skriva<\/em>. Sveriges Radio <span class=\"square-bracket\">[Radio].<\/span><\/p>\n<p><strong class=\"data-name\" style=\"font-weight: bold;margin-right: 5px\">Vangsnes, \u00d8ystein A.\u00a0February 17 2012:<\/strong><em>Unn\u00e1n olbmot h\u00e1ldda\u0161it julevs\u00e1megiela<\/em>. O\u0111\u0111asat <span class=\"square-bracket\">[TV].<\/span><\/p>\n<p><strong class=\"data-name\" style=\"font-weight: bold;margin-right: 5px\">Anderssen, Merete. June 28 2011:<\/strong>\u00a0<i>Bra med to spr\u00e5k.<\/i>\u00a0<span class=\"square-bracket\">[an advantage with two languages]<\/span> Bladet Troms\u00f8\/iTroms\u00f8 <span class=\"square-bracket\">[Troms\u00f8 newspaper]<\/span>.<\/p>\n<p><strong class=\"data-name\" style=\"font-weight: bold;margin-right: 5px\">Anderssen, Merete, Westergaard, Marit, Vangsnes, \u00d8ystein. June\u00a014 2011:<\/strong>\u00a0<i>Flere spr\u00e5k til flere!\u00a0<\/i><span class=\"square-bracket\">[more languages to more people]<\/span> P\u00e5 den tredje side AvisaNordlys June.<\/p>\n<p><strong class=\"data-name\" style=\"font-weight: bold;margin-right: 5px\">Anderssen, Merete. June 14 2011:<\/strong>\u00a0<i>Skal barn l\u00e6re norsk i Norge?\u00a0<\/i><span class=\"square-bracket\">[should children learn Norwegian in Norway]<\/span>.\u00a0UiT News pages.<\/p>\n<\/div>\n<iframe src=\"http:\/\/www.facebook.com\/plugins\/like.php?href=https%3A%2F%2Fsite.uit.no%2Fflerespraaktilflere%2Farchive%2Fmedia%2F&amp;layout=standard&amp;show_faces=true&amp;width=450&amp;action=like&amp;colorscheme=light&amp;height=80\" scrolling=\"no\" frameborder=\"0\" style=\"border:none; overflow:hidden; width:450px; height:80px;\" allowTransparency=\"true\"><\/iframe>","protected":false},"excerpt":{"rendered":"<p>Vangsnes, \u00d8ystein Alexander.\u00a0August 30 2012:\u00a0Dubbing: \u00c6&#8217;re s\u00e5 n\u00f8ye, \u2018a?.\u00a0Forskning.no. Vangsnes, \u00d8ystein Alexander. May 25 2012:\u00a0Nordisk fordubbing av NRK Super og andre.\u00a0Forskning.no. Anderssen, Merete, Bentzen, Kristine. April 17 2012:\u00a0Om flerspr\u00e5klighet hos barn.\u00a0[About multilingualism in children] Forskning Nordp\u00e5 [research in the north] NRK1 [Radio]. Vangsnes, \u00d8ystein Alexander.\u00a0March 30 2012:\u00a0To spr\u00e5k utset demens. &#8230;<\/p>\n","protected":false},"author":20,"featured_media":0,"parent":483,"menu_order":0,"comment_status":"closed","ping_status":"closed","template":"","meta":{"footnotes":""},"class_list":["post-487","page","type-page","status-publish","hentry","column","twocol"],"_links":{"self":[{"href":"https:\/\/site.uit.no\/flerespraaktilflere\/wp-json\/wp\/v2\/pages\/487","targetHints":{"allow":["GET"]}}],"collection":[{"href":"https:\/\/site.uit.no\/flerespraaktilflere\/wp-json\/wp\/v2\/pages"}],"about":[{"href":"https:\/\/site.uit.no\/flerespraaktilflere\/wp-json\/wp\/v2\/types\/page"}],"author":[{"embeddable":true,"href":"https:\/\/site.uit.no\/flerespraaktilflere\/wp-json\/wp\/v2\/users\/20"}],"replies":[{"embeddable":true,"href":"https:\/\/site.uit.no\/flerespraaktilflere\/wp-json\/wp\/v2\/comments?post=487"}],"version-history":[{"count":23,"href":"https:\/\/site.uit.no\/flerespraaktilflere\/wp-json\/wp\/v2\/pages\/487\/revisions"}],"predecessor-version":[{"id":1245,"href":"https:\/\/site.uit.no\/flerespraaktilflere\/wp-json\/wp\/v2\/pages\/487\/revisions\/1245"}],"up":[{"embeddable":true,"href":"https:\/\/site.uit.no\/flerespraaktilflere\/wp-json\/wp\/v2\/pages\/483"}],"wp:attachment":[{"href":"https:\/\/site.uit.no\/flerespraaktilflere\/wp-json\/wp\/v2\/media?parent=487"}],"curies":[{"name":"wp","href":"https:\/\/api.w.org\/{rel}","templated":true}]}}

<div id="media-page-wrapper" style="font-family: 'Helvetica Neue', Arial, sans-serif;font-size: 16px;text-align: justify;line-height: 23px">
<p><strong class="data-name" style="font-weight: bold;margin-right: 5px">Vangsnes, Øystein Alexander. August 30 2012:</strong> Dubbing: Æ&#8217;re så nøye, ‘a?. Forskning.no.</p>
<p><strong class="data-name" style="font-weight: bold;margin-right: 5px">Vangsnes, Øystein Alexander. May 25 2012:</strong> Nordisk fordubbing av NRK Super og andre. Forskning.no.</p>
<p><strong class="data-name" style="font-weight: bold;margin-right: 5px">Anderssen, Merete, Bentzen, Kristine. April 17 2012:</strong> <i>Om flerspråklighet hos barn.</i> <span class="square-bracket">[About multilingualism in children]</span> Forskning Nordpå <span class="square-bracket">[research in the north]</span> NRK1 <span class="square-bracket">[Radio]</span>.</p>
<p><strong class="data-name" style="font-weight: bold;margin-right: 5px">Vangsnes, Øystein Alexander. March 30 2012:</strong> <em>To språk utset demens</em>. Dag og Tid <span class="square-bracket">[Avis]</span> UiT.</p>
<p><strong class="data-name" style="font-weight: bold;margin-right: 5px">Anderssen, Merete, Bentzen, Kristine. March 2 2012:</strong> <i>Make your baby bilingual</i>. sciencenordic.com.</p>
<p><strong class="data-name" style="font-weight: bold;margin-right: 5px">Anderssen, Merete, Bentzen, Kristine. February 22 2012:</strong> <i>Lær babyen to språk</i>. <span class="square-bracket">[make your baby bilingual]</span> forskning.no.</p>
<p><strong class="data-name" style="font-weight: bold;margin-right: 5px">Bentzen, Kristine.<b> </b>February 22 2012:</strong> <em>Lær babyen din to språk</em>. Ettermiddagssendingen, NRK P1 <span class="square-bracket">[Radio] </span>UiT.</p>
<p><strong class="data-name" style="font-weight: bold;margin-right: 5px">Vangsnes, Øystein A. February 22 2012:</strong> <em>Unnán olbmot hálddašit julevsámegiela</em>. NRK Sápmi <span class="square-bracket">[Radio]</span></p>
<p><strong class="data-name" style="font-weight: bold;margin-right: 5px">Vangsnes, Øystein A. February 20 2012:</strong> <em>Få kan lesa och skriva</em>. ođđasat.se.</p>
<p><strong class="data-name" style="font-weight: bold;margin-right: 5px">Vangsnes, Øystein A. February 20 2012:</strong> <em>Få kan läsa och skriva</em>. Sveriges Radio <span class="square-bracket">[Radio].</span></p>
<p><strong class="data-name" style="font-weight: bold;margin-right: 5px">Vangsnes, Øystein A. February 17 2012:</strong><em>Unnán olbmot hálddašit julevsámegiela</em>. Ođđasat <span class="square-bracket">[TV].</span></p>
<p><strong class="data-name" style="font-weight: bold;margin-right: 5px">Anderssen, Merete. June 28 2011:</strong> <i>Bra med to språk.</i> <span class="square-bracket">[an advantage with two languages]</span> Bladet Tromsø/iTromsø <span class="square-bracket">[Tromsø newspaper]</span>.</p>
<p><strong class="data-name" style="font-weight: bold;margin-right: 5px">Anderssen, Merete, Westergaard, Marit, Vangsnes, Øystein. June 14 2011:</strong> <i>Flere språk til flere! </i><span class="square-bracket">[more languages to more people]</span> På den tredje side AvisaNordlys June.</p>
<p><strong class="data-name" style="font-weight: bold;margin-right: 5px">Anderssen, Merete. June 14 2011:</strong> <i>Skal barn lære norsk i Norge? </i><span class="square-bracket">[should children learn Norwegian in Norway]</span>. UiT News pages.</p>
</div>
<iframe src="http://www.facebook.com/plugins/like.php?href=https%3A%2F%2Fsite.uit.no%2Fflerespraaktilflere%2Farchive%2Fmedia%2F&amp;layout=standard&amp;show_faces=true&amp;width=450&amp;action=like&amp;colorscheme=light&amp;height=80" scrolling="no" frameborder="0" style="border:none; overflow:hidden; width:450px; height:80px;" allowTransparency="true"></iframe>

<p>Vangsnes, Øystein Alexander. August 30 2012: Dubbing: Æ&#8217;re så nøye, ‘a?. Forskning.no. Vangsnes, Øystein Alexander. May 25 2012: Nordisk fordubbing av NRK Super og andre. Forskning.no. Anderssen, Merete, Bentzen, Kristine. April 17 2012: Om flerspråklighet hos barn. [About multilingualism in children] Forskning Nordpå [research in the north] NRK1 [Radio]. Vangsnes, Øystein Alexander. March 30 2012: To språk utset demens. &#8230;</p>
