{"id":7,"date":"2011-03-14T15:05:23","date_gmt":"2011-03-14T14:05:23","guid":{"rendered":"https:\/\/site.uit.no\/flerespraaktilflere\/?page_id=7"},"modified":"2025-09-23T10:28:32","modified_gmt":"2025-09-23T08:28:32","slug":"hvem-er-vi","status":"publish","type":"page","link":"https:\/\/site.uit.no\/flerespraaktilflere\/hjem\/hvem-er-vi\/","title":{"rendered":"Flere spr\u00e5k til flere Troms\u00f8"},"content":{"rendered":"<h2 style=\"font-size: 24px\">FSF Board:<\/h2>\n<p>Vi er spr\u00e5kforskere ved <a href=\"https:\/\/uit.no\/research\/clabl\">C-LaBL<\/a> og <a href=\"https:\/\/uit.no\/research\/acqvanor\">AcqVA-Nor,<\/a>\u00a0<a href=\"https:\/\/uit.no\/om\/enhet\/forsiden?p_dimension_id=210121\">Institutt for spr\u00e5k og kultur<\/a> ved <a href=\"https:\/\/uit.no\/startsida\">UiT<\/a>.\u00a0\u00a0Vi studerer spr\u00e5k som en grunnleggende del av sinnet\/hjernen til et menneske \u2013 en mental grammatikk.<span class=\"Apple-converted-space\"> Vi <span class=\"TextRun SCXW15901015 BCX8\" lang=\"NB-NO\" xml:lang=\"NB-NO\" data-contrast=\"auto\"><span class=\"NormalTextRun SCXW15901015 BCX8\">forsker <\/span><span class=\"NormalTextRun SCXW15901015 BCX8\">vi <\/span><span class=\"NormalTextRun SCXW15901015 BCX8\">p\u00e5 hvordan flere spr\u00e5k samhandler i hjernen samtidig<\/span><span class=\"NormalTextRun SCXW15901015 BCX8\"> med s\u00e6rlig <\/span><\/span><span class=\"EOP SCXW15901015 BCX8\" data-ccp-props=\"{&quot;201341983&quot;:0,&quot;335551550&quot;:6,&quot;335551620&quot;:6,&quot;335559739&quot;:0,&quot;335559740&quot;:240}\">fokus p\u00e5 effektene av flerspr\u00e5klighet \u2013 for de involverte spr\u00e5kene, for hjernene som inneholder dem, og for l\u00e6ring og undervisning av flere spr\u00e5k.<\/span><\/span><\/p>\n<div id='gallery-1' class='gallery galleryid-7 gallery-columns-3 gallery-size-thumbnail'><figure class='gallery-item'>\n\t\t\t<div class='gallery-icon portrait'>\n\t\t\t\t<a rel='attachment' href='https:\/\/site.uit.no\/flerespraaktilflere\/hjem\/hvem-er-vi\/yuliar\/'><img decoding=\"async\" width=\"150\" height=\"150\" src=\"https:\/\/site.uit.no\/flerespraaktilflere\/wp-content\/uploads\/sites\/17\/2011\/03\/yuliar-150x150.jpg\" class=\"attachment-thumbnail size-thumbnail\" alt=\"Til side med bilde av Yulia Rodina.\" aria-describedby=\"gallery-1-894\" \/><\/a>\n\t\t\t<\/div>\n\t\t\t\t<figcaption class='wp-caption-text gallery-caption' id='gallery-1-894'>\n\t\t\t\tYulia Rodina (Director) (yulia.rodina@uit.no)\n\t\t\t\t<\/figcaption><\/figure><figure class='gallery-item'>\n\t\t\t<div class='gallery-icon landscape'>\n\t\t\t\t<a rel='attachment' href='https:\/\/site.uit.no\/flerespraaktilflere\/hjem\/hvem-er-vi\/48b207c448cfc93fa5c3f8163244d9ae4f5c7cc3\/'><img decoding=\"async\" width=\"150\" height=\"150\" src=\"https:\/\/site.uit.no\/flerespraaktilflere\/wp-content\/uploads\/sites\/17\/2011\/03\/48b207c448cfc93fa5c3f8163244d9ae4f5c7cc3-150x150.jpg\" class=\"attachment-thumbnail size-thumbnail\" alt=\"Til side med bilde av Marit Westergaard.\" aria-describedby=\"gallery-1-892\" \/><\/a>\n\t\t\t<\/div>\n\t\t\t\t<figcaption class='wp-caption-text gallery-caption' id='gallery-1-892'>\n\t\t\t\tMarit Westergaard (marit.westergaard@uit.no)\n\t\t\t\t<\/figcaption><\/figure><figure class='gallery-item'>\n\t\t\t<div class='gallery-icon portrait'>\n\t\t\t\t<a rel='attachment' href='https:\/\/site.uit.no\/flerespraaktilflere\/hjem\/hvem-er-vi\/tospraklig-familie\/'><img decoding=\"async\" width=\"150\" height=\"150\" src=\"https:\/\/site.uit.no\/flerespraaktilflere\/wp-content\/uploads\/sites\/17\/2011\/03\/MereteA-150x150.jpg\" class=\"attachment-thumbnail size-thumbnail\" alt=\"Til side med bilde av Mereta Anderssen.\" aria-describedby=\"gallery-1-902\" \/><\/a>\n\t\t\t<\/div>\n\t\t\t\t<figcaption class='wp-caption-text gallery-caption' id='gallery-1-902'>\n\t\t\t\tMerete Anderssen (merete.anderssen@uit.no)\n\t\t\t\t<\/figcaption><\/figure><figure class='gallery-item'>\n\t\t\t<div class='gallery-icon portrait'>\n\t\t\t\t<a rel='attachment' href='https:\/\/site.uit.no\/flerespraaktilflere\/hjem\/hvem-er-vi\/kristine-bentzen\/'><img loading=\"lazy\" decoding=\"async\" width=\"150\" height=\"150\" src=\"https:\/\/site.uit.no\/flerespraaktilflere\/wp-content\/uploads\/sites\/17\/2021\/06\/KRISTINE-BENTZEN-150x150.jpg\" class=\"attachment-thumbnail size-thumbnail\" alt=\"Til side med bilde av Kristine Bentzen.\" aria-describedby=\"gallery-1-1290\" srcset=\"https:\/\/site.uit.no\/flerespraaktilflere\/wp-content\/uploads\/sites\/17\/2021\/06\/KRISTINE-BENTZEN-150x150.jpg 150w, https:\/\/site.uit.no\/flerespraaktilflere\/wp-content\/uploads\/sites\/17\/2021\/06\/KRISTINE-BENTZEN-432x432.jpg 432w, https:\/\/site.uit.no\/flerespraaktilflere\/wp-content\/uploads\/sites\/17\/2021\/06\/KRISTINE-BENTZEN-268x268.jpg 268w\" sizes=\"(max-width: 150px) 100vw, 150px\" \/><\/a>\n\t\t\t<\/div>\n\t\t\t\t<figcaption class='wp-caption-text gallery-caption' id='gallery-1-1290'>\n\t\t\t\tKristine Bentzen (kristine.bentzen@uit.no)\n\t\t\t\t<\/figcaption><\/figure><figure class='gallery-item'>\n\t\t\t<div class='gallery-icon portrait'>\n\t\t\t\t<a rel='attachment' href='https:\/\/site.uit.no\/flerespraaktilflere\/hjem\/hvem-er-vi\/natalia-mitrofanova\/'><img loading=\"lazy\" decoding=\"async\" width=\"150\" height=\"150\" src=\"https:\/\/site.uit.no\/flerespraaktilflere\/wp-content\/uploads\/sites\/17\/2011\/03\/Natalia-Mitrofanova-150x150.jpg\" class=\"attachment-thumbnail size-thumbnail\" alt=\"Til side med bilde av Natalia Mitrofanova.\" aria-describedby=\"gallery-1-910\" \/><\/a>\n\t\t\t<\/div>\n\t\t\t\t<figcaption class='wp-caption-text gallery-caption' id='gallery-1-910'>\n\t\t\t\tNatalia Mitrofanova (natalia.mitrofanova@uit.no)\n\t\t\t\t<\/figcaption><\/figure><figure class='gallery-item'>\n\t\t\t<div class='gallery-icon portrait'>\n\t\t\t\t<a rel='attachment' href='https:\/\/site.uit.no\/flerespraaktilflere\/hjem\/hvem-er-vi\/olga_urek\/'><img loading=\"lazy\" decoding=\"async\" width=\"150\" height=\"150\" src=\"https:\/\/site.uit.no\/flerespraaktilflere\/wp-content\/uploads\/sites\/17\/2021\/06\/Olga_Urek-150x150.png\" class=\"attachment-thumbnail size-thumbnail\" alt=\"Til side med bilde av Olga Urek.\" aria-describedby=\"gallery-1-1169\" \/><\/a>\n\t\t\t<\/div>\n\t\t\t\t<figcaption class='wp-caption-text gallery-caption' id='gallery-1-1169'>\n\t\t\t\tOlga Urek (olga.urek@uit.no)\n\t\t\t\t<\/figcaption><\/figure><figure class='gallery-item'>\n\t\t\t<div class='gallery-icon portrait'>\n\t\t\t\t<a rel='attachment' href='https:\/\/site.uit.no\/flerespraaktilflere\/hjem\/hvem-er-vi\/oystein-vangsnes-p13a9587-copy\/'><img loading=\"lazy\" decoding=\"async\" width=\"150\" height=\"150\" src=\"https:\/\/site.uit.no\/flerespraaktilflere\/wp-content\/uploads\/sites\/17\/2011\/03\/\u00d8YSTEIN-VANGSNES-P13A9587-copy-150x150.jpeg\" class=\"attachment-thumbnail size-thumbnail\" alt=\"Til side med bilde av \u00d8ystein Vangsnes.\" aria-describedby=\"gallery-1-893\" \/><\/a>\n\t\t\t<\/div>\n\t\t\t\t<figcaption class='wp-caption-text gallery-caption' id='gallery-1-893'>\n\t\t\t\t\u00d8ystein Vangsnes (oystein.vangsnes@uit.no)\n\t\t\t\t<\/figcaption><\/figure><figure class='gallery-item'>\n\t\t\t<div class='gallery-icon portrait'>\n\t\t\t\t<a rel='attachment' href='https:\/\/site.uit.no\/flerespraaktilflere\/hjem\/hvem-er-vi\/download\/'><img loading=\"lazy\" decoding=\"async\" width=\"150\" height=\"150\" src=\"https:\/\/site.uit.no\/flerespraaktilflere\/wp-content\/uploads\/sites\/17\/2024\/11\/download-150x150.jpg\" class=\"attachment-thumbnail size-thumbnail\" alt=\"\" aria-describedby=\"gallery-1-1815\" srcset=\"https:\/\/site.uit.no\/flerespraaktilflere\/wp-content\/uploads\/sites\/17\/2024\/11\/download-150x150.jpg 150w, https:\/\/site.uit.no\/flerespraaktilflere\/wp-content\/uploads\/sites\/17\/2024\/11\/download-268x268.jpg 268w\" sizes=\"(max-width: 150px) 100vw, 150px\" \/><\/a>\n\t\t\t<\/div>\n\t\t\t\t<figcaption class='wp-caption-text gallery-caption' id='gallery-1-1815'>\n\t\t\t\tDivyanshi Shaktawat (divyanshi.shaktawat@uit.no)\n\t\t\t\t<\/figcaption><\/figure><figure class='gallery-item'>\n\t\t\t<div class='gallery-icon portrait'>\n\t\t\t\t<a rel='attachment' href='https:\/\/site.uit.no\/flerespraaktilflere\/281-2\/flere-sprak-til-flere-more-languages-to-more-people-tromso\/download-1\/'><img loading=\"lazy\" decoding=\"async\" width=\"150\" height=\"150\" src=\"https:\/\/site.uit.no\/flerespraaktilflere\/wp-content\/uploads\/sites\/17\/2025\/09\/download-1-150x150.jpg\" class=\"attachment-thumbnail size-thumbnail\" alt=\"Anne Mette Sunde\" aria-describedby=\"gallery-1-1928\" srcset=\"https:\/\/site.uit.no\/flerespraaktilflere\/wp-content\/uploads\/sites\/17\/2025\/09\/download-1-150x150.jpg 150w, https:\/\/site.uit.no\/flerespraaktilflere\/wp-content\/uploads\/sites\/17\/2025\/09\/download-1-268x268.jpg 268w\" sizes=\"(max-width: 150px) 100vw, 150px\" \/><\/a>\n\t\t\t<\/div>\n\t\t\t\t<figcaption class='wp-caption-text gallery-caption' id='gallery-1-1928'>\n\t\t\t\tAnne Mette Sunde\n(anne.m.sunde@uit.no)\n\t\t\t\t<\/figcaption><\/figure><figure class='gallery-item'>\n\t\t\t<div class='gallery-icon portrait'>\n\t\t\t\t<a rel='attachment' href='https:\/\/site.uit.no\/flerespraaktilflere\/281-2\/flere-sprak-til-flere-more-languages-to-more-people-tromso\/images-1\/'><img loading=\"lazy\" decoding=\"async\" width=\"150\" height=\"150\" src=\"https:\/\/site.uit.no\/flerespraaktilflere\/wp-content\/uploads\/sites\/17\/2025\/09\/images-1-150x150.jpg\" class=\"attachment-thumbnail size-thumbnail\" alt=\"Nina Hagen Kaldhol\" aria-describedby=\"gallery-1-1927\" \/><\/a>\n\t\t\t<\/div>\n\t\t\t\t<figcaption class='wp-caption-text gallery-caption' id='gallery-1-1927'>\n\t\t\t\tNina Hagen Kaldhol (nina.h.kaldhol@uit.no)\n\t\t\t\t<\/figcaption><\/figure><figure class='gallery-item'>\n\t\t\t<div class='gallery-icon portrait'>\n\t\t\t\t<a rel='attachment' href='https:\/\/site.uit.no\/flerespraaktilflere\/281-2\/flere-sprak-til-flere-more-languages-to-more-people-tromso\/download-2\/'><img loading=\"lazy\" decoding=\"async\" width=\"150\" height=\"150\" src=\"https:\/\/site.uit.no\/flerespraaktilflere\/wp-content\/uploads\/sites\/17\/2025\/09\/download-150x150.jpg\" class=\"attachment-thumbnail size-thumbnail\" alt=\"Anders Gabrielsen\" aria-describedby=\"gallery-1-1926\" srcset=\"https:\/\/site.uit.no\/flerespraaktilflere\/wp-content\/uploads\/sites\/17\/2025\/09\/download-150x150.jpg 150w, https:\/\/site.uit.no\/flerespraaktilflere\/wp-content\/uploads\/sites\/17\/2025\/09\/download-268x268.jpg 268w\" sizes=\"(max-width: 150px) 100vw, 150px\" \/><\/a>\n\t\t\t<\/div>\n\t\t\t\t<figcaption class='wp-caption-text gallery-caption' id='gallery-1-1926'>\n\t\t\t\tAnders Gabrielsen (anders.gabrielsen@uit.no)\n\t\t\t\t<\/figcaption><\/figure><figure class='gallery-item'>\n\t\t\t<div class='gallery-icon portrait'>\n\t\t\t\t<a rel='attachment' href='https:\/\/site.uit.no\/flerespraaktilflere\/281-2\/flere-sprak-til-flere-more-languages-to-more-people-tromso\/images\/'><img loading=\"lazy\" decoding=\"async\" width=\"150\" height=\"150\" src=\"https:\/\/site.uit.no\/flerespraaktilflere\/wp-content\/uploads\/sites\/17\/2025\/09\/images-150x150.jpg\" class=\"attachment-thumbnail size-thumbnail\" alt=\"Vincent DeLuca\" aria-describedby=\"gallery-1-1924\" \/><\/a>\n\t\t\t<\/div>\n\t\t\t\t<figcaption class='wp-caption-text gallery-caption' id='gallery-1-1924'>\n\t\t\t\tVincent DeLuca (vincent.f.deluca@uit.no)\n\t\t\t\t<\/figcaption><\/figure>\n\t\t<\/div>\n\n<p><span style=\"color: #0000ff\"><strong>Hva gj\u00f8r vi?<\/strong><\/span><br \/>\nV\u00e5rt m\u00e5l er \u00e5 bidra med kunnskap om det \u00e5 vokse opp med mer enn ett spr\u00e5k, om \u00e5 l\u00e6re og \u00e5 bruke flere spr\u00e5k etter tidlig barndom, og \u00e5 v\u00e6re til st\u00f8tte for flerspr\u00e5klige barn og voksne.\u00a0Vi \u00f8nsker \u00e5 bygge broer mellom forskere og samfunnet: flerspr\u00e5klige familier, l\u00e6rere og andre som er interessert i to- og flerspr\u00e5klighet.<\/p>\n<p><span style=\"color: #0000ff\"><strong>Hvordan kan vi bidra?<\/strong><\/span><br \/>\nSnakkes det flere spr\u00e5k i din familie? \u00d8nsker du at barna dine skal vokse opp med to eller flere spr\u00e5k, men er usikker p\u00e5 hvordan du skal gj\u00f8re dette? Er du bekymret over hvordan flerspr\u00e5klighet kan p\u00e5virke hvordan barnet ditt klarer seg i norsk skole? \u00d8nsker du \u00e5 vite mer om to- og flerspr\u00e5klighet?<\/p>\n<p>Hvis du trenger r\u00e5d eller informasjon om disse eller andre sp\u00f8rsm\u00e5l, kan du enten konsultere de kildene som finnes p\u00e5 denne nettsiden (se <a title=\"Ressurser\" href=\"https:\/\/site.uit.no\/flerespraaktilflere\/kilder\/\" target=\"_blank\" rel=\"noopener\">Ressurser<\/a>), sjekke <a title=\"Sp\u00f8rsm\u00e5l&amp;svar\" href=\"https:\/\/site.uit.no\/flerespraaktilflere\/sp%C3%B8rsmal-svar\/\" target=\"_blank\" rel=\"noopener\">Sp\u00f8rsm\u00e5l &amp; svar-siden<\/a> eller sende oss en e-post p\u00e5 <a href=\"mailto:Postboks-FSF@HSL.uit.no\">Postboks-FSF@HSL.uit.no<\/a>.<\/p>\n<p>V\u00e6r oppmerksom p\u00e5 at vi bare kan gi r\u00e5d om normal spr\u00e5kutvikling: Vi har ikke kompetanse til \u00e5 uttale oss om medisinske eller psykologiske forhold. Hvis du er bekymret for ditt barns fysiske eller psykiske helse, b\u00f8r du kontakte fagfolk.<\/p>\n<p><span style=\"color: #0000ff\"><strong>Foredrag for foreldre og l\u00e6rere<\/strong><\/span><br \/>\nVi kommer gjerne til skoler, barnehager eller andre aktuelle steder for \u00e5 holde popul\u00e6rvitenskapelige foredrag om to- og flerspr\u00e5klighet.<\/p>\n<h2>Kontaktinformasjon<\/h2>\n<p>Epost:\u00a0\u00a0<a href=\"mailto:postboks-fsf@HSL.uit.no\">postboks-fsf@HSL.uit.no<\/a>.<\/p>\n<p>Du kan ogs\u00e5 lese om <em>Flere spr\u00e5k til flere <\/em>Troms\u00f8 p\u00e5 <a href=\"https:\/\/www.bilingualism-matters.org\/network\/tromso\">hjemmesida til Bilingualism Matters i Edinburgh<\/a>.<\/p>\n<p><a name=\"HVEM\"><\/a><\/p>\n<iframe src=\"http:\/\/www.facebook.com\/plugins\/like.php?href=https%3A%2F%2Fsite.uit.no%2Fflerespraaktilflere%2Fhjem%2Fhvem-er-vi%2F&amp;layout=standard&amp;show_faces=true&amp;width=450&amp;action=like&amp;colorscheme=light&amp;height=80\" scrolling=\"no\" frameborder=\"0\" style=\"border:none; overflow:hidden; width:450px; height:80px;\" allowTransparency=\"true\"><\/iframe>","protected":false},"excerpt":{"rendered":"<p>FSF Board: Vi er spr\u00e5kforskere ved C-LaBL og AcqVA-Nor,\u00a0Institutt for spr\u00e5k og kultur ved UiT.\u00a0\u00a0Vi studerer spr\u00e5k som en grunnleggende del av sinnet\/hjernen til et menneske \u2013 en mental grammatikk. Vi forsker vi p\u00e5 hvordan flere spr\u00e5k samhandler i hjernen samtidig med s\u00e6rlig fokus p\u00e5 effektene av flerspr\u00e5klighet \u2013 for &#8230;<\/p>\n","protected":false},"author":20,"featured_media":0,"parent":2,"menu_order":1,"comment_status":"closed","ping_status":"closed","template":"","meta":{"footnotes":""},"class_list":["post-7","page","type-page","status-publish","hentry","column","twocol"],"_links":{"self":[{"href":"https:\/\/site.uit.no\/flerespraaktilflere\/wp-json\/wp\/v2\/pages\/7","targetHints":{"allow":["GET"]}}],"collection":[{"href":"https:\/\/site.uit.no\/flerespraaktilflere\/wp-json\/wp\/v2\/pages"}],"about":[{"href":"https:\/\/site.uit.no\/flerespraaktilflere\/wp-json\/wp\/v2\/types\/page"}],"author":[{"embeddable":true,"href":"https:\/\/site.uit.no\/flerespraaktilflere\/wp-json\/wp\/v2\/users\/20"}],"replies":[{"embeddable":true,"href":"https:\/\/site.uit.no\/flerespraaktilflere\/wp-json\/wp\/v2\/comments?post=7"}],"version-history":[{"count":3,"href":"https:\/\/site.uit.no\/flerespraaktilflere\/wp-json\/wp\/v2\/pages\/7\/revisions"}],"predecessor-version":[{"id":2021,"href":"https:\/\/site.uit.no\/flerespraaktilflere\/wp-json\/wp\/v2\/pages\/7\/revisions\/2021"}],"up":[{"embeddable":true,"href":"https:\/\/site.uit.no\/flerespraaktilflere\/wp-json\/wp\/v2\/pages\/2"}],"wp:attachment":[{"href":"https:\/\/site.uit.no\/flerespraaktilflere\/wp-json\/wp\/v2\/media?parent=7"}],"curies":[{"name":"wp","href":"https:\/\/api.w.org\/{rel}","templated":true}]}}