{"id":9,"date":"2020-02-11T16:06:20","date_gmt":"2020-02-11T15:06:20","guid":{"rendered":"https:\/\/site.uit.no\/geofaredagen\/?page_id=9"},"modified":"2021-10-17T12:27:39","modified_gmt":"2021-10-17T10:27:39","slug":"program","status":"publish","type":"page","link":"https:\/\/site.uit.no\/geofaredagen\/program\/","title":{"rendered":"Program"},"content":{"rendered":"<p>&nbsp;<\/p>\n<h1><strong>19.10\/21 Geofaredagen dag 1: Scandic Ishavshotel Panorama rom<\/strong><\/h1>\n<h3>08.30 \u2013 9.00 Registrering og mottakelse<\/h3>\n<table width=\"100%\">\n<tbody>\n<tr>\n<td width=\"179\">09.00 \u2013 10.00<\/p>\n<p>&nbsp;<\/p>\n<p>&nbsp;<\/p>\n<p>&nbsp;<\/p>\n<p>&nbsp;<\/p>\n<p>&nbsp;<\/td>\n<td width=\"529\"><strong>\u00c5pningsseremoni<\/strong><\/p>\n<p>Velkomst v. UiT Universitetsledelsen Camilla Brekke<\/p>\n<p>Praktisk informasjon v. Louise Vick<\/p>\n<p>&nbsp;<\/p>\n<p><u>Ellen Davis Haugen<\/u>. Kvikkleireskredet p\u00e5 Gjerdrum NVEs arbeid etter hendelsen 30.12.2020 (invitert)<\/td>\n<\/tr>\n<\/tbody>\n<\/table>\n<h3>10.00 \u2013 11.30 Kaffepause og postersesjon<\/h3>\n<table width=\"100%\">\n<tbody>\n<tr>\n<td width=\"179\">10.30 \u2013 11.45<\/td>\n<td width=\"529\"><strong>Sesjon 1. Ordstyrer: Paula Hilger<\/strong><\/td>\n<\/tr>\n<tr>\n<td width=\"179\"><\/td>\n<td width=\"529\"><u>Ivanna Penna et al<\/u>. Is permafrost influencing displacement rates of unstable rock-slopes in Norway?\u00a0(Invitert)<\/p>\n<p><u>Solveig Dahl N\u00f8ttestad<\/u>. Skredmodellering og kartlegging av skred fra historisk og geologisk tid p\u00e5 Trollstigen i Rauma kommune, M\u00f8re og Romsdal<\/p>\n<p><u>Peder Eide Helgason.<\/u> H\u00e5ndtering av naturfare sett fra et bergteknisk\/ingeni\u00f8rgeologisk st\u00e5sted vist med utvalgte prosjekter\/oppdrag.<\/p>\n<p><u>Andreas Grumstad et al. <\/u>Linking mechanical strength of unstable rock slopes with surface mapping to better understand failure processes<\/td>\n<\/tr>\n<\/tbody>\n<\/table>\n<h3>11.45 \u2013 13.00 Lunsj<\/h3>\n<table width=\"100%\">\n<tbody>\n<tr>\n<td width=\"179\">13.00 \u2013 14.15<\/td>\n<td width=\"529\"><strong>Sesjon 2. Ordstyrer: Line Rouyet<\/strong><\/td>\n<\/tr>\n<tr>\n<td width=\"179\"><\/td>\n<td width=\"529\"><u>Christian Jaedicke.<\/u> Sn\u00f8skredfare- og risikoh\u00e5ndtering i Nord-Norge (invitert)<\/p>\n<p><u>Amanda S \u00c5berg et al.<\/u> Predicting a catastrophe: A geographical and statistical investigation of a precipitation-triggered multi-debris flow event in J\u00f8lster, western Norway<\/p>\n<p><u>Ingrid Ishaug Liplass.<\/u> Probabilistiske analyser av skr\u00e5ningsstabilitet i H\u00f8nefoss sentrum<\/p>\n<p><u>Alexandru Berbecariu.<\/u> The connection between urban sprawl in the perimontane area, land stability and the production of geomorphological risk phenomena. A case study: city of Bra\u0219ov, Romania<\/td>\n<\/tr>\n<\/tbody>\n<\/table>\n<h3>14.15 \u2013 15.00 Kaffepause og postersesjon<\/h3>\n<table width=\"100%\">\n<tbody>\n<tr>\n<td width=\"179\">15.00 \u2013 16.30<\/td>\n<td width=\"529\"><strong>Sesjon 3. Ordstyrer:\u00a0Mathilde B S\u00f8rensen<\/strong><\/td>\n<\/tr>\n<tr>\n<td width=\"179\"><\/td>\n<td width=\"529\"><u>Torgrim Log et al.<\/u> Wildfires. International and national trends and challenges\u00a0(invitert)<\/p>\n<p><u>Federica Ghione et al.<\/u> The 2020 seismic hazard map of Norway: Through the implementation of site effects for the Oslo area<\/p>\n<p><u>Thomas Scheiber et al.<\/u> The natural ventilation system within the Stampa rock slope instability (Aurland\/Norway)<\/p>\n<p><u>Line Rouyet et al.<\/u> Regional InSAR inventory of slope movement in Northern Norway<\/p>\n<p>&nbsp;<\/p>\n<p>Avslutning, beste studentpresentation v. Matthias Forwick<\/td>\n<\/tr>\n<\/tbody>\n<\/table>\n<h3>18.00 \u2013 Konferansemiddag. Scandic Ishavshotel restaurant<\/h3>\n<p>&nbsp;<\/p>\n<h3><strong>Poster presentasjoner<\/strong><\/h3>\n<p><u>Helene Fjellheim.<\/u> Rekonstruksjon av flommer i Vossovassdraget de siste tusen \u00e5r<\/p>\n<p><u>Anna Aase, Jo Brendryen, Steffen Leth J\u00f8rgensen, Haflidi Haflidason.<\/u> Pockmarks and sedimentary gas in Vartdalsfjorden, Sunnm\u00f8re<\/p>\n<p><u>Knut I L Tveit, Hanne H. Christiansen, Aleksey Shestov.<\/u> PermaMeteoCommunity \u2013 Improving Resilience to Climate Warming in Permafrost Environments<\/p>\n<p><u>Inga Kristine Natvik, Denise R\u00fcther, Karin Bergbj\u00f8rn.<\/u> Skredfare i akvakulturanlegg<\/p>\n<p><u>Justyna Czekirda, Bernd Etzelm\u00fcller.<\/u> 2D-forvitringsindekser for fjellvegger<\/p>\n<p><u>Aron Widforss,<\/u> <u>Joshua Driscol, Karsten M\u00fcller.<\/u> Avalanche ML \u2013 Automation in Norwegian Avalanche Forecasting<\/p>\n<p><u>Nad\u00e8ge Langet, Volker Oye.<\/u> 15+ years of seismic monitoring at \u00c5knes<\/p>\n<p><u>Anne Lise Gr\u00f8nstad, Jo Brendryen, Haflidi Haflidason, Mathilde S\u00f8rensen.<\/u> Holocene skredhendingar i Sulafjorden og p\u00e5 Hareidlandet<\/p>\n<p><u>Yngvild Skjeldnes, Paula Hilger, Lisbeth Dahle\u00a0.<\/u> Konflikt mellom etablert bebyggelse og skredfaresoner<\/p>\n<p><u>Paula Hilger, Thomas Scheiber, Stig Frode Samn\u00f8y, Lene Kristensen, Helge Henriksen, Michael Dietze.<\/u> Instrumentering og overv\u00e5king av den ustabile fjellsida Stampa i Aurland, Norge<\/p>\n<p><u>Mari I H Nesse<\/u>. Fjellskredkronologi i Bondhusdalen, Kvinnherad kommune<\/p>\n<p>&nbsp;<\/p>\n<p>&nbsp;<\/p>\n<h3><strong>iEarth National Geohazards course student posters<\/strong><\/h3>\n<p><u>Mathias D\u00f8ske Bakken, Waqas Hussain, Anna Maria Utne Nesse, Andrea Nyttingnes, Lisbeth Johnsen Ved\u00e5<\/u>. Rainfall in J\u00f8lster 2019<\/p>\n<p><u>Stephan Amm, Marie-Luise D\u00fcrr, Natalie Juliussen Jon Vaardal-Lunde, Rayhan Ratul<\/u>. High level of risk along the road E16 from Bergen to Voss &#8211; How are safety features implemented to mitigate the dangers of mass movements?<\/p>\n<p><u>Lars Martin Rainer, Jo\u00eblle Hansen-L\u00f8ve, Erlend Rimereit, Stine Emilie Gregersen, Johannes Krakkerud<\/u>. Danger in N\u00e6r\u00f8ydalen &#8211; The risk of living in an area exposed to avalanches<\/p>\n<p><u>Knut Henrik H\u00f8iaas, Jean Philippon, Maiken Hartveit Minde, Siri Tangedal and H\u00e5vard Heie Bj\u00f8rndal<\/u>. Flooding in Vossevangen \u2013 Why is Voss exposed too flooding every year and how can we stop or minimize the effects of this?<\/p>\n<p><u>Natalie Blindheim, Jostein Larsen Hesthammer, Julie Nes Pytterud, Gero Sutmann, Synne Langelo W\u00e5gb\u00f8<\/u>. What are the consequences of the landslide-triggered tsunami in Fl\u00e5m?<\/p>\n<p><u>Adebunmi Saheed Opeyemi, Christoffer Knoph, Jonas V. Andreassen, Malene Vold and Rie Botved<\/u>. J\u00f8kulhlaup from Jostedalsbreen: past events and future risk<\/p>\n<p><u>Sander Fladseth, J\u00f8rgen Leistad Tanbergmoen<\/u>. How can we use remote data analysis to identify and thereby determine the placement of avalanche protection<\/p>\n<p><u>Torkel Andreassen Bj\u00f8rb\u00e6k, Leander de Wit, Sara Faust, Amalie S. Nyheim<\/u>. What is GLOF? (Baby don&#8217;t hurt me)<\/p>\n<p><u>Ragnhild Eiesland, Maria Flaten, Jakob B. Kristiansen, J\u00f8rund Holm Tangen, Renathe L\u00f8rby Soilberg<\/u>. A disastrous tale from Fl\u00e5m<\/p>\n<p><u>Isak Engen Mortensen, Isabel Kuin, Sanchya Rathy, Ida Nord Myklebust, Cletus Blum<\/u>. Preconditions to the 2019 J\u00f8lster multiple landslide event<\/p>\n<p><u>Silje Merete Falkeid, Femke Vianen, Stewart George Robertson, Victoria Kjeldstad<\/u>. The unexpected flooding catastrophe in Fl\u00e5m, Norway<\/p>\n<p><u>Maiken Eriksen, Sandra Skoglund Jacobsen, Mikael Raunig, Vegard Rogstad Kvalv\u00e6r<\/u>. Heavy rain event in J\u00f8lster, July 2019 (Preventing loss of life and injuries)<\/p>\n<p><u>Federica Ghione, Torun Risdal Eriksen, Eldrid Bratsberg, Milot Malaj.<\/u> Mitigation measures for landslides in Arneg\u00e5rdslia, Nesbyen municipality (Norway)<\/p>\n<h4><\/h4>\n<h4><\/h4>\n<p>&nbsp;<\/p>\n<p align=\"justify\"><div class=\"space_20 clearfix\"><\/div>\n<h1><strong>20.10\/21 Geofaredagen dag 2: feltekskursjon<\/strong><\/h1>\n<h3>08.30 \u2013 M\u00f8t ved bussen for ekskursjon (Ved hovedinngangen til Scandic Ishavshotel)<\/h3>\n<table width=\"100%\">\n<tbody>\n<tr>\n<td width=\"179\">08.30<\/td>\n<td width=\"529\">M\u00f8t opp ved hovedinngangen til Scandic for \u00e5 bli med bussen.<\/td>\n<\/tr>\n<tr>\n<td width=\"179\">09.00<\/td>\n<td width=\"529\">Velkomst v. turguiden <u>Ole-Andre Helgass (Statens vegvesen)<\/u>. Avreise Troms\u00f8<\/td>\n<\/tr>\n<tr>\n<td width=\"179\">09.40<\/td>\n<td width=\"529\">Stopp 1. Storelva bro, Breivikeidet (Fv91)<\/td>\n<\/tr>\n<tr>\n<td width=\"179\">10.20<\/td>\n<td width=\"529\">Stopp 2. Nakkevatnet fjellskred avsetninger (Fv51)<\/td>\n<\/tr>\n<tr>\n<td width=\"179\">11.00<\/td>\n<td width=\"529\">Stopp 3. Breivikeidet fergekai og sn\u00f8- \/ jordskredvoller. <em>Ombord 11.40 ferge til Svensby. L\u00f8nsj p\u00e5 b\u00e5ten. <\/em><\/td>\n<\/tr>\n<tr>\n<td width=\"179\">12.20<\/td>\n<td width=\"529\">Stopp 4. Sn\u00f8skred voller, Storura I Kjosen (Fv91)<\/td>\n<\/tr>\n<tr>\n<td width=\"179\">12.45<\/td>\n<td width=\"529\">Stopp 4. Lyngseidet tsunami varslingssystem, Solholv kvikkleire skred.<\/td>\n<\/tr>\n<tr>\n<td width=\"179\">14.00<\/td>\n<td width=\"529\">Stopp 5. Flom- og jordskred langs Fv868.<\/td>\n<\/tr>\n<tr>\n<td width=\"179\">15.00<\/td>\n<td width=\"529\">Stopp 6. Sn\u00f8skred voller og mitigering igjennom Lavangsdalen p\u00e5 E8.<\/td>\n<\/tr>\n<tr>\n<td width=\"179\">16.00<\/td>\n<td width=\"529\">Troms\u00f8 lufthavn for avreise.<\/td>\n<\/tr>\n<tr>\n<td width=\"179\">16.30<\/td>\n<td width=\"529\">Ankomst Scandic Ishavshotel.<\/td>\n<\/tr>\n<\/tbody>\n<\/table>\n<p>&nbsp;<\/p>\n<h5 style=\"text-align: center\"><\/h5>\n<div id=\"gtx-trans\">\n<div class=\"gtx-trans-icon\"><\/div>\n<\/div>\n","protected":false},"excerpt":{"rendered":"<p>&nbsp; 19.10\/21 Geofaredagen dag 1: Scandic Ishavshotel Panorama rom 08.30 \u2013 9.00 Registrering og mottakelse 09.00 \u2013 10.00 &nbsp; &nbsp; &nbsp; &nbsp; &nbsp; \u00c5pningsseremoni Velkomst v. UiT Universitetsledelsen Camilla Brekke Praktisk informasjon v. Louise Vick &nbsp; Ellen Davis Haugen. Kvikkleireskredet &hellip; <a href=\"https:\/\/site.uit.no\/geofaredagen\/program\/\">Continued<\/a><\/p>\n","protected":false},"author":1079,"featured_media":0,"parent":0,"menu_order":0,"comment_status":"closed","ping_status":"closed","template":"","meta":{"footnotes":""},"class_list":["post-9","page","type-page","status-publish","hentry"],"_links":{"self":[{"href":"https:\/\/site.uit.no\/geofaredagen\/wp-json\/wp\/v2\/pages\/9","targetHints":{"allow":["GET"]}}],"collection":[{"href":"https:\/\/site.uit.no\/geofaredagen\/wp-json\/wp\/v2\/pages"}],"about":[{"href":"https:\/\/site.uit.no\/geofaredagen\/wp-json\/wp\/v2\/types\/page"}],"author":[{"embeddable":true,"href":"https:\/\/site.uit.no\/geofaredagen\/wp-json\/wp\/v2\/users\/1079"}],"replies":[{"embeddable":true,"href":"https:\/\/site.uit.no\/geofaredagen\/wp-json\/wp\/v2\/comments?post=9"}],"version-history":[{"count":11,"href":"https:\/\/site.uit.no\/geofaredagen\/wp-json\/wp\/v2\/pages\/9\/revisions"}],"predecessor-version":[{"id":232,"href":"https:\/\/site.uit.no\/geofaredagen\/wp-json\/wp\/v2\/pages\/9\/revisions\/232"}],"wp:attachment":[{"href":"https:\/\/site.uit.no\/geofaredagen\/wp-json\/wp\/v2\/media?parent=9"}],"curies":[{"name":"wp","href":"https:\/\/api.w.org\/{rel}","templated":true}]}}