{"id":88,"date":"2020-11-04T14:57:17","date_gmt":"2020-11-04T14:57:17","guid":{"rendered":"https:\/\/site.uit.no\/materialkurs\/?page_id=88"},"modified":"2020-11-06T15:00:56","modified_gmt":"2020-11-06T15:00:56","slug":"tidlig-metalltid","status":"publish","type":"page","link":"https:\/\/site.uit.no\/materialkurs\/tidlig-metalltid\/","title":{"rendered":"Tidlig Metalltid"},"content":{"rendered":"<p>Tidlig metalltid er en betegnelse p\u00e5 en periode i nord-Norge som sammenfaller med bronsealder (1700-500 f.Kr) og tidlig jernalder (0-600 e.Kr) i den s\u00f8rlige delen av Fennoskandia. Denne perioden regnes i nord-Norge fra 2000 f.Kr til 300 e.Kr.<\/p>\n<p><strong>Harpunspiss (C21105 32)<\/strong><\/p>\n<p>Datering: Tidlig metalltid<\/p>\n<p>Funnsted:\u00a0Kjelm\u00f8y, S\u00f8r-Varanger, Troms og Finnmark.<\/p>\n<p>Materiale: Bein\/Horn.<\/p>\n<p>Bruksomr\u00e5de: Redskap\/v\u00e5pen. Disse type redskap ble ofte brukt til jakt p\u00e5 sj\u00f8dyr, for eksempel sel.<\/p>\n<div class=\"sketchfab-embed-wrapper\">    <iframe title=\"Harpunspiss (C21105 32)\" id=\"\" class=\"\" width=\"580\" height=\"326\" src=\"https:\/\/sketchfab.com\/models\/e70cc3e0beb54502abd402233ccea58d\/embed\" frameborder=\"0\" allow=\"autoplay; fullscreen; xr-spatial-tracking\" allowfullscreen=\"\" mozallowfullscreen=\"true\" webkitallowfullscreen=\"true\" xr-spatial-tracking=\"true\" execution-while-out-of-viewport=\"true\" execution-while-not-rendered=\"true\" web-share=\"true\"><\/iframe><\/div>\n<div id=\"view31\">\n<div><strong><span class=\"model-name c-model-name\"><span class=\"model-name__label\">Pilspiss (TS3645)<\/span><\/span><\/strong><\/div>\n<p>Datering:\u00a0Yngre steinalder\/ tidlig metalltid. Litt usikkerhet i dateringen.<\/p>\n<p>Funnsted:\u00a0Store Salttjern, Vads\u00f8, Nord-Varanger, Finnmark (Troms og Finnmark).<\/p>\n<p>Materiale: Kvartsitt.<\/p>\n<p>Bruksomr\u00e5de:\u00a0Pilspisser ble brukt til jakt.<\/p>\n<div class=\"sketchfab-embed-wrapper\">    <iframe title=\"Pilspiss (TS3645)\" id=\"\" class=\"\" width=\"580\" height=\"326\" src=\"https:\/\/sketchfab.com\/models\/f562ab2a0f05410ebb738bab4e440b40\/embed\" frameborder=\"0\" allow=\"autoplay; fullscreen; xr-spatial-tracking\" allowfullscreen=\"\" mozallowfullscreen=\"true\" webkitallowfullscreen=\"true\" xr-spatial-tracking=\"true\" execution-while-out-of-viewport=\"true\" execution-while-not-rendered=\"true\" web-share=\"true\"><\/iframe><\/div>\n<\/div>\n<div id=\"view32\">\n<div class=\"content-wrapper model-page-main\">\n<div class=\"viewer-additional\">\n<p class=\"model-name\">\n<\/div>\n<\/div>\n<\/div>\n","protected":false},"excerpt":{"rendered":"<p>Tidlig metalltid er en betegnelse p\u00e5 en periode i nord-Norge som sammenfaller med bronsealder (1700-500 f.Kr) og tidlig jernalder (0-600 e.Kr) i den s\u00f8rlige delen av Fennoskandia. Denne perioden regnes i nord-Norge fra 2000 f.Kr til 300 e.Kr. Harpunspiss (C21105 32) Datering: Tidlig metalltid Funnsted:\u00a0Kjelm\u00f8y, S\u00f8r-Varanger, Troms og Finnmark. Materiale: Bein\/Horn. Bruksomr\u00e5de: Redskap\/v\u00e5pen. Disse type [&hellip;]<\/p>\n","protected":false},"author":1162,"featured_media":0,"parent":0,"menu_order":0,"comment_status":"closed","ping_status":"closed","template":"","meta":{"footnotes":""},"class_list":["post-88","page","type-page","status-publish","hentry"],"_links":{"self":[{"href":"https:\/\/site.uit.no\/materialkurs\/wp-json\/wp\/v2\/pages\/88","targetHints":{"allow":["GET"]}}],"collection":[{"href":"https:\/\/site.uit.no\/materialkurs\/wp-json\/wp\/v2\/pages"}],"about":[{"href":"https:\/\/site.uit.no\/materialkurs\/wp-json\/wp\/v2\/types\/page"}],"author":[{"embeddable":true,"href":"https:\/\/site.uit.no\/materialkurs\/wp-json\/wp\/v2\/users\/1162"}],"replies":[{"embeddable":true,"href":"https:\/\/site.uit.no\/materialkurs\/wp-json\/wp\/v2\/comments?post=88"}],"version-history":[{"count":6,"href":"https:\/\/site.uit.no\/materialkurs\/wp-json\/wp\/v2\/pages\/88\/revisions"}],"predecessor-version":[{"id":197,"href":"https:\/\/site.uit.no\/materialkurs\/wp-json\/wp\/v2\/pages\/88\/revisions\/197"}],"wp:attachment":[{"href":"https:\/\/site.uit.no\/materialkurs\/wp-json\/wp\/v2\/media?parent=88"}],"curies":[{"name":"wp","href":"https:\/\/api.w.org\/{rel}","templated":true}]}}