{"id":25,"date":"2019-01-26T16:30:09","date_gmt":"2019-01-26T15:30:09","guid":{"rendered":"https:\/\/site.uit.no\/mentorbfe\/?page_id=25"},"modified":"2019-02-18T08:04:02","modified_gmt":"2019-02-18T07:04:02","slug":"handbok-for-mentorer","status":"publish","type":"page","link":"https:\/\/site.uit.no\/mentorbfe\/handbok-for-mentorer\/","title":{"rendered":"H\u00e5ndb\u00f8ker"},"content":{"rendered":"<p><strong>Her samles h\u00e5ndb\u00f8ker og andre nyttige dokumenter for mentorer og administrative som vil starte eller videreutvikle et mentoropplegg for ulike studieprogram ved UiT.<\/strong><\/p>\n<p><a href=\"https:\/\/site.uit.no\/mentorbfe\/wp-content\/uploads\/sites\/389\/2019\/01\/H\u00e5ndbok-for-mentorer-ved-NFH-2018.docx\">H\u00e5ndbok for mentorer ved NFH 2018<\/a> (kan lett justeres for andre program). Dette er originaldokumentet som vi har f\u00e5tt fra Oslo\/Met (HiOA)<\/p>\n<p><a href=\"https:\/\/indd.adobe.com\/view\/24637279-320e-49fb-b684-832f3f60b550\">Elektronisk h\u00e5ndbok, med linker til nettsider og dokumenter<\/a>\u00a0(for alle) &#8211; elektronisk versjon p\u00e5 nett som kan benyttes av alle (under utvikling)<\/p>\n<p>Innhold i mentortimene (kommer)<\/p>\n<p><a href=\"https:\/\/site.uit.no\/mentorbfe\/wp-content\/uploads\/sites\/389\/2019\/02\/MAL-Oppm\u00f8te-2019.pdf\">MAL Oppm\u00f8te 2019<\/a><\/p>\n<p><a href=\"https:\/\/site.uit.no\/mentorbfe\/wp-content\/uploads\/sites\/389\/2019\/01\/MAL-REFERAT-mentortimer-v\u00e5r-2019-.pdf\">MAL REFERAT mentortimer v\u00e5r 2019<\/a>\u00a0Link til en PDF som kan fylles ut elektronisk. Et dokument pr program. Hent, lagre p\u00e5 nytt og fyll ut.<\/p>\n<p><strong>H\u00e5ndbok for administrative<\/strong> (kommer)<\/p>\n","protected":false},"excerpt":{"rendered":"<p>Her samles h\u00e5ndb\u00f8ker og andre nyttige dokumenter for mentorer og administrative som vil starte eller videreutvikle et mentoropplegg for ulike studieprogram ved UiT. H\u00e5ndbok for mentorer ved NFH 2018 (kan lett justeres for andre program). Dette er originaldokumentet som vi &hellip; <a href=\"https:\/\/site.uit.no\/mentorbfe\/handbok-for-mentorer\/\">Les videre <span class=\"meta-nav\">&rarr;<\/span><\/a><\/p>\n","protected":false},"author":471,"featured_media":0,"parent":0,"menu_order":0,"comment_status":"closed","ping_status":"closed","template":"","meta":{"footnotes":""},"class_list":["post-25","page","type-page","status-publish","hentry"],"_links":{"self":[{"href":"https:\/\/site.uit.no\/mentorbfe\/wp-json\/wp\/v2\/pages\/25","targetHints":{"allow":["GET"]}}],"collection":[{"href":"https:\/\/site.uit.no\/mentorbfe\/wp-json\/wp\/v2\/pages"}],"about":[{"href":"https:\/\/site.uit.no\/mentorbfe\/wp-json\/wp\/v2\/types\/page"}],"author":[{"embeddable":true,"href":"https:\/\/site.uit.no\/mentorbfe\/wp-json\/wp\/v2\/users\/471"}],"replies":[{"embeddable":true,"href":"https:\/\/site.uit.no\/mentorbfe\/wp-json\/wp\/v2\/comments?post=25"}],"version-history":[{"count":13,"href":"https:\/\/site.uit.no\/mentorbfe\/wp-json\/wp\/v2\/pages\/25\/revisions"}],"predecessor-version":[{"id":113,"href":"https:\/\/site.uit.no\/mentorbfe\/wp-json\/wp\/v2\/pages\/25\/revisions\/113"}],"wp:attachment":[{"href":"https:\/\/site.uit.no\/mentorbfe\/wp-json\/wp\/v2\/media?parent=25"}],"curies":[{"name":"wp","href":"https:\/\/api.w.org\/{rel}","templated":true}]}}