{"id":2,"date":"2019-05-24T13:20:12","date_gmt":"2019-05-24T13:20:12","guid":{"rendered":"https:\/\/site.uit.no\/nakama\/?page_id=2"},"modified":"2025-03-22T19:15:35","modified_gmt":"2025-03-22T18:15:35","slug":"sample-page","status":"publish","type":"page","link":"https:\/\/site.uit.no\/nakama\/","title":{"rendered":"Hvem vi er"},"content":{"rendered":"\n<p>Japaninteresseforeninga Nakama p\u00e5 UiT <span class=\"text_exposed_show\">er en studentforening som har som m\u00e5l \u00e5 samle personer som er interessert i Japan p\u00e5 en eller annen m\u00e5te. Vi gj\u00f8r dette ved \u00e5 arrangere anime og filmvisning, maling og origami, og japanskkurs.&nbsp;<\/span><\/p>\n\n\n\n<p>Du kan kontakte Nakama via mail p\u00e5 nakamauit@outlook.com eller sende melding til en av administratorene i Facebook gruppen til Nakama som du finner p\u00e5&nbsp;<a href=\"http:\/\/facebook.com\/groups\/NakamaUiT\" data-type=\"URL\" data-id=\"facebook.com\/groups\/NakamaUiT\">facebook.com\/groups\/NakamaUiT<\/a><\/p>\n","protected":false},"excerpt":{"rendered":"<p>Japaninteresseforeninga Nakama p\u00e5 UiT er en studentforening som har som m\u00e5l \u00e5 samle personer som er interessert i Japan p\u00e5 en eller annen m\u00e5te. Vi gj\u00f8r dette ved \u00e5 arrangere anime og filmvisning, maling og origami, og japanskkurs.&nbsp; Du kan kontakte Nakama via mail p\u00e5 nakamauit@outlook.com eller sende melding til en av administratorene i Facebook [&hellip;]<\/p>\n","protected":false},"author":975,"featured_media":0,"parent":0,"menu_order":0,"comment_status":"closed","ping_status":"open","template":"","meta":{"footnotes":""},"class_list":["post-2","page","type-page","status-publish","hentry"],"_links":{"self":[{"href":"https:\/\/site.uit.no\/nakama\/wp-json\/wp\/v2\/pages\/2","targetHints":{"allow":["GET"]}}],"collection":[{"href":"https:\/\/site.uit.no\/nakama\/wp-json\/wp\/v2\/pages"}],"about":[{"href":"https:\/\/site.uit.no\/nakama\/wp-json\/wp\/v2\/types\/page"}],"author":[{"embeddable":true,"href":"https:\/\/site.uit.no\/nakama\/wp-json\/wp\/v2\/users\/975"}],"replies":[{"embeddable":true,"href":"https:\/\/site.uit.no\/nakama\/wp-json\/wp\/v2\/comments?post=2"}],"version-history":[{"count":3,"href":"https:\/\/site.uit.no\/nakama\/wp-json\/wp\/v2\/pages\/2\/revisions"}],"predecessor-version":[{"id":220,"href":"https:\/\/site.uit.no\/nakama\/wp-json\/wp\/v2\/pages\/2\/revisions\/220"}],"wp:attachment":[{"href":"https:\/\/site.uit.no\/nakama\/wp-json\/wp\/v2\/media?parent=2"}],"curies":[{"name":"wp","href":"https:\/\/api.w.org\/{rel}","templated":true}]}}