{"id":21,"date":"2012-01-10T16:18:35","date_gmt":"2012-01-10T15:18:35","guid":{"rendered":"https:\/\/site.uit.no\/nito\/?page_id=21"},"modified":"2025-04-28T11:24:02","modified_gmt":"2025-04-28T09:24:02","slug":"plasstillitsvalgte","status":"publish","type":"page","link":"https:\/\/site.uit.no\/nito\/plasstillitsvalgte\/","title":{"rendered":"Plasstillitsvalgte"},"content":{"rendered":"<p><strong>Administrasjonen<\/strong><br \/>\nBygg- og eiendomsavdelingen: <a href=\"https:\/\/uit.no\/ansatte\/person?p_document_id=698652\">\u00d8rjan Andr\u00e9 Nilsen<\/a><br \/>\nIT-avdelingen: <a href=\"https:\/\/uit.no\/ansatte\/person?p_document_id=42539\">Johanne St\u00f8rkersen<\/a><\/p>\n<p><strong>Fakultet for naturvitenskap og teknologi<\/strong><br \/>\nInstitutt for kjemi: <a href=\"https:\/\/uit.no\/ansatte\/person?p_document_id=736864\">Maria Wilhelmsen Hoff<\/a><\/p>\n<p><strong>Det helsevitenskapelige fakultet<\/strong><br \/>\nInstitutt for medisinsk biologi: <a href=\"https:\/\/uit.no\/ansatte\/person?p_document_id=622031\"><span class=\"NormalTextRun BCX0 SCXW259835533\">Tine\u202f<\/span><span class=\"NormalTextRun BCX0 SCXW259835533\">Hiorth<\/span><span class=\"NormalTextRun BCX0 SCXW259835533\">\u202fSch\u00f8yen<\/span><\/a><\/p>\n<p><strong>Fakultet for biovitenskap, fiskeri og \u00f8konomi<\/strong><br \/>\nNorges fiskerih\u00f8gskole: <a href=\"https:\/\/uit.no\/ansatte\/person?p_document_id=570701\">Linn Israelsen<\/a><\/p>\n<p><strong>Fakultet for ingeni\u00f8rvitenskap og teknologi<\/strong><br \/>\nInstitutt for bygg, energi og materialteknologi: <a href=\"https:\/\/uit.no\/ansatte\/person?p_document_id=445104\">Nils Andreassen<\/a><\/p>\n<p><strong>Norges arktiske universitetsmuseum og akademi for kunstfag<\/strong><br \/>\nNorges arktiske universitetsmuseum: <a href=\"https:\/\/uit.no\/ansatte\/person?p_document_id=42586\">Odile Wallerath<\/a><\/p>\n<p><strong>Campus Alta<\/strong><br \/>\n<a href=\"https:\/\/uit.no\/ansatte\/person?p_document_id=610308\">Helle Lier<\/a><\/p>\n<p><strong>Campus Narvik<\/strong><br \/>\n<a href=\"https:\/\/uit.no\/ansatte\/person?p_document_id=445104\">Nils Andreassen<\/a><\/p>\n<p><strong>Andre fakulteter\/institutter\/enheter<\/strong><br \/>\n<a href=\"https:\/\/site.uit.no\/nito\/styr\/\">Styreleder i bedriftsgruppa<\/a><\/p>\n","protected":false},"excerpt":{"rendered":"<p>Administrasjonen Bygg- og eiendomsavdelingen: \u00d8rjan Andr\u00e9 Nilsen IT-avdelingen: Johanne St\u00f8rkersen Fakultet for naturvitenskap og teknologi Institutt for kjemi: Maria Wilhelmsen Hoff Det helsevitenskapelige fakultet Institutt for medisinsk biologi: Tine\u202fHiorth\u202fSch\u00f8yen Fakultet for biovitenskap, fiskeri og \u00f8konomi Norges fiskerih\u00f8gskole: Linn Israelsen Fakultet &hellip; <a href=\"https:\/\/site.uit.no\/nito\/plasstillitsvalgte\/\">Les videre <span class=\"meta-nav\">&rarr;<\/span><\/a><\/p>\n","protected":false},"author":32,"featured_media":0,"parent":0,"menu_order":0,"comment_status":"closed","ping_status":"closed","template":"sidebar-page.php","meta":{"footnotes":""},"class_list":["post-21","page","type-page","status-publish","hentry"],"_links":{"self":[{"href":"https:\/\/site.uit.no\/nito\/wp-json\/wp\/v2\/pages\/21","targetHints":{"allow":["GET"]}}],"collection":[{"href":"https:\/\/site.uit.no\/nito\/wp-json\/wp\/v2\/pages"}],"about":[{"href":"https:\/\/site.uit.no\/nito\/wp-json\/wp\/v2\/types\/page"}],"author":[{"embeddable":true,"href":"https:\/\/site.uit.no\/nito\/wp-json\/wp\/v2\/users\/32"}],"replies":[{"embeddable":true,"href":"https:\/\/site.uit.no\/nito\/wp-json\/wp\/v2\/comments?post=21"}],"version-history":[{"count":7,"href":"https:\/\/site.uit.no\/nito\/wp-json\/wp\/v2\/pages\/21\/revisions"}],"predecessor-version":[{"id":263,"href":"https:\/\/site.uit.no\/nito\/wp-json\/wp\/v2\/pages\/21\/revisions\/263"}],"wp:attachment":[{"href":"https:\/\/site.uit.no\/nito\/wp-json\/wp\/v2\/media?parent=21"}],"curies":[{"name":"wp","href":"https:\/\/api.w.org\/{rel}","templated":true}]}}