{"id":43,"date":"2024-10-09T15:07:24","date_gmt":"2024-10-09T13:07:24","guid":{"rendered":"https:\/\/site.uit.no\/realfagspraksis\/?page_id=43"},"modified":"2025-03-03T10:04:49","modified_gmt":"2025-03-03T09:04:49","slug":"for-studenter","status":"publish","type":"page","link":"https:\/\/site.uit.no\/realfagspraksis\/for-studenter\/","title":{"rendered":"For Studenter"},"content":{"rendered":"\n<section id=\"wp-block-themeisle-blocks-advanced-columns-e7931e5c\" class=\"wp-block-themeisle-blocks-advanced-columns alignfull has-2-columns has-desktop-equal-layout has-tablet-equal-layout has-mobile-collapsedRows-layout has-vertical-center has-light-bg\"><div class=\"wp-block-themeisle-blocks-advanced-columns-overlay\"><\/div><div class=\"innerblocks-wrap\">\n<div id=\"wp-block-themeisle-blocks-advanced-column-311d4b3f\" class=\"wp-block-themeisle-blocks-advanced-column\">\n<span id=\"wp-block-themeisle-blocks-advanced-heading-4cfcfe68\" class=\"wp-block-themeisle-blocks-advanced-heading wp-block-themeisle-blocks-advanced-heading-4cfcfe68\"><strong>FOR STUDENTER<\/strong><\/span>\n\n\n\n<h2 id=\"wp-block-themeisle-blocks-advanced-heading-9544202b\" class=\"wp-block-themeisle-blocks-advanced-heading wp-block-themeisle-blocks-advanced-heading-9544202b\">Har du lyst til \u00e5 ta RealfagsPraksis?<\/h2>\n\n\n\n<p class=\"has-text-color has-link-color wp-elements-24cc0975c38d22233de239285c091ec2\" style=\"color:#1f2025\">For v\u00e5ren 2025 vil emnet v\u00e6re tilgjengelig for studenter p\u00e5:<\/p>\n\n\n\n<ul class=\"wp-block-list\">\n<li><strong><strong><strong>Informatikk<\/strong><\/strong><\/strong><\/li>\n\n\n\n<li><strong>Geologi<\/strong><\/li>\n\n\n\n<li><strong>Biologi<\/strong><\/li>\n\n\n\n<li><strong>Kjemi<\/strong><\/li>\n<\/ul>\n\n\n\n<p>Gjennom relevante og spennende oppgaver i en faglig relevant bedrift f\u00e5r du b\u00e5de brukt din kompetanse fra studiene og videreutviklet dine faglige ferdigheter.<\/p>\n\n\n\n<p><strong>Hvem kan s\u00f8ke?<\/strong><\/p>\n\n\n\n<p>Antall tilgjengelige plasser p\u00e5 kurset defineres p\u00e5 hvor mange praksisstillinger vi har tilgjengelig, og dette vil variere fra \u00e5r til \u00e5r. Studenter p\u00e5 tredje \u00e5r har prioritet p\u00e5 emnet, men det er ogs\u00e5 \u00e5pnet for masterstudenter \u00e5 s\u00f8ke.<\/p>\n<\/div>\n\n\n\n<div id=\"wp-block-themeisle-blocks-advanced-column-49224624\" class=\"wp-block-themeisle-blocks-advanced-column\">\n<figure class=\"wp-block-image size-full has-custom-border\"><img fetchpriority=\"high\" decoding=\"async\" width=\"960\" height=\"960\" src=\"https:\/\/site.uit.no\/realfagspraksis\/wp-content\/uploads\/sites\/523\/2025\/02\/UiT_Segl_Bok_Bla_960px.png\" alt=\"\" class=\"wp-image-1169\" style=\"border-style:none;border-width:0px;border-radius:0px\" srcset=\"https:\/\/site.uit.no\/realfagspraksis\/wp-content\/uploads\/sites\/523\/2025\/02\/UiT_Segl_Bok_Bla_960px.png 960w, https:\/\/site.uit.no\/realfagspraksis\/wp-content\/uploads\/sites\/523\/2025\/02\/UiT_Segl_Bok_Bla_960px-300x300.png 300w, https:\/\/site.uit.no\/realfagspraksis\/wp-content\/uploads\/sites\/523\/2025\/02\/UiT_Segl_Bok_Bla_960px-150x150.png 150w, https:\/\/site.uit.no\/realfagspraksis\/wp-content\/uploads\/sites\/523\/2025\/02\/UiT_Segl_Bok_Bla_960px-768x768.png 768w\" sizes=\"(max-width: 960px) 100vw, 960px\" \/><\/figure>\n<\/div>\n<\/div><\/section>\n\n\n\n<section id=\"wp-block-themeisle-blocks-advanced-columns-335a2f03\" class=\"wp-block-themeisle-blocks-advanced-columns alignfull has-2-columns has-desktop-equal-layout has-tablet-equal-layout has-mobile-equal-layout has-vertical-flex-start\"><div class=\"wp-block-themeisle-blocks-advanced-columns-overlay\"><\/div><div class=\"innerblocks-wrap\">\n<div id=\"wp-block-themeisle-blocks-advanced-column-5d90343f\" class=\"wp-block-themeisle-blocks-advanced-column\">\n<section id=\"wp-block-themeisle-blocks-advanced-columns-b2ead1d6\" class=\"wp-block-themeisle-blocks-advanced-columns has-1-columns has-desktop-equal-layout has-tablet-equal-layout has-mobile-collapsedRows-layout has-vertical-center\"><div class=\"wp-block-themeisle-blocks-advanced-columns-overlay\"><\/div><div class=\"innerblocks-wrap\">\n<div id=\"wp-block-themeisle-blocks-advanced-column-5f9a9ec0\" class=\"wp-block-themeisle-blocks-advanced-column\">\n<figure class=\"wp-block-image size-full is-resized\"><img decoding=\"async\" width=\"1764\" height=\"985\" data-src=\"https:\/\/site.uit.no\/realfagspraksis\/wp-content\/uploads\/sites\/523\/2025\/02\/logoer-1.jpg\" alt=\"\" class=\"wp-image-1173 lazyload\" style=\"--smush-placeholder-width: 1764px; --smush-placeholder-aspect-ratio: 1764\/985;aspect-ratio:1.7777777777777777;object-fit:cover;width:510px;height:auto\" data-srcset=\"https:\/\/site.uit.no\/realfagspraksis\/wp-content\/uploads\/sites\/523\/2025\/02\/logoer-1.jpg 1764w, https:\/\/site.uit.no\/realfagspraksis\/wp-content\/uploads\/sites\/523\/2025\/02\/logoer-1-300x168.jpg 300w, https:\/\/site.uit.no\/realfagspraksis\/wp-content\/uploads\/sites\/523\/2025\/02\/logoer-1-1024x572.jpg 1024w, https:\/\/site.uit.no\/realfagspraksis\/wp-content\/uploads\/sites\/523\/2025\/02\/logoer-1-768x429.jpg 768w, https:\/\/site.uit.no\/realfagspraksis\/wp-content\/uploads\/sites\/523\/2025\/02\/logoer-1-1536x858.jpg 1536w\" data-sizes=\"(max-width: 1764px) 100vw, 1764px\" src=\"data:image\/svg+xml;base64,PHN2ZyB3aWR0aD0iMSIgaGVpZ2h0PSIxIiB4bWxucz0iaHR0cDovL3d3dy53My5vcmcvMjAwMC9zdmciPjwvc3ZnPg==\" \/><\/figure>\n<\/div>\n<\/div><\/section>\n<\/div>\n\n\n\n<div id=\"wp-block-themeisle-blocks-advanced-column-cd0fc379\" class=\"wp-block-themeisle-blocks-advanced-column\">\n<div id=\"wp-block-themeisle-blocks-advanced-heading-e054c5c4\" class=\"wp-block-themeisle-blocks-advanced-heading wp-block-themeisle-blocks-advanced-heading-e054c5c4\"><strong>Hva GJ\u00d8R MAN I praksis<\/strong><\/div>\n\n\n\n<h2 class=\"wp-block-heading\">Hva har tidligere studenter gjort?<\/h2>\n\n\n\n<p>I dette kurset flyttes en viktig del av l\u00e6ringen ut av forelesningssalen og ut til v\u00e5re praksispartere i det private n\u00e6ringsliv, organisasjoner og offentlig forvalting. Vi har en stor bredde i v\u00e5r partnerportfolio, og har som form\u00e5l \u00e5 tilby praksisplasser i alle bransjer som ansetter kandidater med realfaglig bakgrunn. Sjekk ut v\u00e5re tidligere studenter sine blogger for \u00e5 f\u00e5 et innblikk i hva de har gjort i sin praksis: <a href=\"https:\/\/site.uit.no\/realfagspraksis\/blogg\/\" data-type=\"link\" data-id=\"https:\/\/site.uit.no\/realfagspraksis\/blogg\/\">https:\/\/site.uit.no\/realfagspraksis\/blogg\/<\/a><\/p>\n<\/div>\n<\/div><\/section>\n\n\n\n<section id=\"wp-block-themeisle-blocks-advanced-columns-2d6e7b79\" class=\"wp-block-themeisle-blocks-advanced-columns alignfull has-2-columns has-desktop-equal-layout has-tablet-equal-layout has-mobile-collapsedRows-layout has-vertical-center has-light-bg\"><div class=\"wp-block-themeisle-blocks-advanced-columns-overlay\"><\/div><div class=\"innerblocks-wrap\">\n<div id=\"wp-block-themeisle-blocks-advanced-column-55c6edad\" class=\"wp-block-themeisle-blocks-advanced-column\">\n<span id=\"wp-block-themeisle-blocks-advanced-heading-e0a7b78f\" class=\"wp-block-themeisle-blocks-advanced-heading wp-block-themeisle-blocks-advanced-heading-e0a7b78f\"><strong><strong>Hvorfor praksis?<\/strong><\/strong><\/span>\n\n\n\n<h2 id=\"wp-block-themeisle-blocks-advanced-heading-f79ce920\" class=\"wp-block-themeisle-blocks-advanced-heading wp-block-themeisle-blocks-advanced-heading-f79ce920\">Praksis som l\u00e6ringsform<\/h2>\n\n\n\n<p class=\"has-text-color has-link-color wp-elements-5b592284031e65f102ee2da0a8dce988\" style=\"color:#1f2025\">Capitalize on low hanging fruit to identify a ballpark value added activity to beta test. Override the digital divide with additional clickthroughs from DevOps. Nanotechnology immersion along the information highway will close the loop on focusing solely on the bottom line.<\/p>\n\n\n\n<p><strong>Lorem Ipsum<\/strong> <strong>1<\/strong><\/p>\n\n\n\n<p>Capitalize on low hanging fruit to identify a ballpark value added activity to beta test. Override the digital divide with additional clickthroughs from DevOps. Nanotechnology immersion along the information highway will close the loop on focusing solely on the bottom line.<\/p>\n\n\n\n<p><strong>Lorem Ipsum<\/strong> <strong>2<\/strong><\/p>\n\n\n\n<p>Capitalize on low hanging fruit to identify a ballpark value added activity to beta test. Override the digital divide with additional clickthroughs from DevOps. Nanotechnology immersion along the information highway will close the loop on focusing solely on the bottom line.<\/p>\n<\/div>\n\n\n\n<div id=\"wp-block-themeisle-blocks-advanced-column-2fe45114\" class=\"wp-block-themeisle-blocks-advanced-column\">\n<figure class=\"wp-block-image size-full has-custom-border\"><img decoding=\"async\" data-src=\"https:\/\/site.uit.no\/realfagspraksis\/wp-content\/uploads\/sites\/523\/2025\/02\/placeholder-image-square.jpg\" alt=\"\" class=\"wp-image-587 lazyload\" style=\"border-style:none;border-width:0px;border-radius:0px\" src=\"data:image\/svg+xml;base64,PHN2ZyB3aWR0aD0iMSIgaGVpZ2h0PSIxIiB4bWxucz0iaHR0cDovL3d3dy53My5vcmcvMjAwMC9zdmciPjwvc3ZnPg==\" \/><\/figure>\n<\/div>\n<\/div><\/section>\n\n\n\n<section id=\"wp-block-themeisle-blocks-advanced-columns-e4373a2b\" class=\"wp-block-themeisle-blocks-advanced-columns alignfull has-1-columns has-desktop-equal-layout has-tablet-equal-layout has-mobile-equal-layout has-vertical-flex-start has-dark-bg\"><div class=\"wp-block-themeisle-blocks-advanced-columns-overlay\"><\/div><div class=\"innerblocks-wrap\">\n<div id=\"wp-block-themeisle-blocks-advanced-column-0b9db5af\" class=\"wp-block-themeisle-blocks-advanced-column\">\n<section id=\"wp-block-themeisle-blocks-advanced-columns-da97519e\" class=\"wp-block-themeisle-blocks-advanced-columns has-1-columns has-desktop-equal-layout has-tablet-equal-layout has-mobile-equal-layout has-vertical-flex-start\"><div class=\"wp-block-themeisle-blocks-advanced-columns-overlay\"><\/div><div class=\"innerblocks-wrap\">\n<div id=\"wp-block-themeisle-blocks-advanced-column-04538d94\" class=\"wp-block-themeisle-blocks-advanced-column\">\n<span id=\"wp-block-themeisle-blocks-advanced-heading-f966d336\" class=\"wp-block-themeisle-blocks-advanced-heading wp-block-themeisle-blocks-advanced-heading-f966d336\"><strong>S\u00d8KNADSPROSESS<\/strong><\/span>\n\n\n\n<h2 id=\"wp-block-themeisle-blocks-advanced-heading-6d6c2f48\" class=\"wp-block-themeisle-blocks-advanced-heading wp-block-themeisle-blocks-advanced-heading-6d6c2f48\">Hvordan s\u00f8ker du?<\/h2>\n<\/div>\n<\/div><\/section>\n\n\n\n<section id=\"wp-block-themeisle-blocks-advanced-columns-6fc7adce\" class=\"wp-block-themeisle-blocks-advanced-columns has-4-columns has-desktop-equal-layout has-tablet-equal-layout has-mobile-collapsedRows-layout has-vertical-flex-start\"><div class=\"wp-block-themeisle-blocks-advanced-columns-overlay\"><\/div><div class=\"innerblocks-wrap\">\n<div id=\"wp-block-themeisle-blocks-advanced-column-25e97a9a\" class=\"wp-block-themeisle-blocks-advanced-column\">\n<div id=\"wp-block-themeisle-blocks-font-awesome-icons-d5c7d449\" class=\"wp-block-themeisle-blocks-font-awesome-icons\"><span class=\"wp-block-themeisle-blocks-font-awesome-icons-container\"><i class=\"fas fa-envelope-open-text\"><\/i><\/span><\/div>\n\n\n\n<h4 id=\"wp-block-themeisle-blocks-advanced-heading-72a9f7c8\" class=\"wp-block-themeisle-blocks-advanced-heading wp-block-themeisle-blocks-advanced-heading-72a9f7c8\">P\u00e5melding<\/h4>\n\n\n\n<p id=\"wp-block-themeisle-blocks-advanced-heading-a5f28f8f\" class=\"wp-block-themeisle-blocks-advanced-heading wp-block-themeisle-blocks-advanced-heading-a5f28f8f\">I dette kurset har vi tidligp\u00e5melding via nettskjema. P\u00e5meldingen \u00e5pner 1. Desember. Informasjon om dette sendes ut til alle aktuelle studenter i november.<\/p>\n<\/div>\n\n\n\n<div id=\"wp-block-themeisle-blocks-advanced-column-b5b3ad1c\" class=\"wp-block-themeisle-blocks-advanced-column\">\n<div id=\"wp-block-themeisle-blocks-font-awesome-icons-71995a22\" class=\"wp-block-themeisle-blocks-font-awesome-icons\"><span class=\"wp-block-themeisle-blocks-font-awesome-icons-container\"><i class=\"fas fa-chalkboard-teacher\"><\/i><\/span><\/div>\n\n\n\n<h4 id=\"wp-block-themeisle-blocks-advanced-heading-067b6e63\" class=\"wp-block-themeisle-blocks-advanced-heading wp-block-themeisle-blocks-advanced-heading-067b6e63\">Jobbs\u00f8kerkurs<\/h4>\n\n\n\n<p id=\"wp-block-themeisle-blocks-advanced-heading-7b136259\" class=\"wp-block-themeisle-blocks-advanced-heading wp-block-themeisle-blocks-advanced-heading-7b136259\">11. Desember kl 13:15 <br>Kompetansekartlegging, skriving av CV og S\u00f8knad<\/p>\n<\/div>\n\n\n\n<div id=\"wp-block-themeisle-blocks-advanced-column-6be03cf4\" class=\"wp-block-themeisle-blocks-advanced-column\">\n<div id=\"wp-block-themeisle-blocks-font-awesome-icons-52fbd165\" class=\"wp-block-themeisle-blocks-font-awesome-icons\"><span class=\"wp-block-themeisle-blocks-font-awesome-icons-container\"><i class=\"fas fa-briefcase\"><\/i><\/span><\/div>\n\n\n\n<h4 id=\"wp-block-themeisle-blocks-advanced-heading-57826d4c\" class=\"wp-block-themeisle-blocks-advanced-heading wp-block-themeisle-blocks-advanced-heading-57826d4c\">Velg Praksisplass<\/h4>\n\n\n\n<p id=\"wp-block-themeisle-blocks-advanced-heading-9962089c\" class=\"wp-block-themeisle-blocks-advanced-heading wp-block-themeisle-blocks-advanced-heading-9962089c\">Du s\u00f8ker p\u00e5 \u00f8nsket praksisplass, og i tillegg lager en prioriteringsliste p\u00e5 to andre alternative praksisplasser<\/p>\n<\/div>\n\n\n\n<div id=\"wp-block-themeisle-blocks-advanced-column-8bc5e240\" class=\"wp-block-themeisle-blocks-advanced-column\">\n<div id=\"wp-block-themeisle-blocks-font-awesome-icons-2b39b8b7\" class=\"wp-block-themeisle-blocks-font-awesome-icons\"><span class=\"wp-block-themeisle-blocks-font-awesome-icons-container\"><i class=\"far fa-calendar-check\"><\/i><\/span><\/div>\n\n\n\n<h4 id=\"wp-block-themeisle-blocks-advanced-heading-6176ed4f\" class=\"wp-block-themeisle-blocks-advanced-heading wp-block-themeisle-blocks-advanced-heading-6176ed4f\">S\u00f8knadsfrist<\/h4>\n\n\n\n<p id=\"wp-block-themeisle-blocks-advanced-heading-b1915614\" class=\"wp-block-themeisle-blocks-advanced-heading wp-block-themeisle-blocks-advanced-heading-b1915614\">S\u00f8knad\/CV for \u00f8nsket praksisplass skal leveres innen 15. desember (f\u00f8rste arbeidskrav), og i tillegg lager en prioriteringsliste p\u00e5 to andre alternative praksisplasser<\/p>\n<\/div>\n<\/div><\/section>\n<\/div>\n<\/div><\/section>\n\n\n\n<section id=\"wp-block-themeisle-blocks-advanced-columns-88d2ee48\" class=\"wp-block-themeisle-blocks-advanced-columns alignfull has-2-columns has-desktop-equal-layout has-tablet-equal-layout has-mobile-collapsedRows-layout has-vertical-center has-light-bg\"><div class=\"wp-block-themeisle-blocks-advanced-columns-overlay\"><\/div><div class=\"innerblocks-wrap\">\n<div id=\"wp-block-themeisle-blocks-advanced-column-246c5eb4\" class=\"wp-block-themeisle-blocks-advanced-column\">\n<span id=\"wp-block-themeisle-blocks-advanced-heading-4cdba9ae\" class=\"wp-block-themeisle-blocks-advanced-heading wp-block-themeisle-blocks-advanced-heading-4cdba9ae\"><strong>HVOR TAR DETTE STED<\/strong><\/span>\n\n\n\n<p class=\"has-text-color has-link-color wp-elements-d5b71c5a07e80b246615d8a472a22d4d\" style=\"color:#1f2025\">Forelesninger tar sted p\u00e5 Teknologibygget p\u00e5 campus Breivika<\/p>\n\n\n\n<p>Praksis tar sted hos praksispartner sine kontorer.<\/p>\n\n\n\n<span id=\"wp-block-themeisle-blocks-advanced-heading-808c86b8\" class=\"wp-block-themeisle-blocks-advanced-heading wp-block-themeisle-blocks-advanced-heading-808c86b8\"><strong>DRAMSVEGEN 201, NATURFAGBYGGET<\/strong><\/span>\n<\/div>\n\n\n\n<div id=\"wp-block-themeisle-blocks-advanced-column-d8dc3166\" class=\"wp-block-themeisle-blocks-advanced-column\"><div style=\"height:400px\" class=\"wp-block-themeisle-blocks-google-map\" id=\"wp-block-themeisle-blocks-google-map-0d43199b\"><\/div>\n<script type=\"text\/javascript\">\n\t\/* <![CDATA[ *\/\n\t\tif ( ! window.themeisleGoogleMaps ) window.themeisleGoogleMaps =[];\n\t\twindow.themeisleGoogleMaps.push( { container: \"wp-block-themeisle-blocks-google-map-0d43199b\", attributes: {\"id\":\"wp-block-themeisle-blocks-google-map-0d43199b\",\"location\":\"Naturfagbygget\",\"latitude\":\"69.68035416938771\",\"longitude\":\"18.969764294464447\",\"markers\":[{\"id\":\"68df17b3-4d24-4389-a315-e854d02b35d0\",\"latitude\":69.6793281817675875799977802671492099761962890625,\"longitude\":18.964526653289798474588678800500929355621337890625,\"title\":\"Naturfagbygget\",\"description\":\"\"}],\"style\":\"standard\",\"type\":\"roadmap\",\"zoom\":15,\"height\":\"400px\",\"draggable\":true,\"mapTypeControl\":true,\"zoomControl\":true,\"fullscreenControl\":true,\"streetViewControl\":true,\"hasCustomCSS\":false,\"customCSS\":\"\",\"otterConditions\":[]} } );\n\t\/* ]]> *\/\n<\/script>\n<\/div>\n<\/div><\/section>\n\n\n\n<div style=\"height:21px\" aria-hidden=\"true\" class=\"wp-block-spacer\"><\/div>\n","protected":false},"excerpt":{"rendered":"","protected":false},"author":123670,"featured_media":0,"parent":0,"menu_order":0,"comment_status":"closed","ping_status":"closed","template":"","meta":{"site-sidebar-layout":"default","site-content-layout":"","ast-site-content-layout":"default","site-content-style":"default","site-sidebar-style":"default","ast-global-header-display":"","ast-banner-title-visibility":"","ast-main-header-display":"","ast-hfb-above-header-display":"","ast-hfb-below-header-display":"","ast-hfb-mobile-header-display":"","site-post-title":"disabled","ast-breadcrumbs-content":"","ast-featured-img":"","footer-sml-layout":"","ast-disable-related-posts":"","theme-transparent-header-meta":"","adv-header-id-meta":"","stick-header-meta":"","header-above-stick-meta":"","header-main-stick-meta":"","header-below-stick-meta":"","astra-migrate-meta-layouts":"default","ast-page-background-enabled":"default","ast-page-background-meta":{"desktop":{"background-color":"var(--ast-global-color-4)","background-image":"","background-repeat":"repeat","background-position":"center center","background-size":"auto","background-attachment":"scroll","background-type":"","background-media":"","overlay-type":"","overlay-color":"","overlay-opacity":"","overlay-gradient":""},"tablet":{"background-color":"","background-image":"","background-repeat":"repeat","background-position":"center center","background-size":"auto","background-attachment":"scroll","background-type":"","background-media":"","overlay-type":"","overlay-color":"","overlay-opacity":"","overlay-gradient":""},"mobile":{"background-color":"","background-image":"","background-repeat":"repeat","background-position":"center center","background-size":"auto","background-attachment":"scroll","background-type":"","background-media":"","overlay-type":"","overlay-color":"","overlay-opacity":"","overlay-gradient":""}},"ast-content-background-meta":{"desktop":{"background-color":"var(--ast-global-color-5)","background-image":"","background-repeat":"repeat","background-position":"center center","background-size":"auto","background-attachment":"scroll","background-type":"","background-media":"","overlay-type":"","overlay-color":"","overlay-opacity":"","overlay-gradient":""},"tablet":{"background-color":"var(--ast-global-color-5)","background-image":"","background-repeat":"repeat","background-position":"center center","background-size":"auto","background-attachment":"scroll","background-type":"","background-media":"","overlay-type":"","overlay-color":"","overlay-opacity":"","overlay-gradient":""},"mobile":{"background-color":"var(--ast-global-color-5)","background-image":"","background-repeat":"repeat","background-position":"center center","background-size":"auto","background-attachment":"scroll","background-type":"","background-media":"","overlay-type":"","overlay-color":"","overlay-opacity":"","overlay-gradient":""}},"_themeisle_gutenberg_block_has_review":false,"footnotes":""},"class_list":["post-43","page","type-page","status-publish","hentry"],"_links":{"self":[{"href":"https:\/\/site.uit.no\/realfagspraksis\/wp-json\/wp\/v2\/pages\/43","targetHints":{"allow":["GET"]}}],"collection":[{"href":"https:\/\/site.uit.no\/realfagspraksis\/wp-json\/wp\/v2\/pages"}],"about":[{"href":"https:\/\/site.uit.no\/realfagspraksis\/wp-json\/wp\/v2\/types\/page"}],"author":[{"embeddable":true,"href":"https:\/\/site.uit.no\/realfagspraksis\/wp-json\/wp\/v2\/users\/123670"}],"replies":[{"embeddable":true,"href":"https:\/\/site.uit.no\/realfagspraksis\/wp-json\/wp\/v2\/comments?post=43"}],"version-history":[{"count":3,"href":"https:\/\/site.uit.no\/realfagspraksis\/wp-json\/wp\/v2\/pages\/43\/revisions"}],"predecessor-version":[{"id":1222,"href":"https:\/\/site.uit.no\/realfagspraksis\/wp-json\/wp\/v2\/pages\/43\/revisions\/1222"}],"wp:attachment":[{"href":"https:\/\/site.uit.no\/realfagspraksis\/wp-json\/wp\/v2\/media?parent=43"}],"curies":[{"name":"wp","href":"https:\/\/api.w.org\/{rel}","templated":true}]}}