{"id":484,"date":"2025-01-23T20:56:00","date_gmt":"2025-01-23T19:56:00","guid":{"rendered":"https:\/\/site.uit.no\/realfagspraksis\/?page_id=484"},"modified":"2025-10-01T19:20:54","modified_gmt":"2025-10-01T17:20:54","slug":"travel-letters-geointern","status":"publish","type":"page","link":"https:\/\/site.uit.no\/realfagspraksis\/travel-letters-geointern\/","title":{"rendered":"Travel Letters GeoIntern"},"content":{"rendered":"<div class=\"is-style-boxed wp-block-themeisle-blocks-posts-grid\" id=\"wp-block-themeisle-blocks-posts-grid-37b55d0e\"><div class=\"is-grid o-posts-grid-columns-2\"><div class=\"o-posts-grid-post-blog o-posts-grid-post-plain\"><div class=\"o-posts-grid-post\"><div class=\"o-posts-grid-post-image\"><a href=\"https:\/\/site.uit.no\/realfagspraksis\/2026\/02\/02\/internship-travel-letter-university-of-bergen\/\"><img fetchpriority=\"high\" decoding=\"async\" width=\"1024\" height=\"1024\" src=\"https:\/\/site.uit.no\/realfagspraksis\/wp-content\/uploads\/sites\/523\/2026\/02\/kabelo5-1024x1024.png\" class=\"attachment-large size-large\" alt=\"Internship Travel Letter \u2013 University of Bergen\" srcset=\"https:\/\/site.uit.no\/realfagspraksis\/wp-content\/uploads\/sites\/523\/2026\/02\/kabelo5-1024x1024.png 1024w, https:\/\/site.uit.no\/realfagspraksis\/wp-content\/uploads\/sites\/523\/2026\/02\/kabelo5-300x300.png 300w, https:\/\/site.uit.no\/realfagspraksis\/wp-content\/uploads\/sites\/523\/2026\/02\/kabelo5-150x150.png 150w, https:\/\/site.uit.no\/realfagspraksis\/wp-content\/uploads\/sites\/523\/2026\/02\/kabelo5-768x768.png 768w, https:\/\/site.uit.no\/realfagspraksis\/wp-content\/uploads\/sites\/523\/2026\/02\/kabelo5.png 1080w\" sizes=\"(max-width: 1024px) 100vw, 1024px\" \/><\/a><\/div><div class=\"o-posts-grid-post-body\"><span class=\"o-posts-grid-post-category\"><a href=\"https:\/\/site.uit.no\/realfagspraksis\/category\/geointern-2025\/\">GeoIntern 2025<\/a><\/span><h4 class=\"o-posts-grid-post-title\"><a href=\"https:\/\/site.uit.no\/realfagspraksis\/2026\/02\/02\/internship-travel-letter-university-of-bergen\/\">Internship Travel Letter \u2013 University of Bergen<\/a><\/h4><div class=\"o-posts-grid-post-description\"><p>My name is Kabelo Malapane, and I am a student in Geology and Environmental Management at the Univer\u2026<\/p><\/div><\/div><\/div><\/div><div class=\"o-posts-grid-post-blog o-posts-grid-post-plain\"><div class=\"o-posts-grid-post\"><div class=\"o-posts-grid-post-image\"><a href=\"https:\/\/site.uit.no\/realfagspraksis\/2026\/01\/06\/deep-learning-and-daily-life-at-69-north\/\"><img decoding=\"async\" width=\"1024\" height=\"768\" data-src=\"https:\/\/site.uit.no\/realfagspraksis\/wp-content\/uploads\/sites\/523\/2026\/01\/raj8-1024x768.jpeg\" class=\"attachment-large size-large lazyload\" alt=\"Deep Learning and Daily Life at 69\u00b0 North\" data-srcset=\"https:\/\/site.uit.no\/realfagspraksis\/wp-content\/uploads\/sites\/523\/2026\/01\/raj8-1024x768.jpeg 1024w, https:\/\/site.uit.no\/realfagspraksis\/wp-content\/uploads\/sites\/523\/2026\/01\/raj8-300x225.jpeg 300w, https:\/\/site.uit.no\/realfagspraksis\/wp-content\/uploads\/sites\/523\/2026\/01\/raj8-768x576.jpeg 768w, https:\/\/site.uit.no\/realfagspraksis\/wp-content\/uploads\/sites\/523\/2026\/01\/raj8.jpeg 1280w\" data-sizes=\"(max-width: 1024px) 100vw, 1024px\" src=\"data:image\/svg+xml;base64,PHN2ZyB3aWR0aD0iMSIgaGVpZ2h0PSIxIiB4bWxucz0iaHR0cDovL3d3dy53My5vcmcvMjAwMC9zdmciPjwvc3ZnPg==\" style=\"--smush-placeholder-width: 1024px; --smush-placeholder-aspect-ratio: 1024\/768;\" \/><\/a><\/div><div class=\"o-posts-grid-post-body\"><span class=\"o-posts-grid-post-category\"><a href=\"https:\/\/site.uit.no\/realfagspraksis\/category\/geointern-2025\/\">GeoIntern 2025<\/a><\/span><h4 class=\"o-posts-grid-post-title\"><a href=\"https:\/\/site.uit.no\/realfagspraksis\/2026\/01\/06\/deep-learning-and-daily-life-at-69-north\/\">Deep Learning and Daily Life at 69\u00b0 North<\/a><\/h4><div class=\"o-posts-grid-post-description\"><p>By Raj Sahu&nbsp;5th Year Integrated M. Tech in Applied Geophysics&nbsp;Indian Institute of Technolo\u2026<\/p><\/div><\/div><\/div><\/div><div class=\"o-posts-grid-post-blog o-posts-grid-post-plain\"><div class=\"o-posts-grid-post\"><div class=\"o-posts-grid-post-image\"><a href=\"https:\/\/site.uit.no\/realfagspraksis\/2026\/01\/02\/travel-letter-from-porto-alegre-brasil\/\"><img decoding=\"async\" width=\"362\" height=\"783\" data-src=\"https:\/\/site.uit.no\/realfagspraksis\/wp-content\/uploads\/sites\/523\/2026\/01\/Thea26.jpg\" class=\"attachment-large size-large lazyload\" alt=\"Travel letter from Porto Alegre, Brasil\" data-srcset=\"https:\/\/site.uit.no\/realfagspraksis\/wp-content\/uploads\/sites\/523\/2026\/01\/Thea26.jpg 362w, https:\/\/site.uit.no\/realfagspraksis\/wp-content\/uploads\/sites\/523\/2026\/01\/Thea26-139x300.jpg 139w\" data-sizes=\"(max-width: 362px) 100vw, 362px\" src=\"data:image\/svg+xml;base64,PHN2ZyB3aWR0aD0iMSIgaGVpZ2h0PSIxIiB4bWxucz0iaHR0cDovL3d3dy53My5vcmcvMjAwMC9zdmciPjwvc3ZnPg==\" style=\"--smush-placeholder-width: 362px; --smush-placeholder-aspect-ratio: 362\/783;\" \/><\/a><\/div><div class=\"o-posts-grid-post-body\"><span class=\"o-posts-grid-post-category\"><a href=\"https:\/\/site.uit.no\/realfagspraksis\/category\/geointern-2025\/\">GeoIntern 2025<\/a><\/span><h4 class=\"o-posts-grid-post-title\"><a href=\"https:\/\/site.uit.no\/realfagspraksis\/2026\/01\/02\/travel-letter-from-porto-alegre-brasil\/\">Travel letter from Porto Alegre, Brasil<\/a><\/h4><div class=\"o-posts-grid-post-description\"><p>av Thea Foss-Pedersen I am Thea, I just graduated with my bachelor\u2019s degree in geology at the Arctic\u2026<\/p><\/div><\/div><\/div><\/div><div class=\"o-posts-grid-post-blog o-posts-grid-post-plain\"><div class=\"o-posts-grid-post\"><div class=\"o-posts-grid-post-image\"><a href=\"https:\/\/site.uit.no\/realfagspraksis\/2025\/12\/08\/exploring-norways-alpine-firescars\/\"><img decoding=\"async\" width=\"1024\" height=\"576\" data-src=\"https:\/\/site.uit.no\/realfagspraksis\/wp-content\/uploads\/sites\/523\/2025\/12\/Photo1-1024x576.jpg\" class=\"attachment-large size-large lazyload\" alt=\"Exploring Norway\u2019s Alpine Firescars\" data-srcset=\"https:\/\/site.uit.no\/realfagspraksis\/wp-content\/uploads\/sites\/523\/2025\/12\/Photo1-1024x576.jpg 1024w, https:\/\/site.uit.no\/realfagspraksis\/wp-content\/uploads\/sites\/523\/2025\/12\/Photo1-300x169.jpg 300w, https:\/\/site.uit.no\/realfagspraksis\/wp-content\/uploads\/sites\/523\/2025\/12\/Photo1-768x432.jpg 768w, https:\/\/site.uit.no\/realfagspraksis\/wp-content\/uploads\/sites\/523\/2025\/12\/Photo1-1536x864.jpg 1536w, https:\/\/site.uit.no\/realfagspraksis\/wp-content\/uploads\/sites\/523\/2025\/12\/Photo1.jpg 1920w\" data-sizes=\"(max-width: 1024px) 100vw, 1024px\" src=\"data:image\/svg+xml;base64,PHN2ZyB3aWR0aD0iMSIgaGVpZ2h0PSIxIiB4bWxucz0iaHR0cDovL3d3dy53My5vcmcvMjAwMC9zdmciPjwvc3ZnPg==\" style=\"--smush-placeholder-width: 1024px; --smush-placeholder-aspect-ratio: 1024\/576;\" \/><\/a><\/div><div class=\"o-posts-grid-post-body\"><span class=\"o-posts-grid-post-category\"><a href=\"https:\/\/site.uit.no\/realfagspraksis\/category\/geointern-2025\/\">GeoIntern 2025<\/a><\/span><h4 class=\"o-posts-grid-post-title\"><a href=\"https:\/\/site.uit.no\/realfagspraksis\/2025\/12\/08\/exploring-norways-alpine-firescars\/\">Exploring Norway\u2019s Alpine Firescars<\/a><\/h4><div class=\"o-posts-grid-post-description\"><p>My name is L\u00e9a and I\u2019m a master\u2019s student in geography at Universit\u00e9 de Montr\u00e9al in Qu\u00e9bec. Over wha\u2026<\/p><\/div><\/div><\/div><\/div><div class=\"o-posts-grid-post-blog o-posts-grid-post-plain\"><div class=\"o-posts-grid-post\"><div class=\"o-posts-grid-post-image\"><a href=\"https:\/\/site.uit.no\/realfagspraksis\/2025\/12\/05\/two-months-studying-clouds-and-ecosystems-in-oslo\/\"><img decoding=\"async\" width=\"1024\" height=\"687\" data-src=\"https:\/\/site.uit.no\/realfagspraksis\/wp-content\/uploads\/sites\/523\/2025\/12\/p2-1024x687.jpg\" class=\"attachment-large size-large lazyload\" alt=\"Two months studying clouds and ecosystems in Oslo.\" data-srcset=\"https:\/\/site.uit.no\/realfagspraksis\/wp-content\/uploads\/sites\/523\/2025\/12\/p2-1024x687.jpg 1024w, https:\/\/site.uit.no\/realfagspraksis\/wp-content\/uploads\/sites\/523\/2025\/12\/p2-300x201.jpg 300w, https:\/\/site.uit.no\/realfagspraksis\/wp-content\/uploads\/sites\/523\/2025\/12\/p2-768x515.jpg 768w, https:\/\/site.uit.no\/realfagspraksis\/wp-content\/uploads\/sites\/523\/2025\/12\/p2-1536x1030.jpg 1536w, https:\/\/site.uit.no\/realfagspraksis\/wp-content\/uploads\/sites\/523\/2025\/12\/p2-2048x1373.jpg 2048w\" data-sizes=\"(max-width: 1024px) 100vw, 1024px\" src=\"data:image\/svg+xml;base64,PHN2ZyB3aWR0aD0iMSIgaGVpZ2h0PSIxIiB4bWxucz0iaHR0cDovL3d3dy53My5vcmcvMjAwMC9zdmciPjwvc3ZnPg==\" style=\"--smush-placeholder-width: 1024px; --smush-placeholder-aspect-ratio: 1024\/687;\" \/><\/a><\/div><div class=\"o-posts-grid-post-body\"><span class=\"o-posts-grid-post-category\"><a href=\"https:\/\/site.uit.no\/realfagspraksis\/category\/geointern-2025\/\">GeoIntern 2025<\/a><\/span><h4 class=\"o-posts-grid-post-title\"><a href=\"https:\/\/site.uit.no\/realfagspraksis\/2025\/12\/05\/two-months-studying-clouds-and-ecosystems-in-oslo\/\">Two months studying clouds and ecosystems in Oslo.<\/a><\/h4><div class=\"o-posts-grid-post-description\"><p>My name is Bruno, and I had the privilege to spend two months in Oslo in the fall of 2025. [&hellip;\u2026<\/p><\/div><\/div><\/div><\/div><div class=\"o-posts-grid-post-blog o-posts-grid-post-plain\"><div class=\"o-posts-grid-post\"><div class=\"o-posts-grid-post-image\"><a href=\"https:\/\/site.uit.no\/realfagspraksis\/2025\/12\/04\/internship-letter-from-oslo-michelle\/\"><img decoding=\"async\" width=\"512\" height=\"384\" data-src=\"https:\/\/site.uit.no\/realfagspraksis\/wp-content\/uploads\/sites\/523\/2025\/12\/Michelle1.jpg\" class=\"attachment-large size-large lazyload\" alt=\"Internship letter from Oslo &#8211; Michelle\" data-srcset=\"https:\/\/site.uit.no\/realfagspraksis\/wp-content\/uploads\/sites\/523\/2025\/12\/Michelle1.jpg 512w, https:\/\/site.uit.no\/realfagspraksis\/wp-content\/uploads\/sites\/523\/2025\/12\/Michelle1-300x225.jpg 300w\" data-sizes=\"(max-width: 512px) 100vw, 512px\" src=\"data:image\/svg+xml;base64,PHN2ZyB3aWR0aD0iMSIgaGVpZ2h0PSIxIiB4bWxucz0iaHR0cDovL3d3dy53My5vcmcvMjAwMC9zdmciPjwvc3ZnPg==\" style=\"--smush-placeholder-width: 512px; --smush-placeholder-aspect-ratio: 512\/384;\" \/><\/a><\/div><div class=\"o-posts-grid-post-body\"><span class=\"o-posts-grid-post-category\"><a href=\"https:\/\/site.uit.no\/realfagspraksis\/category\/geointern-2025\/\">GeoIntern 2025<\/a><\/span><h4 class=\"o-posts-grid-post-title\"><a href=\"https:\/\/site.uit.no\/realfagspraksis\/2025\/12\/04\/internship-letter-from-oslo-michelle\/\">Internship letter from Oslo &#8211; Michelle<\/a><\/h4><div class=\"o-posts-grid-post-description\"><p>My Time in Oslo What&#8217;s been most interesting in this research environment is seeing how comput\u2026<\/p><\/div><\/div><\/div><\/div><\/div> <div class=\"o-posts-grid-pag\"><span aria-current=\"page\" class=\"page-numbers current\">1<\/span>\n<a class=\"page-numbers\" href=\"https:\/\/site.uit.no\/realfagspraksis\/wp-json\/wp\/v2\/pages\/484\/?paged=2\">2<\/a>\n<a class=\"page-numbers\" href=\"https:\/\/site.uit.no\/realfagspraksis\/wp-json\/wp\/v2\/pages\/484\/?paged=3\">3<\/a>\n<a class=\"page-numbers\" href=\"https:\/\/site.uit.no\/realfagspraksis\/wp-json\/wp\/v2\/pages\/484\/?paged=4\">4<\/a>\n<a class=\"next page-numbers\" href=\"https:\/\/site.uit.no\/realfagspraksis\/wp-json\/wp\/v2\/pages\/484\/?paged=2\">Neste<\/a><\/div><\/div>\n\n\n<p><\/p>\n","protected":false},"excerpt":{"rendered":"","protected":false},"author":123677,"featured_media":0,"parent":0,"menu_order":0,"comment_status":"closed","ping_status":"closed","template":"","meta":{"site-sidebar-layout":"default","site-content-layout":"","ast-site-content-layout":"default","site-content-style":"default","site-sidebar-style":"default","ast-global-header-display":"","ast-banner-title-visibility":"","ast-main-header-display":"","ast-hfb-above-header-display":"","ast-hfb-below-header-display":"","ast-hfb-mobile-header-display":"","site-post-title":"","ast-breadcrumbs-content":"","ast-featured-img":"","footer-sml-layout":"","ast-disable-related-posts":"","theme-transparent-header-meta":"","adv-header-id-meta":"","stick-header-meta":"","header-above-stick-meta":"","header-main-stick-meta":"","header-below-stick-meta":"","astra-migrate-meta-layouts":"default","ast-page-background-enabled":"default","ast-page-background-meta":{"desktop":{"background-color":"var(--ast-global-color-4)","background-image":"","background-repeat":"repeat","background-position":"center center","background-size":"auto","background-attachment":"scroll","background-type":"","background-media":"","overlay-type":"","overlay-color":"","overlay-opacity":"","overlay-gradient":""},"tablet":{"background-color":"","background-image":"","background-repeat":"repeat","background-position":"center center","background-size":"auto","background-attachment":"scroll","background-type":"","background-media":"","overlay-type":"","overlay-color":"","overlay-opacity":"","overlay-gradient":""},"mobile":{"background-color":"","background-image":"","background-repeat":"repeat","background-position":"center center","background-size":"auto","background-attachment":"scroll","background-type":"","background-media":"","overlay-type":"","overlay-color":"","overlay-opacity":"","overlay-gradient":""}},"ast-content-background-meta":{"desktop":{"background-color":"var(--ast-global-color-5)","background-image":"","background-repeat":"repeat","background-position":"center center","background-size":"auto","background-attachment":"scroll","background-type":"","background-media":"","overlay-type":"","overlay-color":"","overlay-opacity":"","overlay-gradient":""},"tablet":{"background-color":"var(--ast-global-color-5)","background-image":"","background-repeat":"repeat","background-position":"center center","background-size":"auto","background-attachment":"scroll","background-type":"","background-media":"","overlay-type":"","overlay-color":"","overlay-opacity":"","overlay-gradient":""},"mobile":{"background-color":"var(--ast-global-color-5)","background-image":"","background-repeat":"repeat","background-position":"center center","background-size":"auto","background-attachment":"scroll","background-type":"","background-media":"","overlay-type":"","overlay-color":"","overlay-opacity":"","overlay-gradient":""}},"_themeisle_gutenberg_block_has_review":false,"footnotes":""},"class_list":["post-484","page","type-page","status-publish","hentry"],"_links":{"self":[{"href":"https:\/\/site.uit.no\/realfagspraksis\/wp-json\/wp\/v2\/pages\/484","targetHints":{"allow":["GET"]}}],"collection":[{"href":"https:\/\/site.uit.no\/realfagspraksis\/wp-json\/wp\/v2\/pages"}],"about":[{"href":"https:\/\/site.uit.no\/realfagspraksis\/wp-json\/wp\/v2\/types\/page"}],"author":[{"embeddable":true,"href":"https:\/\/site.uit.no\/realfagspraksis\/wp-json\/wp\/v2\/users\/123677"}],"replies":[{"embeddable":true,"href":"https:\/\/site.uit.no\/realfagspraksis\/wp-json\/wp\/v2\/comments?post=484"}],"version-history":[{"count":2,"href":"https:\/\/site.uit.no\/realfagspraksis\/wp-json\/wp\/v2\/pages\/484\/revisions"}],"predecessor-version":[{"id":1576,"href":"https:\/\/site.uit.no\/realfagspraksis\/wp-json\/wp\/v2\/pages\/484\/revisions\/1576"}],"wp:attachment":[{"href":"https:\/\/site.uit.no\/realfagspraksis\/wp-json\/wp\/v2\/media?parent=484"}],"curies":[{"name":"wp","href":"https:\/\/api.w.org\/{rel}","templated":true}]}}