{"id":14,"date":"2020-09-17T07:00:33","date_gmt":"2020-09-17T07:00:33","guid":{"rendered":"https:\/\/site.uit.no\/rios-phd\/?page_id=14"},"modified":"2021-02-12T15:52:54","modified_gmt":"2021-02-12T15:52:54","slug":"institusjoner","status":"publish","type":"page","link":"https:\/\/site.uit.no\/rios-phd\/organisering\/institusjoner\/","title":{"rendered":"Institusjoner"},"content":{"rendered":"<p><img fetchpriority=\"high\" decoding=\"async\" class=\"alignleft wp-image-34 \" src=\"https:\/\/site.uit.no\/rios-phd\/wp-content\/uploads\/sites\/460\/2020\/09\/logoer-copy-1024x171.png\" alt=\"Logoer NTNU, UiO, UiB, UiT, USN, VID, HVL\" width=\"729\" height=\"122\" srcset=\"https:\/\/site.uit.no\/rios-phd\/wp-content\/uploads\/sites\/460\/2020\/09\/logoer-copy-1024x171.png 1024w, https:\/\/site.uit.no\/rios-phd\/wp-content\/uploads\/sites\/460\/2020\/09\/logoer-copy-300x50.png 300w, https:\/\/site.uit.no\/rios-phd\/wp-content\/uploads\/sites\/460\/2020\/09\/logoer-copy-768x128.png 768w\" sizes=\"(max-width: 729px) 100vw, 729px\" \/><\/p>\n<p>&nbsp;<\/p>\n<p>&nbsp;<\/p>\n<ul>\n<li><a href=\"https:\/\/www.hvl.no\">H\u00f8gskulen p\u00e5 Vestlandet<\/a><\/li>\n<li><a href=\"https:\/\/www.ntnu.no\">Norges teknisk-naturvitenskapelige universitet (NTNU)<\/a><\/li>\n<li><a href=\"https:\/\/www.uit.no\">UiT Norges arktiske universitet<\/a><\/li>\n<li><a href=\"https:\/\/www.uib.no\">Universitet i Bergen<\/a><\/li>\n<li><a href=\"https:\/\/www.uio.no\">Universitetet i Oslo<\/a><\/li>\n<li><a href=\"https:\/\/www.usn.no\">Universitetet i S\u00f8r\u00f8st-Norge<\/a><\/li>\n<li><a href=\"https:\/\/www.vid.no\">VID vitenskapelige h\u00f8gskole<\/a><\/li>\n<\/ul>\n<p>&nbsp;<\/p>\n<p>&nbsp;<\/p>\n<p>&nbsp;<\/p>\n<p>&nbsp;<\/p>\n<p>&nbsp;<\/p>\n<p>&nbsp;<\/p>\n<p>&nbsp;<\/p>\n<p>&nbsp;<\/p>\n","protected":false},"excerpt":{"rendered":"<p>&nbsp; &nbsp; H\u00f8gskulen p\u00e5 Vestlandet Norges teknisk-naturvitenskapelige universitet (NTNU) UiT Norges arktiske universitet Universitet i Bergen Universitetet i Oslo Universitetet i S\u00f8r\u00f8st-Norge VID vitenskapelige h\u00f8gskole &nbsp; &nbsp; &nbsp; &nbsp; &nbsp; &nbsp; &nbsp; &nbsp;<\/p>\n","protected":false},"author":1116,"featured_media":0,"parent":12,"menu_order":0,"comment_status":"closed","ping_status":"closed","template":"","meta":{"footnotes":""},"class_list":["post-14","page","type-page","status-publish","hentry"],"_links":{"self":[{"href":"https:\/\/site.uit.no\/rios-phd\/wp-json\/wp\/v2\/pages\/14","targetHints":{"allow":["GET"]}}],"collection":[{"href":"https:\/\/site.uit.no\/rios-phd\/wp-json\/wp\/v2\/pages"}],"about":[{"href":"https:\/\/site.uit.no\/rios-phd\/wp-json\/wp\/v2\/types\/page"}],"author":[{"embeddable":true,"href":"https:\/\/site.uit.no\/rios-phd\/wp-json\/wp\/v2\/users\/1116"}],"replies":[{"embeddable":true,"href":"https:\/\/site.uit.no\/rios-phd\/wp-json\/wp\/v2\/comments?post=14"}],"version-history":[{"count":13,"href":"https:\/\/site.uit.no\/rios-phd\/wp-json\/wp\/v2\/pages\/14\/revisions"}],"predecessor-version":[{"id":126,"href":"https:\/\/site.uit.no\/rios-phd\/wp-json\/wp\/v2\/pages\/14\/revisions\/126"}],"up":[{"embeddable":true,"href":"https:\/\/site.uit.no\/rios-phd\/wp-json\/wp\/v2\/pages\/12"}],"wp:attachment":[{"href":"https:\/\/site.uit.no\/rios-phd\/wp-json\/wp\/v2\/media?parent=14"}],"curies":[{"name":"wp","href":"https:\/\/api.w.org\/{rel}","templated":true}]}}