{"id":61,"date":"2013-04-30T15:08:26","date_gmt":"2013-04-30T13:08:26","guid":{"rendered":"https:\/\/site.uit.no\/skjulteskatter\/?page_id=61"},"modified":"2013-06-25T13:23:01","modified_gmt":"2013-06-25T11:23:01","slug":"tromso-museum","status":"publish","type":"page","link":"https:\/\/site.uit.no\/skjulteskatter\/tromso-museum\/","title":{"rendered":"Troms\u00f8 Museum"},"content":{"rendered":"<p>P\u00e5 Troms\u00f8 Museum kan du se f\u00f8lgende skjulte skatter:<\/p>\n<p><a title=\"Alta-meteoritten\" href=\"https:\/\/site.uit.no\/skjulteskatter\/tromso-museum\/alta-meteoritten\/\"> Alta-meteoritten<\/a><br \/>\n<a title=\"\u010cSV-knapp\" href=\"https:\/\/site.uit.no\/skjulteskatter\/tromso-museum\/csv-knapp\/\">\u010cSV-knapp<\/a><br \/>\n<a title=\"Kilden-tyggisen\" href=\"https:\/\/site.uit.no\/skjulteskatter\/tromso-museum\/kilden-tyggisen\/\"> Kilden-tyggisen<\/a><br \/>\n<a title=\"Nordflaggermus\" href=\"https:\/\/site.uit.no\/skjulteskatter\/tromso-museum\/nordflaggermus\/\">Nordflaggermus<\/a><br \/>\n<a title=\"Sagvanditt\" href=\"https:\/\/site.uit.no\/skjulteskatter\/tromso-museum\/sagvanditt\/\">Sagvanditt<\/a><br \/>\n<a title=\"Samisk bj\u00f8rnejakt\" href=\"https:\/\/site.uit.no\/skjulteskatter\/tromso-museum\/samisk-bjornejakt\/\"> Samisk bj\u00f8rnejakt<\/a><br \/>\n<a title=\"Vekkehammer\" href=\"https:\/\/site.uit.no\/skjulteskatter\/tromso-museum\/vekkehammer\/\">Vekkehammer<\/a><\/p>\n","protected":false},"excerpt":{"rendered":"<p>P\u00e5 Troms\u00f8 Museum kan du se f\u00f8lgende skjulte skatter: Alta-meteoritten \u010cSV-knapp Kilden-tyggisen Nordflaggermus Sagvanditt Samisk bj\u00f8rnejakt Vekkehammer<\/p>\n","protected":false},"author":124,"featured_media":0,"parent":0,"menu_order":2,"comment_status":"closed","ping_status":"closed","template":"","meta":{"footnotes":""},"class_list":["post-61","page","type-page","status-publish","hentry"],"_links":{"self":[{"href":"https:\/\/site.uit.no\/skjulteskatter\/wp-json\/wp\/v2\/pages\/61","targetHints":{"allow":["GET"]}}],"collection":[{"href":"https:\/\/site.uit.no\/skjulteskatter\/wp-json\/wp\/v2\/pages"}],"about":[{"href":"https:\/\/site.uit.no\/skjulteskatter\/wp-json\/wp\/v2\/types\/page"}],"author":[{"embeddable":true,"href":"https:\/\/site.uit.no\/skjulteskatter\/wp-json\/wp\/v2\/users\/124"}],"replies":[{"embeddable":true,"href":"https:\/\/site.uit.no\/skjulteskatter\/wp-json\/wp\/v2\/comments?post=61"}],"version-history":[{"count":5,"href":"https:\/\/site.uit.no\/skjulteskatter\/wp-json\/wp\/v2\/pages\/61\/revisions"}],"predecessor-version":[{"id":427,"href":"https:\/\/site.uit.no\/skjulteskatter\/wp-json\/wp\/v2\/pages\/61\/revisions\/427"}],"wp:attachment":[{"href":"https:\/\/site.uit.no\/skjulteskatter\/wp-json\/wp\/v2\/media?parent=61"}],"curies":[{"name":"wp","href":"https:\/\/api.w.org\/{rel}","templated":true}]}}