{"id":9,"date":"2013-04-22T11:17:21","date_gmt":"2013-04-22T09:17:21","guid":{"rendered":"https:\/\/site.uit.no\/skjulteskatter\/?page_id=9"},"modified":"2013-06-25T14:11:39","modified_gmt":"2013-06-25T12:11:39","slug":"polarmuseet","status":"publish","type":"page","link":"https:\/\/site.uit.no\/skjulteskatter\/polarmuseet\/","title":{"rendered":"Polarmuseet"},"content":{"rendered":"<p>Ved siden av alle andre gjenstander p\u00e5 Polarmuseet, kan du oppdage f\u00f8lgende &laquo;skjulte skatter&raquo;:<\/p>\n<p><a href=\"https:\/\/site.uit.no\/skjulteskatter\/polarmuseet\/tollbod-anlegget\/\" title=\"Tollbod- anlegget\">    Tollbod- anlegget<\/a><br \/>\n<a href=\"https:\/\/site.uit.no\/skjulteskatter\/polarmuseet\/willem-barentsz\/\" title=\"Willem Barentsz\">    Willem Barentsz<\/a><br \/>\n<a href=\"https:\/\/site.uit.no\/skjulteskatter\/polarmuseet\/selfangst\/\" title=\"Selfangst\">    Selfangst<\/a><br \/>\n<a href=\"https:\/\/site.uit.no\/skjulteskatter\/polarmuseet\/sydpolskompasset\/\" title=\"Sydpolskompasset\">    Sydpolskompasset<\/a><br \/>\n<a href=\"https:\/\/site.uit.no\/skjulteskatter\/polarmuseet\/wanny-wolstad\/\" title=\"Wanny Woldstad\">    Wanny Woldstad<\/a><br \/>\n<a href=\"https:\/\/site.uit.no\/skjulteskatter\/polarmuseet\/gjoa-hunden\/\" title=\"Gj\u00f8a-hunden\">    Gj\u00f8a-hunden<\/a><br \/>\n<a href=\"https:\/\/site.uit.no\/skjulteskatter\/polarmuseet\/nansens-slimal\/\" title=\"Nansens slim\u00e5l\">    Nansens slim\u00e5l<\/a><br \/>\n<a href=\"https:\/\/site.uit.no\/skjulteskatter\/polarmuseet\/tobakk\/\" title=\"Tobakk\">    Tobakk<\/a><br \/>\n<a href=\"https:\/\/site.uit.no\/skjulteskatter\/polarmuseet\/bent-berntsen\/\" title=\"Bernt Bentsen\">    Bernt Bentsen<\/a><br \/>\n<a href=\"https:\/\/site.uit.no\/skjulteskatter\/polarmuseet\/belgica-ankeret\/\" title=\"Belgica ankeret\">    Belgica ankeret<\/a><br \/>\n<a href=\"https:\/\/site.uit.no\/skjulteskatter\/polarmuseet\/harpunkanonen\/\" title=\"Harpunkanonen\">    Harpunkanonen<\/a><br \/>\n  <a href=\"https:\/\/site.uit.no\/skjulteskatter\/polarmuseet\/ms-polstjerna\/\" title=\"MS Polstjerna\">    MS Polstjerna<\/a><\/p>\n","protected":false},"excerpt":{"rendered":"<p>Ved siden av alle andre gjenstander p\u00e5 Polarmuseet, kan du oppdage f\u00f8lgende &laquo;skjulte skatter&raquo;: Tollbod- anlegget Willem Barentsz Selfangst Sydpolskompasset Wanny Woldstad Gj\u00f8a-hunden Nansens slim\u00e5l Tobakk Bernt Bentsen Belgica ankeret Harpunkanonen MS Polstjerna<\/p>\n","protected":false},"author":124,"featured_media":0,"parent":0,"menu_order":3,"comment_status":"closed","ping_status":"closed","template":"","meta":{"footnotes":""},"class_list":["post-9","page","type-page","status-publish","hentry"],"_links":{"self":[{"href":"https:\/\/site.uit.no\/skjulteskatter\/wp-json\/wp\/v2\/pages\/9","targetHints":{"allow":["GET"]}}],"collection":[{"href":"https:\/\/site.uit.no\/skjulteskatter\/wp-json\/wp\/v2\/pages"}],"about":[{"href":"https:\/\/site.uit.no\/skjulteskatter\/wp-json\/wp\/v2\/types\/page"}],"author":[{"embeddable":true,"href":"https:\/\/site.uit.no\/skjulteskatter\/wp-json\/wp\/v2\/users\/124"}],"replies":[{"embeddable":true,"href":"https:\/\/site.uit.no\/skjulteskatter\/wp-json\/wp\/v2\/comments?post=9"}],"version-history":[{"count":4,"href":"https:\/\/site.uit.no\/skjulteskatter\/wp-json\/wp\/v2\/pages\/9\/revisions"}],"predecessor-version":[{"id":436,"href":"https:\/\/site.uit.no\/skjulteskatter\/wp-json\/wp\/v2\/pages\/9\/revisions\/436"}],"wp:attachment":[{"href":"https:\/\/site.uit.no\/skjulteskatter\/wp-json\/wp\/v2\/media?parent=9"}],"curies":[{"name":"wp","href":"https:\/\/api.w.org\/{rel}","templated":true}]}}