{"id":37,"date":"2014-06-20T15:02:16","date_gmt":"2014-06-20T13:02:16","guid":{"rendered":"https:\/\/site.uit.no\/ubkvensk\/?page_id=37"},"modified":"2014-11-17T08:14:55","modified_gmt":"2014-11-17T07:14:55","slug":"kvenseminaret-2014_praktisk-informasjon","status":"publish","type":"page","link":"https:\/\/site.uit.no\/ubkvensk\/kvenseminaret-2014_praktisk-informasjon\/","title":{"rendered":"Praktisk informasjon"},"content":{"rendered":"<p>Seminaari kainun kielen revitaliseeraamisen ymp\u00e4ri<br \/>\nSeminar om revitalisering av kvensk<\/p>\n<p><strong>Overnatting:<\/strong><br \/>\nHer finn du <a href=\"http:\/\/www.visittromso.no\/no\/Overnatting\/\" target=\"_blank\">informasjon om overnatting<\/a>\u00a0i Troms\u00f8. Vi tilr\u00e5r at du bur i sentrum eller s\u00f8r p\u00e5 \u00f8ya.<\/p>\n<p><strong>Transport:<\/strong><br \/>\nFr\u00e5 flyplassen til sentrum kan du ta <a href=\"http:\/\/www.flybussen.no\/Troms%C3%B8\" target=\"_blank\">flybussen<\/a>, vanleg <a href=\"http:\/\/www.tromskortet.no\/getfile.php\/Rutetabeller%20%28pdf%29\/Buss\/Troms%C3%B8\/Fra%20310314\/Rute_42_fom_31_03_14.pdf\" target=\"_blank\">rutebuss nr 42<\/a> (g\u00e5r nedfor parkeringshuset; det er bussen som g\u00e5r fr\u00e5 Eidkjosen til Stakkevollan) eller drosje.<\/p>\n<p>Seminaret er lagt til Institutt for l\u00e6rarutdanning og pedagogikk (ILP, f\u00f8r: L\u00e6rarh\u00f8gskolen) p\u00e5 Mellomvegen 110.<\/p>\n<p>Slik kjem du deg fr\u00e5 sentrum til seminaret:<\/p>\n<ul>\n<li><a href=\"http:\/\/www.tromskortet.no\/getfile.php\/Rutetabeller%20%28pdf%29\/Buss\/Troms%C3%B8\/Fra%20310314\/Rute_37_fom_31_03_14.pdf\" target=\"_blank\">Buss 37<\/a>\u00a0g\u00e5r fr\u00e5 Fredrik Langes gate 19 (= <a href=\"http:\/\/www.tromskortet.no\/getfile.php\/Bilder\/Artikkelbilder\/Sentrum%20A4.pdf\" target=\"_blank\">F5 p\u00e5 dette kartet<\/a>). Du g\u00e5r av p\u00e5 buss-stoppet som heiter &laquo;L\u00e6rarh\u00f8gskolen&raquo;.\u00a0P\u00e5 torsdag kan du ta bussen som g\u00e5r <a href=\"http:\/\/www.tromskortet.no\/reiseplanlegger\/category245.html?from=Fr.+Langes+gate+F5+%28Troms%C3%B8%29&amp;to=L%C3%A6rerh%C3%B8gskolen+%28Troms%C3%B8%29&amp;Date=08.10.2014&amp;Time=09%3A30\" target=\"_blank\">kl 09:40<\/a> fr\u00e5 sentrum. P\u00e5 fredag kan du ta bussen som g\u00e5r <a href=\"http:\/\/www.tromskortet.no\/reiseplanlegger\/category245.html?from=Fr.+Langes+gate+F5+%28Troms%C3%B8%29&amp;to=L%C3%A6rerh%C3%B8gskolen+%28Troms%C3%B8%29&amp;Date=10.10.2014&amp;Time=08%3A35\" target=\"_blank\">kl 08:50<\/a> fr\u00e5 sentrum. Ein enkeltbillett kostar 45,- kr (23,- kr for honn\u00f8r).<\/li>\n<li>Til fots tek det ca ein halv time. <a href=\"https:\/\/www.google.com\/maps\/dir\/Fredrik+Langes+gate,+9008+Troms%C3%B8,+Norge\/69.63655,18.92224\/@69.643335,18.9219128,14z\/data=!3m1!4b1!4m9!4m8!1m5!1m1!1s0x45c4c45332de73ad:0x83c54f721ca25743!2m2!1d18.9572129!2d69.6495085!1m0!3e2\" target=\"_blank\">Her<\/a> ser du ruta du kan ta.<\/li>\n<li>Drosje: Det finst to drosjeselskap i Troms\u00f8: <a href=\"http:\/\/www.tromso-taxi.no\/mobil\/Kontakt.html\" target=\"_blank\">Troms\u00f8 Taxi<\/a> og <a href=\"http:\/\/www.dintaxi.no\/bestill_din_taxi_0\" target=\"_blank\">Din Taxi<\/a>. Her ser du <a href=\"http:\/\/www.dintaxi.no\/kart\" target=\"_blank\">drosjehaldeplassane<\/a> i sentrum.<\/li>\n<\/ul>\n<p>Dersom du kjem p\u00e5 seminaret rett fr\u00e5 flyplassen, er det enklast \u00e5 ta drosje. Alternativt kan du ta <a href=\"http:\/\/www.tromskortet.no\/reiseplanlegger\/category245.html?from=Fredrik+Langes+gate+%28Troms%C3%B8%29&amp;to=L%C3%A6rerh%C3%B8gskolen+%28Troms%C3%B8%29&amp;Date=09.10.2014&amp;Time=09%3A40\" target=\"_blank\">buss 42 og byta til buss 37 i sentrum<\/a>.<\/p>\n<p>P\u00e5 torsdagskvelden er det ordna felles skyss til sosial samankomst med middag p\u00e5 \u00c1rdna, som ligg p\u00e5 universitetsomr\u00e5det i Breivika (= <a href=\"http:\/\/uit.no\/ressurs\/uit\/grafisk\/campuskart\/CampuskartA4.pdf\" target=\"_blank\">nr 7 p\u00e5 dette kartet<\/a>). Skyss tilbake til hotellet ordnar deltakarane sj\u00f8lve.<\/p>\n<p>Lunsj et vi i kantina p\u00e5 ILP.<\/p>\n<p><a href=\"https:\/\/site.uit.no\/ubkvensk\/kvenseminaret-2014\/\">Tilbake til hovudmenyen for seminaret<\/a><\/p>\n<p>&nbsp;<\/p>\n<p>&nbsp;<\/p>\n<p>&nbsp;<\/p>\n<p>&nbsp;<\/p>\n<p>&nbsp;<\/p>\n<p>&nbsp;<\/p>\n","protected":false},"excerpt":{"rendered":"<p>Seminaari kainun kielen revitaliseeraamisen ymp\u00e4ri Seminar om revitalisering av kvensk Overnatting: Her finn du informasjon om overnatting\u00a0i Troms\u00f8. Vi tilr\u00e5r at du bur i sentrum eller s\u00f8r p\u00e5 \u00f8ya. Transport: Fr\u00e5 flyplassen til sentrum kan du ta flybussen, vanleg rutebuss &hellip; <a href=\"https:\/\/site.uit.no\/ubkvensk\/kvenseminaret-2014_praktisk-informasjon\/\">Les videre <span class=\"meta-nav\">&rarr;<\/span><\/a><\/p>\n","protected":false},"author":425,"featured_media":0,"parent":0,"menu_order":0,"comment_status":"closed","ping_status":"closed","template":"","meta":{"footnotes":""},"class_list":["post-37","page","type-page","status-publish","hentry"],"_links":{"self":[{"href":"https:\/\/site.uit.no\/ubkvensk\/wp-json\/wp\/v2\/pages\/37","targetHints":{"allow":["GET"]}}],"collection":[{"href":"https:\/\/site.uit.no\/ubkvensk\/wp-json\/wp\/v2\/pages"}],"about":[{"href":"https:\/\/site.uit.no\/ubkvensk\/wp-json\/wp\/v2\/types\/page"}],"author":[{"embeddable":true,"href":"https:\/\/site.uit.no\/ubkvensk\/wp-json\/wp\/v2\/users\/425"}],"replies":[{"embeddable":true,"href":"https:\/\/site.uit.no\/ubkvensk\/wp-json\/wp\/v2\/comments?post=37"}],"version-history":[{"count":15,"href":"https:\/\/site.uit.no\/ubkvensk\/wp-json\/wp\/v2\/pages\/37\/revisions"}],"predecessor-version":[{"id":125,"href":"https:\/\/site.uit.no\/ubkvensk\/wp-json\/wp\/v2\/pages\/37\/revisions\/125"}],"wp:attachment":[{"href":"https:\/\/site.uit.no\/ubkvensk\/wp-json\/wp\/v2\/media?parent=37"}],"curies":[{"name":"wp","href":"https:\/\/api.w.org\/{rel}","templated":true}]}}