{"id":45,"date":"2014-09-19T12:12:09","date_gmt":"2014-09-19T10:12:09","guid":{"rendered":"https:\/\/site.uit.no\/ubkvensk\/?page_id=45"},"modified":"2014-11-17T08:15:08","modified_gmt":"2014-11-17T07:15:08","slug":"kvenseminaret-2014_programmet","status":"publish","type":"page","link":"https:\/\/site.uit.no\/ubkvensk\/kvenseminaret-2014_programmet\/","title":{"rendered":"Programmet"},"content":{"rendered":"<p>Seminaari kainun kielen revitaliseeraamisen ymp\u00e4ri<br \/>\nSeminar om revitalisering av kvensk<\/p>\n<p>Programmet for seminaret er no klart og kan lastast ned her: <a href=\"https:\/\/site.uit.no\/ubkvensk\/wp-content\/uploads\/sites\/191\/2014\/10\/Kvenseminar_hausten_2014_programutkast_09.pdf\" target=\"_blank\">program<\/a>.<\/p>\n<p>Ver merksam p\u00e5 at programmet ikkje er endeleg. Det kan framleis komma mindre endringar.<\/p>\n<p>I tillegg til det faglege programmet har vi tenkt \u00e5 arrangera ein sosial samankomst med felles middag p\u00e5 torsdagskvelden p\u00e5 <a href=\"https:\/\/site.uit.no\/ubkvensk\/wp-content\/uploads\/sites\/191\/2014\/09\/Ardna_flygeblad.pdf\" target=\"_blank\">\u00c1rdna &#8211; samisk kulturhus p\u00e5 universitetet<\/a>. Meny og prisar finn du i <a href=\"https:\/\/site.uit.no\/ubkvensk\/pamelding\/\">registreringsskjemaet<\/a>. Dette arrangementet er samtidig ei markering av 65-\u00e5rsdagen til Eira S\u00f6derholm.<\/p>\n<p><a href=\"https:\/\/site.uit.no\/ubkvensk\/kvenseminaret-2014\/\">Tilbake til hovudmenyen for seminaret<\/a><\/p>\n<p>&nbsp;<\/p>\n<p>&nbsp;<\/p>\n<p>&nbsp;<\/p>\n<p>&nbsp;<\/p>\n","protected":false},"excerpt":{"rendered":"<p>Seminaari kainun kielen revitaliseeraamisen ymp\u00e4ri Seminar om revitalisering av kvensk Programmet for seminaret er no klart og kan lastast ned her: program. Ver merksam p\u00e5 at programmet ikkje er endeleg. Det kan framleis komma mindre endringar. I tillegg til det &hellip; <a href=\"https:\/\/site.uit.no\/ubkvensk\/kvenseminaret-2014_programmet\/\">Les videre <span class=\"meta-nav\">&rarr;<\/span><\/a><\/p>\n","protected":false},"author":425,"featured_media":0,"parent":0,"menu_order":0,"comment_status":"closed","ping_status":"closed","template":"","meta":{"footnotes":""},"class_list":["post-45","page","type-page","status-publish","hentry"],"_links":{"self":[{"href":"https:\/\/site.uit.no\/ubkvensk\/wp-json\/wp\/v2\/pages\/45","targetHints":{"allow":["GET"]}}],"collection":[{"href":"https:\/\/site.uit.no\/ubkvensk\/wp-json\/wp\/v2\/pages"}],"about":[{"href":"https:\/\/site.uit.no\/ubkvensk\/wp-json\/wp\/v2\/types\/page"}],"author":[{"embeddable":true,"href":"https:\/\/site.uit.no\/ubkvensk\/wp-json\/wp\/v2\/users\/425"}],"replies":[{"embeddable":true,"href":"https:\/\/site.uit.no\/ubkvensk\/wp-json\/wp\/v2\/comments?post=45"}],"version-history":[{"count":19,"href":"https:\/\/site.uit.no\/ubkvensk\/wp-json\/wp\/v2\/pages\/45\/revisions"}],"predecessor-version":[{"id":126,"href":"https:\/\/site.uit.no\/ubkvensk\/wp-json\/wp\/v2\/pages\/45\/revisions\/126"}],"wp:attachment":[{"href":"https:\/\/site.uit.no\/ubkvensk\/wp-json\/wp\/v2\/media?parent=45"}],"curies":[{"name":"wp","href":"https:\/\/api.w.org\/{rel}","templated":true}]}}

<p>Seminaari kainun kielen revitaliseeraamisen ympäri<br />
Seminar om revitalisering av kvensk</p>
<p>Programmet for seminaret er no klart og kan lastast ned her: <a href="https://site.uit.no/ubkvensk/wp-content/uploads/sites/191/2014/10/Kvenseminar_hausten_2014_programutkast_09.pdf" target="_blank">program</a>.</p>
<p>Ver merksam på at programmet ikkje er endeleg. Det kan framleis komma mindre endringar.</p>
<p>I tillegg til det faglege programmet har vi tenkt å arrangera ein sosial samankomst med felles middag på torsdagskvelden på <a href="https://site.uit.no/ubkvensk/wp-content/uploads/sites/191/2014/09/Ardna_flygeblad.pdf" target="_blank">Árdna &#8211; samisk kulturhus på universitetet</a>. Meny og prisar finn du i <a href="https://site.uit.no/ubkvensk/pamelding/">registreringsskjemaet</a>. Dette arrangementet er samtidig ei markering av 65-årsdagen til Eira Söderholm.</p>
<p><a href="https://site.uit.no/ubkvensk/kvenseminaret-2014/">Tilbake til hovudmenyen for seminaret</a></p>
<p>&nbsp;</p>
<p>&nbsp;</p>
<p>&nbsp;</p>
<p>&nbsp;</p>

<p>Seminaari kainun kielen revitaliseeraamisen ympäri Seminar om revitalisering av kvensk Programmet for seminaret er no klart og kan lastast ned her: program. Ver merksam på at programmet ikkje er endeleg. Det kan framleis komma mindre endringar. I tillegg til det &hellip; <a href="https://site.uit.no/ubkvensk/kvenseminaret-2014_programmet/">Les videre <span class="meta-nav">&rarr;</span></a></p>
