{"id":11,"date":"2017-06-21T11:04:13","date_gmt":"2017-06-21T09:04:13","guid":{"rendered":"https:\/\/site.uit.no\/usp8-13\/?page_id=11"},"modified":"2017-10-13T12:23:41","modified_gmt":"2017-10-13T10:23:41","slug":"hjem","status":"publish","type":"page","link":"https:\/\/site.uit.no\/usp8-13\/","title":{"rendered":"Prosjektet"},"content":{"rendered":"<p>USP 8-13\u00a0er et samarbeid mellom fakultet for humaniora, samfunnsvitenskap og l\u00e6rerutdanning (HSL) ved UiT Norges arktiske universitet og Troms fylkeskommune. Universitetsskolene skal v\u00e6re HSLs partnere i et gjensidig samarbeid for \u00e5 styrke forskning og utviklingsarbeid i skolene og heve kvaliteten p\u00e5 praksis for HSLs studenter. Avtalen gjelder fra 31. august 2016 til 31. august 2019<\/p>\n<p><img decoding=\"async\" class=\"alignnone wp-image-34\" src=\"https:\/\/site.uit.no\/usp8-13\/wp-content\/uploads\/sites\/307\/2017\/06\/UiTNorskLogoSekAvsender-300x78.jpg\" alt=\"\" width=\"257\" height=\"75\" \/><img decoding=\"async\" class=\"alignnone wp-image-32\" src=\"https:\/\/site.uit.no\/usp8-13\/wp-content\/uploads\/sites\/307\/2017\/06\/tfk-logo_89505d8c-300x82.png\" alt=\"\" width=\"240\" height=\"73\" \/>\u00a0\u00a0\u00a0\u00a0\u00a0\u00a0\u00a0\u00a0\u00a0\u00a0\u00a0\u00a0\u00a0\u00a0\u00a0\u00a0\u00a0\u00a0\u00a0\u00a0\u00a0\u00a0\u00a0\u00a0\u00a0\u00a0\u00a0\u00a0\u00a0\u00a0\u00a0\u00a0\u00a0\u00a0\u00a0\u00a0\u00a0\u00a0\u00a0\u00a0\u00a0\u00a0\u00a0\u00a0\u00a0\u00a0\u00a0\u00a0<img decoding=\"async\" class=\" wp-image-71 alignnone\" src=\"https:\/\/site.uit.no\/usp8-13\/wp-content\/uploads\/sites\/307\/2017\/06\/logo_medium.png\" alt=\"\" width=\"116\" height=\"121\" \/><\/p>\n<p>.<\/p>\n<p>&nbsp;<\/p>\n<p>Kontakt: <a href=\"mailto:geir.gabrielsen@uit.no\">\u00a0Geir Gabrielsen<\/a>,universitetsskolekoordinator 8-13<\/p>\n","protected":false},"excerpt":{"rendered":"<p>USP 8-13\u00a0er et samarbeid mellom fakultet for humaniora, samfunnsvitenskap og l\u00e6rerutdanning (HSL) ved UiT Norges arktiske universitet og Troms fylkeskommune. Universitetsskolene skal v\u00e6re HSLs partnere i et gjensidig samarbeid for \u00e5 styrke forskning og utviklingsarbeid i skolene og heve kvaliteten &hellip; <a href=\"https:\/\/site.uit.no\/usp8-13\/\">Continue reading <span class=\"meta-nav\">&rarr;<\/span><\/a><\/p>\n","protected":false},"author":728,"featured_media":0,"parent":0,"menu_order":0,"comment_status":"closed","ping_status":"closed","template":"","meta":{"footnotes":""},"class_list":["post-11","page","type-page","status-publish","hentry"],"_links":{"self":[{"href":"https:\/\/site.uit.no\/usp8-13\/wp-json\/wp\/v2\/pages\/11","targetHints":{"allow":["GET"]}}],"collection":[{"href":"https:\/\/site.uit.no\/usp8-13\/wp-json\/wp\/v2\/pages"}],"about":[{"href":"https:\/\/site.uit.no\/usp8-13\/wp-json\/wp\/v2\/types\/page"}],"author":[{"embeddable":true,"href":"https:\/\/site.uit.no\/usp8-13\/wp-json\/wp\/v2\/users\/728"}],"replies":[{"embeddable":true,"href":"https:\/\/site.uit.no\/usp8-13\/wp-json\/wp\/v2\/comments?post=11"}],"version-history":[{"count":16,"href":"https:\/\/site.uit.no\/usp8-13\/wp-json\/wp\/v2\/pages\/11\/revisions"}],"predecessor-version":[{"id":150,"href":"https:\/\/site.uit.no\/usp8-13\/wp-json\/wp\/v2\/pages\/11\/revisions\/150"}],"wp:attachment":[{"href":"https:\/\/site.uit.no\/usp8-13\/wp-json\/wp\/v2\/media?parent=11"}],"curies":[{"name":"wp","href":"https:\/\/api.w.org\/{rel}","templated":true}]}}