{"id":188,"date":"2018-01-10T15:20:32","date_gmt":"2018-01-10T14:20:32","guid":{"rendered":"https:\/\/site.uit.no\/usp8-13\/?page_id=188"},"modified":"2018-03-19T14:03:18","modified_gmt":"2018-03-19T13:03:18","slug":"mentorordninga","status":"publish","type":"page","link":"https:\/\/site.uit.no\/usp8-13\/mentorordninga\/","title":{"rendered":"Mentorordninga"},"content":{"rendered":"<p>Fra v\u00e5ren 2018 igangsettes en pilot om mentorordning ved Lektorutdanningen trinn 8-13. I mentorordningen vil grupper av studenter veiledes i sin profesjonsutvikling av en erfaren l\u00e6rer fra praksisfeltet (ungdomsskole eller videreg\u00e5ende skole). Hver mentorgruppe som best\u00e5r av en mentor og 8-10 studenter m\u00f8tes seks ganger; to ganger andresemester, to ganger tredjesemester og to ganger i studiets fjerde semester.<\/p>\n<p>Gjennom mentorordningen \u00f8nsker vi at studentene skal f\u00e5 erfare utfordringer og mangfold i profesjonen de skal ut i. Vi \u00f8nsker \u00e5 legge til rette for at det som st\u00e5r foran dem oppleves som interessant, lystbetont, krevende, men mulig \u00e5 mestre. Tema som kommunikasjon, etikk og samhandling med ulike akt\u00f8rer st\u00e5r sentralt.<\/p>\n<p>Mer informasjon om \u00f8ktene finner du her:<br \/>\n<a href=\"https:\/\/site.uit.no\/usp8-13\/wp-content\/uploads\/sites\/307\/2018\/03\/Plan.pptx\">Plan for mentor\u00f8ktene<\/a><\/p>\n","protected":false},"excerpt":{"rendered":"<p>Fra v\u00e5ren 2018 igangsettes en pilot om mentorordning ved Lektorutdanningen trinn 8-13. I mentorordningen vil grupper av studenter veiledes i sin profesjonsutvikling av en erfaren l\u00e6rer fra praksisfeltet (ungdomsskole eller videreg\u00e5ende skole). Hver mentorgruppe som best\u00e5r av en mentor og &hellip; <a href=\"https:\/\/site.uit.no\/usp8-13\/mentorordninga\/\">Continue reading <span class=\"meta-nav\">&rarr;<\/span><\/a><\/p>\n","protected":false},"author":728,"featured_media":0,"parent":0,"menu_order":0,"comment_status":"closed","ping_status":"closed","template":"","meta":{"footnotes":""},"class_list":["post-188","page","type-page","status-publish","hentry"],"_links":{"self":[{"href":"https:\/\/site.uit.no\/usp8-13\/wp-json\/wp\/v2\/pages\/188","targetHints":{"allow":["GET"]}}],"collection":[{"href":"https:\/\/site.uit.no\/usp8-13\/wp-json\/wp\/v2\/pages"}],"about":[{"href":"https:\/\/site.uit.no\/usp8-13\/wp-json\/wp\/v2\/types\/page"}],"author":[{"embeddable":true,"href":"https:\/\/site.uit.no\/usp8-13\/wp-json\/wp\/v2\/users\/728"}],"replies":[{"embeddable":true,"href":"https:\/\/site.uit.no\/usp8-13\/wp-json\/wp\/v2\/comments?post=188"}],"version-history":[{"count":4,"href":"https:\/\/site.uit.no\/usp8-13\/wp-json\/wp\/v2\/pages\/188\/revisions"}],"predecessor-version":[{"id":206,"href":"https:\/\/site.uit.no\/usp8-13\/wp-json\/wp\/v2\/pages\/188\/revisions\/206"}],"wp:attachment":[{"href":"https:\/\/site.uit.no\/usp8-13\/wp-json\/wp\/v2\/media?parent=188"}],"curies":[{"name":"wp","href":"https:\/\/api.w.org\/{rel}","templated":true}]}}