{"id":94,"date":"2017-08-28T15:03:58","date_gmt":"2017-08-28T13:03:58","guid":{"rendered":"https:\/\/site.uit.no\/usp8-13\/?page_id=94"},"modified":"2018-03-07T14:29:22","modified_gmt":"2018-03-07T13:29:22","slug":"foreldresamarbeid-i-videregaende-opplaering","status":"publish","type":"page","link":"https:\/\/site.uit.no\/usp8-13\/foreldresamarbeid-i-videregaende-opplaering\/","title":{"rendered":"Samarbeid med foreldre i videreg\u00e5ende oppl\u00e6ring"},"content":{"rendered":"<p>Phd-prosjekt 2016-2020<\/p>\n<p>Et godt\u00a0samarbeid med foreldre\u00a0er av betydning for elevers trivsel og mestring i skolen, og skolen er ansvarlig for \u00e5 legge til rette for et systematisk samarbeidet med foreldre. Forskningsprosjektet setter fokus p\u00e5 videreg\u00e5ende oppl\u00e6ring, og utforsker samarbeidsrelasjoner og grensedragninger i relasjonen mellom foreldre, l\u00e6rere og elever og belyser hvordan samarbeidet\u00a0bidrar til \u00e5 styrke elevens autonomi.<\/p>\n<p>Prosjektet\u00a0vil\u00a0gjennom dialog med elever, foreldre,\u00a0l\u00e6rere og andre involverte i skolen utforske\u00a0hvordan\u00a0samarbeid med foreldre fungerer i videreg\u00e5ende oppl\u00e6ring i.\u00a0Prosjektet involverer ogs\u00e5 studenter p\u00e5 lektorutdanningen trinn 8-13 ved UiT.<\/p>\n<p><strong>Samarbeidspartnere<\/strong><br \/>\nUniversitetsskoleprosjektet trinn 8-13 (UiT Norges arktiske universitet)<br \/>\n<a href=\"https:\/\/result.uit.no\/proted\/\">ProTed Senter for fremragende l\u00e6rerutdanning<\/a><br \/>\nLektorutdanningen trinn 8-13 (UiT Norges arktiske universitet)<br \/>\nUniversitetsskolen <a href=\"http:\/\/www.breivang.vgs.no\/#\/\">Breivang <\/a>og andre videreg\u00e5ende skoler i Norge<\/p>\n<p><strong>Prosjektleder <\/strong><br \/>\n<a href=\"https:\/\/uit.no\/om\/enhet\/ansatte\/person?p_document_id=43459&amp;p_dimension_id=88155\">Stipendiat G\u00f8rill Warvik Vedeler<\/a><br \/>\nMobil 90070226<br \/>\nEpost: <a href=\"mailto:gorill.vedeler@uit.no\">gorill.vedeler@uit.no<\/a><\/p>\n<p><strong>Hovedveileder<\/strong><br \/>\nProfessor Astrid Strandbu (UiT Norges arktiske universitet)<\/p>\n<p><strong>Biveileder<\/strong><br \/>\nProfessor Elaine Munthe (Universitetet i Stavanger)<\/p>\n","protected":false},"excerpt":{"rendered":"<p>Phd-prosjekt 2016-2020 Et godt\u00a0samarbeid med foreldre\u00a0er av betydning for elevers trivsel og mestring i skolen, og skolen er ansvarlig for \u00e5 legge til rette for et systematisk samarbeidet med foreldre. Forskningsprosjektet setter fokus p\u00e5 videreg\u00e5ende oppl\u00e6ring, og utforsker samarbeidsrelasjoner og &hellip; <a href=\"https:\/\/site.uit.no\/usp8-13\/foreldresamarbeid-i-videregaende-opplaering\/\">Continue reading <span class=\"meta-nav\">&rarr;<\/span><\/a><\/p>\n","protected":false},"author":728,"featured_media":0,"parent":0,"menu_order":0,"comment_status":"closed","ping_status":"closed","template":"","meta":{"footnotes":""},"class_list":["post-94","page","type-page","status-publish","hentry"],"_links":{"self":[{"href":"https:\/\/site.uit.no\/usp8-13\/wp-json\/wp\/v2\/pages\/94","targetHints":{"allow":["GET"]}}],"collection":[{"href":"https:\/\/site.uit.no\/usp8-13\/wp-json\/wp\/v2\/pages"}],"about":[{"href":"https:\/\/site.uit.no\/usp8-13\/wp-json\/wp\/v2\/types\/page"}],"author":[{"embeddable":true,"href":"https:\/\/site.uit.no\/usp8-13\/wp-json\/wp\/v2\/users\/728"}],"replies":[{"embeddable":true,"href":"https:\/\/site.uit.no\/usp8-13\/wp-json\/wp\/v2\/comments?post=94"}],"version-history":[{"count":8,"href":"https:\/\/site.uit.no\/usp8-13\/wp-json\/wp\/v2\/pages\/94\/revisions"}],"predecessor-version":[{"id":201,"href":"https:\/\/site.uit.no\/usp8-13\/wp-json\/wp\/v2\/pages\/94\/revisions\/201"}],"wp:attachment":[{"href":"https:\/\/site.uit.no\/usp8-13\/wp-json\/wp\/v2\/media?parent=94"}],"curies":[{"name":"wp","href":"https:\/\/api.w.org\/{rel}","templated":true}]}}