{"id":1013,"date":"2021-05-06T13:45:51","date_gmt":"2021-05-06T11:45:51","guid":{"rendered":"https:\/\/site.uit.no\/via\/?page_id=1013"},"modified":"2021-08-24T19:38:10","modified_gmt":"2021-08-24T17:38:10","slug":"kurskalender","status":"publish","type":"page","link":"https:\/\/site.uit.no\/via\/kurs\/bimtilcave\/kurskalender\/","title":{"rendered":"BtC-Kurskalender"},"content":{"rendered":"\t\t<div data-elementor-type=\"wp-page\" data-elementor-id=\"1013\" class=\"elementor elementor-1013\" data-elementor-post-type=\"page\">\n\t\t\t\t\t\t<section class=\"elementor-section elementor-top-section elementor-element elementor-element-34aa95f0 elementor-section-boxed elementor-section-height-default elementor-section-height-default\" data-id=\"34aa95f0\" data-element_type=\"section\" data-e-type=\"section\">\n\t\t\t\t\t\t<div class=\"elementor-container elementor-column-gap-default\">\n\t\t\t\t\t<div class=\"elementor-column elementor-col-100 elementor-top-column elementor-element elementor-element-3eabccb8\" data-id=\"3eabccb8\" data-element_type=\"column\" data-e-type=\"column\">\n\t\t\t<div class=\"elementor-widget-wrap elementor-element-populated\">\n\t\t\t\t\t\t<div class=\"elementor-element elementor-element-5c38a9d elementor-widget elementor-widget-text-editor\" data-id=\"5c38a9d\" data-element_type=\"widget\" data-e-type=\"widget\" data-widget_type=\"text-editor.default\">\n\t\t\t\t<div class=\"elementor-widget-container\">\n\t\t\t\t\t\t\t\t\t<p>BIM til CAVE &#8211; kurskalender<\/p><p><span style=\"color: #333333\">Ingen planlagt kurs p\u00e5 n\u00e5v\u00e6rende tidspunkt.<\/span><\/p><p>\u00a0<\/p>\t\t\t\t\t\t\t\t<\/div>\n\t\t\t\t<\/div>\n\t\t\t\t\t<\/div>\n\t\t<\/div>\n\t\t\t\t\t<\/div>\n\t\t<\/section>\n\t\t\t\t<\/div>\n\t\t","protected":false},"excerpt":{"rendered":"<p>BIM til CAVE &#8211; kurskalender Ingen planlagt kurs p\u00e5 n\u00e5v\u00e6rende tidspunkt. \u00a0<\/p>\n","protected":false},"author":1004,"featured_media":0,"parent":1082,"menu_order":0,"comment_status":"closed","ping_status":"closed","template":"","meta":{"footnotes":""},"class_list":["post-1013","page","type-page","status-publish","hentry"],"_links":{"self":[{"href":"https:\/\/site.uit.no\/via\/wp-json\/wp\/v2\/pages\/1013","targetHints":{"allow":["GET"]}}],"collection":[{"href":"https:\/\/site.uit.no\/via\/wp-json\/wp\/v2\/pages"}],"about":[{"href":"https:\/\/site.uit.no\/via\/wp-json\/wp\/v2\/types\/page"}],"author":[{"embeddable":true,"href":"https:\/\/site.uit.no\/via\/wp-json\/wp\/v2\/users\/1004"}],"replies":[{"embeddable":true,"href":"https:\/\/site.uit.no\/via\/wp-json\/wp\/v2\/comments?post=1013"}],"version-history":[{"count":12,"href":"https:\/\/site.uit.no\/via\/wp-json\/wp\/v2\/pages\/1013\/revisions"}],"predecessor-version":[{"id":1194,"href":"https:\/\/site.uit.no\/via\/wp-json\/wp\/v2\/pages\/1013\/revisions\/1194"}],"up":[{"embeddable":true,"href":"https:\/\/site.uit.no\/via\/wp-json\/wp\/v2\/pages\/1082"}],"wp:attachment":[{"href":"https:\/\/site.uit.no\/via\/wp-json\/wp\/v2\/media?parent=1013"}],"curies":[{"name":"wp","href":"https:\/\/api.w.org\/{rel}","templated":true}]}}